CRAN Package Check Results for Package fdasrvf

Last updated on 2018-01-16 23:48:46 CET.

Flavor Version Tinstall Tcheck Ttotal Status Flags
r-devel-linux-x86_64-debian-clang 1.8.3 367.01 201.63 568.64 WARN
r-devel-linux-x86_64-debian-gcc 1.8.3 271.84 148.65 420.49 OK
r-devel-linux-x86_64-fedora-clang 1.8.3 792.62 NOTE
r-devel-linux-x86_64-fedora-gcc 1.8.3 706.97 NOTE
r-devel-windows-ix86+x86_64 1.8.3 1263.00 330.00 1593.00 NOTE
r-patched-linux-x86_64 1.8.3 342.66 172.14 514.80 OK
r-patched-solaris-x86 1.8.3 737.20 NOTE
r-release-linux-x86_64 1.8.3 343.46 169.83 513.29 OK
r-release-windows-ix86+x86_64 1.8.3 1265.00 357.00 1622.00 NOTE
r-release-osx-x86_64 1.8.3 NOTE
r-oldrel-windows-ix86+x86_64 1.8.3 1207.00 355.00 1562.00 NOTE
r-oldrel-osx-x86_64 1.8.3 NOTE

Check Details

Version: 1.8.3
Check: whether package can be installed
Result: WARN
    Found the following significant warnings:
     gropt/src/RCG.cpp:42:34: warning: result of comparison 'std::ptrdiff_t' (aka 'long') <= 9223372036854775807 is always true [-Wtautological-constant-compare]
     gropt/src/RCG.cpp:44:22: warning: result of comparison of unsigned enum expression >= 0 is always true [-Wtautological-unsigned-enum-zero-compare]
     gropt/src/Solvers.cpp:61:27: warning: result of comparison of unsigned enum expression >= 0 is always true [-Wtautological-unsigned-enum-zero-compare]
     gropt/src/Solvers.cpp:71:18: warning: result of comparison of unsigned enum expression >= 0 is always true [-Wtautological-unsigned-enum-zero-compare]
     gropt/src/SolversLS.cpp:483:26: warning: result of comparison of unsigned enum expression >= 0 is always true [-Wtautological-unsigned-enum-zero-compare]
Flavor: r-devel-linux-x86_64-debian-clang

Version: 1.8.3
Check: installed package size
Result: NOTE
     installed size is 9.6Mb
     sub-directories of 1Mb or more:
     data 2.3Mb
     libs 7.0Mb
Flavors: r-devel-linux-x86_64-fedora-clang, r-devel-linux-x86_64-fedora-gcc, r-devel-windows-ix86+x86_64, r-release-windows-ix86+x86_64, r-release-osx-x86_64, r-oldrel-windows-ix86+x86_64, r-oldrel-osx-x86_64

Version: 1.8.3
Check: dependencies in R code
Result: NOTE
    Namespace in Imports field not imported from: ‘testthat’
     All declared Imports should be used.
Flavors: r-devel-linux-x86_64-fedora-clang, r-devel-linux-x86_64-fedora-gcc, r-patched-solaris-x86, r-release-osx-x86_64, r-oldrel-osx-x86_64