CRAN Package Check Results for Package fdasrvf

Last updated on 2016-12-10 12:53:40.

Flavor Version Tinstall Tcheck Ttotal Status Flags
r-devel-linux-x86_64-debian-clang 1.7.0 240.72 52.30 293.02 OK
r-devel-linux-x86_64-debian-gcc 1.7.0 235.57 51.98 287.55 OK
r-devel-linux-x86_64-fedora-clang 1.7.0 611.98 NOTE --no-stop-on-test-error
r-devel-linux-x86_64-fedora-gcc 1.7.0 575.66 NOTE --no-stop-on-test-error
r-devel-macos-x86_64-clang 1.7.0 377.13 OK --no-stop-on-test-error
r-devel-windows-ix86+x86_64 1.7.0 870.00 103.00 973.00 OK
r-patched-linux-x86_64 1.7.0 187.26 48.95 236.21 OK
r-patched-solaris-sparc 1.7.0 2642.40 OK
r-patched-solaris-x86 1.7.0 502.40 OK
r-release-linux-x86_64 1.7.0 187.37 48.91 236.27 OK
r-release-osx-x86_64-mavericks 1.7.0 NOTE
r-release-windows-ix86+x86_64 1.7.0 1212.00 154.00 1366.00 OK
r-oldrel-windows-ix86+x86_64 1.7.0 34.00 3.00 37.00 ERROR

Memtest notes: clang-ASAN gcc6-ASAN gcc7-ASAN valgrind

Check Details

Version: 1.7.0
Flags: --no-stop-on-test-error
Check: installed package size
Result: NOTE
     installed size is 8.7Mb
     sub-directories of 1Mb or more:
     data 2.1Mb
     libs 6.3Mb
Flavors: r-devel-linux-x86_64-fedora-clang, r-devel-linux-x86_64-fedora-gcc

Version: 1.7.0
Check: installed package size
Result: NOTE
     installed size is 8.7Mb
     sub-directories of 1Mb or more:
     data 2.1Mb
     libs 6.4Mb
Flavor: r-release-osx-x86_64-mavericks

Version: 1.7.0
Check: whether package can be installed
Result: ERROR
    Installation failed.
Flavor: r-oldrel-windows-ix86+x86_64