CRAN Package Check Results for Package fdasrvf

Last updated on 2017-01-24 23:49:46.

Flavor Version Tinstall Tcheck Ttotal Status Flags
r-devel-linux-x86_64-debian-clang 1.7.0 243.67 51.04 294.71 OK
r-devel-linux-x86_64-debian-gcc 1.7.0 236.49 51.30 287.79 OK
r-devel-linux-x86_64-fedora-clang 1.7.0 622.11 NOTE --no-stop-on-test-error
r-devel-linux-x86_64-fedora-gcc 1.7.0 577.26 NOTE --no-stop-on-test-error
r-devel-macos-x86_64-clang 1.7.0 380.01 OK --no-stop-on-test-error
r-devel-windows-ix86+x86_64 1.7.0 1363.00 150.00 1513.00 OK
r-patched-linux-x86_64 1.7.0 189.12 48.61 237.72 OK
r-patched-solaris-sparc 1.7.0 2836.40 OK
r-patched-solaris-x86 1.7.0 524.90 OK
r-release-linux-x86_64 1.7.0 189.64 49.87 239.51 OK
r-release-osx-x86_64-mavericks 1.7.0 NOTE
r-release-windows-ix86+x86_64 1.7.0 1283.00 156.00 1439.00 OK
r-oldrel-windows-ix86+x86_64 1.7.0 53.00 4.00 57.00 ERROR

Memtest notes: clang-ASAN gcc6-ASAN gcc7-ASAN valgrind

Check Details

Version: 1.7.0
Flags: --no-stop-on-test-error
Check: installed package size
Result: NOTE
     installed size is 8.7Mb
     sub-directories of 1Mb or more:
     data 2.1Mb
     libs 6.3Mb
Flavors: r-devel-linux-x86_64-fedora-clang, r-devel-linux-x86_64-fedora-gcc

Version: 1.7.0
Check: installed package size
Result: NOTE
     installed size is 8.7Mb
     sub-directories of 1Mb or more:
     data 2.1Mb
     libs 6.4Mb
Flavor: r-release-osx-x86_64-mavericks

Version: 1.7.0
Check: whether package can be installed
Result: ERROR
    Installation failed.
Flavor: r-oldrel-windows-ix86+x86_64