CRAN Package Check Results for Package fdasrvf

Last updated on 2015-01-26 16:46:40.

Flavor Version Tinstall Tcheck Ttotal Status Flags
r-devel-linux-x86_64-debian-clang 1.4.2 1.16 20.89 22.05 NOTE
r-devel-linux-x86_64-debian-gcc 1.4.2 1.15 20.96 22.11 NOTE
r-devel-linux-x86_64-fedora-clang 1.4.2 50.54 NOTE
r-devel-linux-x86_64-fedora-gcc 1.4.2 49.16 NOTE
r-devel-osx-x86_64-clang 1.4.2 47.34 NOTE
r-devel-windows-ix86+x86_64 1.4.2 12.00 47.00 59.00 NOTE
r-patched-linux-x86_64 1.4.2 1.30 23.87 25.17 NOTE
r-patched-solaris-sparc 1.4.2 352.60 NOTE
r-patched-solaris-x86 1.4.2 69.10 NOTE
r-release-linux-ix86 1.4.2 1.95 35.18 37.12 NOTE
r-release-linux-x86_64 1.4.2 1.63 26.33 27.96 NOTE
r-release-osx-x86_64-mavericks 1.4.2 NOTE
r-release-osx-x86_64-snowleopard 1.4.2 OK
r-release-windows-ix86+x86_64 1.4.2 8.00 59.00 67.00 NOTE
r-oldrel-windows-ix86+x86_64 1.4.2 14.00 52.00 66.00 OK

Check Details

Version: 1.4.2
Check: dependencies in R code
Result: NOTE
    'library' or 'require' call to ‘doParallel’ in package code.
     Please use :: or requireNamespace() instead.
     See section 'Suggested packages' in the 'Writing R Extensions' manual.
Flavors: r-devel-linux-x86_64-debian-clang, r-devel-linux-x86_64-debian-gcc, r-devel-linux-x86_64-fedora-clang, r-devel-linux-x86_64-fedora-gcc, r-devel-osx-x86_64-clang, r-devel-windows-ix86+x86_64

Version: 1.4.2
Check: R code for possible problems
Result: NOTE
    align_fPCA: no visible global function definition for ‘makeCluster’
    align_fPCA: no visible global function definition for
     ‘registerDoParallel’
    align_fPCA: no visible global function definition for ‘stopCluster’
    time_warping: no visible global function definition for ‘makeCluster’
    time_warping: no visible global function definition for
     ‘registerDoParallel’
    time_warping: no visible global function definition for ‘stopCluster’
Flavors: r-devel-linux-x86_64-debian-clang, r-devel-linux-x86_64-debian-gcc, r-devel-linux-x86_64-fedora-clang, r-devel-linux-x86_64-fedora-gcc, r-devel-osx-x86_64-clang, r-devel-windows-ix86+x86_64, r-patched-linux-x86_64, r-patched-solaris-sparc, r-patched-solaris-x86, r-release-linux-ix86, r-release-linux-x86_64, r-release-osx-x86_64-mavericks, r-release-windows-ix86+x86_64