CRAN Package Check Results for Package fdasrvf

Last updated on 2016-02-12 12:47:18.

Flavor Version Tinstall Tcheck Ttotal Status Flags
r-devel-linux-x86_64-debian-gcc 1.6.0 203.28 45.75 249.04 NOTE
r-devel-linux-x86_64-fedora-clang 1.6.0 553.70 NOTE
r-devel-linux-x86_64-fedora-gcc 1.6.0 523.35 NOTE
r-devel-osx-x86_64-clang 1.6.0 353.72 OK
r-devel-windows-ix86+x86_64 1.6.0 861.00 147.00 1008.00 OK
r-patched-linux-x86_64 1.6.0 203.69 46.93 250.62 NOTE
r-patched-solaris-sparc 1.6.0 2456.10 OK
r-patched-solaris-x86 1.6.0 470.10 OK
r-release-linux-x86_64 1.6.0 204.02 47.43 251.44 NOTE
r-release-osx-x86_64-mavericks 1.6.0 NOTE
r-release-windows-ix86+x86_64 1.6.0 819.00 102.00 921.00 OK
r-oldrel-windows-ix86+x86_64 1.6.0 818.00 145.00 963.00 OK

Check Details

Version: 1.6.0
Check: installed package size
Result: NOTE
     installed size is 10.9Mb
     sub-directories of 1Mb or more:
     data 2.1Mb
     libs 8.6Mb
Flavors: r-devel-linux-x86_64-debian-gcc, r-devel-linux-x86_64-fedora-clang, r-devel-linux-x86_64-fedora-gcc, r-patched-linux-x86_64, r-release-linux-x86_64, r-release-osx-x86_64-mavericks