CRAN Package Check Results for Package fdasrvf

Last updated on 2017-06-23 18:46:29.

Flavor Version Tinstall Tcheck Ttotal Status Flags
r-devel-linux-x86_64-debian-clang 1.8.1 261.40 62.31 323.71 OK
r-devel-linux-x86_64-debian-gcc 1.8.1 239.55 58.18 297.74 OK
r-devel-linux-x86_64-fedora-clang 1.8.1 673.06 NOTE
r-devel-linux-x86_64-fedora-gcc 1.8.1 576.95 NOTE
r-devel-windows-ix86+x86_64 1.8.1 1075.00 219.00 1294.00 OK
r-patched-linux-x86_64 1.8.1 192.84 57.82 250.66 OK
r-patched-solaris-sparc 1.8.1 2873.40 OK
r-patched-solaris-x86 1.8.1 538.40 OK
r-release-linux-x86_64 1.8.1 197.10 60.51 257.61 OK
r-release-windows-ix86+x86_64 1.8.1 840.00 221.00 1061.00 OK
r-release-osx-x86_64 1.8.1 NOTE
r-oldrel-windows-ix86+x86_64 1.8.1 1221.00 211.00 1432.00 OK
r-oldrel-osx-x86_64 1.8.1 NOTE

Check Details

Version: 1.8.1
Check: installed package size
Result: NOTE
     installed size is 9.3Mb
     sub-directories of 1Mb or more:
     data 2.2Mb
     libs 6.9Mb
Flavors: r-devel-linux-x86_64-fedora-clang, r-devel-linux-x86_64-fedora-gcc, r-release-osx-x86_64, r-oldrel-osx-x86_64