CRAN Package Check Results for Package fdasrvf

Last updated on 2017-08-17 02:47:47.

Flavor Version Tinstall Tcheck Ttotal Status Flags
r-devel-linux-x86_64-debian-clang 1.8.1 258.71 61.06 319.77 OK
r-devel-linux-x86_64-debian-gcc 1.8.1 251.10 59.17 310.28 OK
r-devel-linux-x86_64-fedora-clang 1.8.1 674.43 NOTE
r-devel-linux-x86_64-fedora-gcc 1.8.1 588.12 NOTE
r-devel-windows-ix86+x86_64 1.8.1 832.00 176.00 1008.00 OK
r-patched-linux-x86_64 1.8.1 243.37 59.00 302.37 OK
r-patched-solaris-x86 1.8.1 561.60 OK
r-release-linux-x86_64 1.8.1 242.82 60.44 303.27 OK
r-release-windows-ix86+x86_64 1.8.1 919.00 161.00 1080.00 OK
r-release-osx-x86_64 1.8.1 NOTE
r-oldrel-windows-ix86+x86_64 1.8.1 848.00 151.00 999.00 OK
r-oldrel-osx-x86_64 1.8.1 NOTE

Check Details

Version: 1.8.1
Check: installed package size
Result: NOTE
     installed size is 9.1Mb
     sub-directories of 1Mb or more:
     data 2.2Mb
     libs 6.7Mb
Flavors: r-devel-linux-x86_64-fedora-clang, r-devel-linux-x86_64-fedora-gcc, r-release-osx-x86_64, r-oldrel-osx-x86_64