CRAN Package Check Results for Package fdasrvf

Last updated on 2017-10-22 22:48:45.

Flavor Version Tinstall Tcheck Ttotal Status Flags
r-devel-linux-x86_64-debian-clang 1.8.2 259.90 60.45 320.35 OK
r-devel-linux-x86_64-debian-gcc 1.8.2 242.20 62.88 305.07 OK
r-devel-linux-x86_64-fedora-clang 1.8.2 674.88 NOTE
r-devel-linux-x86_64-fedora-gcc 1.8.2 591.68 NOTE
r-devel-windows-ix86+x86_64 1.8.2 880.00 161.00 1041.00 NOTE
r-patched-linux-x86_64 1.8.2 243.79 59.99 303.78 OK
r-patched-solaris-x86 1.8.2 612.80 OK
r-release-linux-x86_64 1.8.2 244.39 60.18 304.57 OK
r-release-windows-ix86+x86_64 1.8.2 1206.00 166.00 1372.00 NOTE
r-release-osx-x86_64 1.8.2 NOTE
r-oldrel-windows-ix86+x86_64 1.8.2 872.00 219.00 1091.00 NOTE
r-oldrel-osx-x86_64 1.8.2 NOTE

Check Details

Version: 1.8.2
Check: installed package size
Result: NOTE
     installed size is 9.3Mb
     sub-directories of 1Mb or more:
     data 2.3Mb
     libs 6.7Mb
Flavors: r-devel-linux-x86_64-fedora-clang, r-devel-linux-x86_64-fedora-gcc, r-devel-windows-ix86+x86_64, r-release-windows-ix86+x86_64, r-release-osx-x86_64, r-oldrel-windows-ix86+x86_64, r-oldrel-osx-x86_64