CRAN Package Check Results for Package fdasrvf

Last updated on 2016-08-31 15:47:56.

Flavor Version Tinstall Tcheck Ttotal Status Flags
r-devel-linux-x86_64-debian-clang 1.6.2 227.59 46.86 274.45 NOTE
r-devel-linux-x86_64-debian-gcc 1.6.2 218.94 46.39 265.32 NOTE
r-devel-linux-x86_64-fedora-clang 1.6.2 583.75 NOTE
r-devel-linux-x86_64-fedora-gcc 1.6.2 563.17 NOTE
r-devel-osx-x86_64-clang 1.6.2 343.47 OK
r-devel-windows-ix86+x86_64 1.6.2 1163.00 157.00 1320.00 OK
r-patched-linux-x86_64 1.6.2 178.66 45.83 224.49 NOTE
r-patched-solaris-sparc 1.6.2 2514.30 OK
r-patched-solaris-x86 1.6.2 473.90 OK
r-release-linux-x86_64 1.6.2 178.21 46.19 224.41 NOTE
r-release-osx-x86_64-mavericks 1.6.2 NOTE
r-release-windows-ix86+x86_64 1.6.2 1235.00 150.00 1385.00 OK
r-oldrel-windows-ix86+x86_64 1.6.2 926.00 167.00 1093.00 OK

Check Details

Version: 1.6.2
Check: installed package size
Result: NOTE
     installed size is 6.6Mb
     sub-directories of 1Mb or more:
     data 2.1Mb
     libs 4.3Mb
Flavors: r-devel-linux-x86_64-debian-clang, r-devel-linux-x86_64-debian-gcc, r-devel-linux-x86_64-fedora-clang, r-devel-linux-x86_64-fedora-gcc, r-patched-linux-x86_64, r-release-linux-x86_64, r-release-osx-x86_64-mavericks