CRAN Package Check Results for Package fdasrvf

Last updated on 2015-04-27 11:48:37.

Flavor Version Tinstall Tcheck Ttotal Status Flags
r-devel-linux-x86_64-debian-clang 1.4.2 1.14 20.32 21.46 NOTE
r-devel-linux-x86_64-debian-gcc 1.4.2 1.21 21.01 22.22 NOTE
r-devel-linux-x86_64-fedora-clang 1.4.2 42.40 NOTE
r-devel-linux-x86_64-fedora-gcc 1.4.2 41.30 NOTE
r-devel-osx-x86_64-clang 1.4.2 40.76 NOTE
r-devel-windows-ix86+x86_64 1.4.2 7.00 55.00 62.00 NOTE
r-patched-linux-x86_64 1.4.2 1.16 20.95 22.11 NOTE
r-patched-solaris-sparc 1.4.2 322.20 NOTE
r-patched-solaris-x86 1.4.2 61.60 NOTE
r-release-linux-x86_64 1.4.2 1.21 22.53 23.74 NOTE
r-release-osx-x86_64-mavericks 1.4.2 NOTE
r-release-osx-x86_64-snowleopard 1.4.2 NOTE
r-release-windows-ix86+x86_64 1.4.2 12.00 67.00 79.00 NOTE
r-oldrel-windows-ix86+x86_64 1.4.2 7.00 56.00 63.00 NOTE

Check Details

Version: 1.4.2
Check: DESCRIPTION meta-information
Result: NOTE
    Malformed Description field: should contain one or more complete sentences.
Flavors: r-devel-linux-x86_64-debian-clang, r-devel-linux-x86_64-debian-gcc, r-devel-linux-x86_64-fedora-clang, r-devel-linux-x86_64-fedora-gcc, r-devel-osx-x86_64-clang, r-devel-windows-ix86+x86_64, r-patched-solaris-sparc, r-patched-solaris-x86, r-release-linux-x86_64, r-release-osx-x86_64-mavericks, r-release-osx-x86_64-snowleopard, r-release-windows-ix86+x86_64

Version: 1.4.2
Check: dependencies in R code
Result: NOTE
    'library' or 'require' call to ‘doParallel’ in package code.
     Please use :: or requireNamespace() instead.
     See section 'Suggested packages' in the 'Writing R Extensions' manual.
Flavors: r-devel-linux-x86_64-debian-clang, r-devel-linux-x86_64-debian-gcc, r-devel-linux-x86_64-fedora-clang, r-devel-linux-x86_64-fedora-gcc, r-devel-osx-x86_64-clang, r-devel-windows-ix86+x86_64, r-patched-solaris-sparc, r-patched-solaris-x86, r-release-linux-x86_64, r-release-osx-x86_64-mavericks, r-release-osx-x86_64-snowleopard, r-release-windows-ix86+x86_64, r-oldrel-windows-ix86+x86_64

Version: 1.4.2
Check: R code for possible problems
Result: NOTE
    align_fPCA: no visible global function definition for ‘makeCluster’
    align_fPCA: no visible global function definition for
     ‘registerDoParallel’
    align_fPCA: no visible global function definition for ‘stopCluster’
    time_warping: no visible global function definition for ‘makeCluster’
    time_warping: no visible global function definition for
     ‘registerDoParallel’
    time_warping: no visible global function definition for ‘stopCluster’
Flavors: r-devel-linux-x86_64-debian-clang, r-devel-linux-x86_64-debian-gcc, r-devel-linux-x86_64-fedora-clang, r-devel-linux-x86_64-fedora-gcc, r-devel-osx-x86_64-clang, r-devel-windows-ix86+x86_64, r-patched-solaris-sparc, r-patched-solaris-x86, r-release-linux-x86_64, r-release-osx-x86_64-mavericks, r-release-osx-x86_64-snowleopard, r-release-windows-ix86+x86_64, r-oldrel-windows-ix86+x86_64