CRAN Package Check Results for Package fdasrvf

Last updated on 2017-03-25 06:47:46.

Flavor Version Tinstall Tcheck Ttotal Status Flags
r-devel-linux-x86_64-debian-clang 1.7.0 230.78 58.55 289.33 NOTE
r-devel-linux-x86_64-debian-gcc 1.7.0 208.99 57.56 266.55 NOTE
r-devel-linux-x86_64-fedora-clang 1.7.0 652.11 NOTE --no-stop-on-test-error
r-devel-linux-x86_64-fedora-gcc 1.7.0 580.99 NOTE --no-stop-on-test-error
r-devel-macos-x86_64-clang 1.7.0 378.40 NOTE --no-stop-on-test-error
r-devel-windows-ix86+x86_64 1.7.0 964.00 125.00 1089.00 OK
r-patched-linux-x86_64 1.7.0 189.66 49.62 239.27 OK
r-patched-solaris-sparc 1.7.0 2820.60 OK
r-patched-solaris-x86 1.7.0 564.80 OK
r-release-linux-x86_64 1.7.0 189.17 49.41 238.58 OK
r-release-osx-x86_64-mavericks 1.7.0 NOTE
r-release-windows-ix86+x86_64 1.7.0 1219.00 164.00 1383.00 OK
r-oldrel-windows-ix86+x86_64 1.7.0 24.00 2.00 26.00 ERROR

Memtest notes: clang-ASAN gcc-ASAN valgrind

Check Details

Version: 1.7.0
Check: compiled code
Result: NOTE
    File ‘fdasrvf/libs/fdasrvf.so’:
     Found no calls to: ‘R_registerRoutines’, ‘R_useDynamicSymbols’
    
    It is good practice to register native routines and to disable symbol
    search.
    
    See ‘Writing portable packages’ in the ‘Writing R Extensions’ manual.
Flavors: r-devel-linux-x86_64-debian-clang, r-devel-linux-x86_64-debian-gcc

Version: 1.7.0
Flags: --no-stop-on-test-error
Check: installed package size
Result: NOTE
     installed size is 9.0Mb
     sub-directories of 1Mb or more:
     data 2.1Mb
     libs 6.6Mb
Flavors: r-devel-linux-x86_64-fedora-clang, r-devel-linux-x86_64-fedora-gcc

Version: 1.7.0
Flags: --no-stop-on-test-error
Check: compiled code
Result: NOTE
    File ‘fdasrvf/libs/fdasrvf.so’:
     Found no calls to: ‘R_registerRoutines’, ‘R_useDynamicSymbols’
    
    It is good practice to register native routines and to disable symbol
    search.
    
    See ‘Writing portable packages’ in the ‘Writing R Extensions’ manual.
Flavors: r-devel-linux-x86_64-fedora-clang, r-devel-linux-x86_64-fedora-gcc, r-devel-macos-x86_64-clang

Version: 1.7.0
Check: installed package size
Result: NOTE
     installed size is 8.7Mb
     sub-directories of 1Mb or more:
     data 2.1Mb
     libs 6.4Mb
Flavor: r-release-osx-x86_64-mavericks

Version: 1.7.0
Check: whether package can be installed
Result: ERROR
    Installation failed.
Flavor: r-oldrel-windows-ix86+x86_64