CRAN Package Check Results for Package fdasrvf

Last updated on 2016-09-29 04:47:16.

Flavor Version Tinstall Tcheck Ttotal Status Flags
r-devel-linux-x86_64-debian-clang 1.7.0 252.16 49.18 301.35 NOTE
r-devel-linux-x86_64-debian-gcc 1.7.0 238.73 48.57 287.30 NOTE
r-devel-linux-x86_64-fedora-clang 1.7.0 592.33 NOTE
r-devel-linux-x86_64-fedora-gcc 1.7.0 528.72 NOTE
r-devel-macos-x86_64-clang 1.7.0 369.06 OK
r-devel-windows-ix86+x86_64 1.7.0 947.00 144.00 1091.00 OK
r-patched-linux-x86_64 1.7.0 192.56 50.18 242.75 NOTE
r-patched-solaris-sparc 1.7.0 2642.40 OK
r-patched-solaris-x86 1.7.0 495.40 OK
r-release-linux-x86_64 1.7.0 194.84 49.96 244.80 NOTE
r-release-osx-x86_64-mavericks 1.7.0 NOTE
r-release-windows-ix86+x86_64 1.7.0 1234.00 125.00 1359.00 OK
r-oldrel-windows-ix86+x86_64 1.7.0 40.00 2.00 42.00 ERROR

Memtest notes: clang-ASAN gcc6-ASAN gcc7-ASAN valgrind

Check Details

Version: 1.7.0
Check: installed package size
Result: NOTE
     installed size is 8.0Mb
     sub-directories of 1Mb or more:
     data 2.1Mb
     libs 5.6Mb
Flavors: r-devel-linux-x86_64-debian-clang, r-devel-linux-x86_64-debian-gcc, r-devel-linux-x86_64-fedora-clang, r-devel-linux-x86_64-fedora-gcc, r-patched-linux-x86_64, r-release-linux-x86_64, r-release-osx-x86_64-mavericks

Version: 1.7.0
Check: whether package can be installed
Result: ERROR
    Installation failed.
Flavor: r-oldrel-windows-ix86+x86_64