CRAN Package Check Results for Package fdasrvf

Last updated on 2016-07-24 06:46:50.

Flavor Version Tinstall Tcheck Ttotal Status Flags
r-devel-linux-x86_64-debian-clang 1.6.1 263.99 55.41 319.40 NOTE
r-devel-linux-x86_64-debian-gcc 1.6.1 255.42 53.04 308.46 NOTE
r-devel-linux-x86_64-fedora-clang 1.6.1 578.22 NOTE
r-devel-linux-x86_64-fedora-gcc 1.6.1 512.63 NOTE
r-devel-osx-x86_64-clang 1.6.1 341.36 OK
r-devel-windows-ix86+x86_64 1.6.1 855.00 110.00 965.00 OK
r-patched-linux-x86_64 1.6.1 204.65 50.16 254.82 NOTE
r-patched-solaris-sparc 1.6.1 2670.40 NOTE
r-patched-solaris-x86 1.6.1 475.20 OK
r-release-linux-x86_64 1.6.1 202.23 52.66 254.88 NOTE
r-release-osx-x86_64-mavericks 1.6.1 NOTE
r-release-windows-ix86+x86_64 1.6.1 875.00 109.00 984.00 OK
r-oldrel-windows-ix86+x86_64 1.6.1 893.00 127.00 1020.00 OK

Check Details

Version: 1.6.1
Check: installed package size
Result: NOTE
     installed size is 6.6Mb
     sub-directories of 1Mb or more:
     data 2.1Mb
     libs 4.3Mb
Flavors: r-devel-linux-x86_64-debian-clang, r-devel-linux-x86_64-debian-gcc, r-devel-linux-x86_64-fedora-clang, r-devel-linux-x86_64-fedora-gcc, r-patched-linux-x86_64, r-patched-solaris-sparc, r-release-linux-x86_64, r-release-osx-x86_64-mavericks