CRAN Package Check Results for Package fdasrvf

Last updated on 2016-05-25 17:50:23.

Flavor Version Tinstall Tcheck Ttotal Status Flags
r-devel-linux-x86_64-debian-gcc 1.6.1 227.80 45.35 273.15 NOTE
r-devel-linux-x86_64-fedora-clang 1.6.1 565.54 NOTE
r-devel-linux-x86_64-fedora-gcc 1.6.1 512.52 NOTE
r-devel-osx-x86_64-clang 1.6.1 358.87 OK
r-devel-windows-ix86+x86_64 1.6.1 813.00 114.00 927.00 OK
r-patched-linux-x86_64 1.6.1 184.17 45.01 229.18 NOTE
r-patched-solaris-sparc 1.6.1 2676.00 OK
r-patched-solaris-x86 1.6.1 469.10 OK
r-release-linux-x86_64 1.6.1 183.75 45.80 229.54 NOTE
r-release-osx-x86_64-mavericks 1.6.1 NOTE
r-release-windows-ix86+x86_64 1.6.1 1181.00 100.00 1281.00 OK
r-oldrel-windows-ix86+x86_64 1.6.1 632.00 131.00 763.00 OK

Check Details

Version: 1.6.1
Check: installed package size
Result: NOTE
     installed size is 11.1Mb
     sub-directories of 1Mb or more:
     data 2.1Mb
     libs 8.7Mb
Flavors: r-devel-linux-x86_64-debian-gcc, r-devel-linux-x86_64-fedora-clang, r-devel-linux-x86_64-fedora-gcc, r-patched-linux-x86_64, r-release-linux-x86_64, r-release-osx-x86_64-mavericks