CRAN Package Check Results for Package fdasrvf

Last updated on 2017-04-30 23:51:27.

Flavor Version Tinstall Tcheck Ttotal Status Flags
r-devel-linux-x86_64-debian-clang 1.8.0 253.38 56.19 309.57 OK
r-devel-linux-x86_64-debian-gcc 1.8.0 236.35 54.47 290.82 OK
r-devel-linux-x86_64-fedora-clang 1.8.1 689.76 NOTE --no-stop-on-test-error
r-devel-linux-x86_64-fedora-gcc 1.8.0 564.14 NOTE --no-stop-on-test-error
r-devel-windows-ix86+x86_64 1.8.0 911.00 199.00 1110.00 OK
r-patched-linux-x86_64 1.8.0 188.71 53.38 242.10 OK
r-patched-solaris-sparc 1.8.0 2817.40 OK
r-patched-solaris-x86 1.8.0 535.40 OK
r-release-linux-x86_64 1.8.0 189.16 54.64 243.81 OK
r-release-windows-ix86+x86_64 1.8.0 1239.00 199.00 1438.00 OK
r-release-osx-x86_64 1.8.0 NOTE
r-oldrel-windows-ix86+x86_64 1.8.1 717.00 164.00 881.00 OK
r-oldrel-osx-x86_64 1.8.0 NOTE

Check Details

Version: 1.8.1
Flags: --no-stop-on-test-error
Check: installed package size
Result: NOTE
     installed size is 9.1Mb
     sub-directories of 1Mb or more:
     data 2.2Mb
     libs 6.7Mb
Flavor: r-devel-linux-x86_64-fedora-clang

Version: 1.8.0
Flags: --no-stop-on-test-error
Check: installed package size
Result: NOTE
     installed size is 13.0Mb
     sub-directories of 1Mb or more:
     data 2.2Mb
     libs 10.6Mb
Flavor: r-devel-linux-x86_64-fedora-gcc

Version: 1.8.0
Check: installed package size
Result: NOTE
     installed size is 7.2Mb
     sub-directories of 1Mb or more:
     data 2.2Mb
     libs 4.8Mb
Flavors: r-release-osx-x86_64, r-oldrel-osx-x86_64