CRAN Package Check Results for Package fdasrvf

Last updated on 2014-09-02 05:46:32.

Flavor Version Tinstall Tcheck Ttotal Status Flags
r-devel-linux-x86_64-debian-clang 1.4.2 1.24 23.73 24.96 NOTE
r-devel-linux-x86_64-debian-gcc 1.4.2 1.21 23.06 24.27 NOTE
r-devel-linux-x86_64-fedora-clang 1.4.2 49.00 NOTE
r-devel-linux-x86_64-fedora-gcc 1.4.2 45.46 NOTE
r-devel-osx-x86_64-clang 1.4.2 43.13 NOTE
r-devel-windows-ix86+x86_64 1.4.2 7.00 52.00 59.00 NOTE
r-patched-linux-x86_64 1.4.2 1.28 23.33 24.61 OK
r-patched-solaris-sparc 1.4.2 337.10 OK
r-patched-solaris-x86 1.4.2 68.30 OK
r-release-linux-ix86 1.4.2 1.94 36.70 38.64 OK
r-release-linux-x86_64 1.4.2 1.28 23.35 24.63 OK
r-release-osx-x86_64-mavericks 1.4.2 OK
r-release-osx-x86_64-snowleopard 1.4.2 OK
r-release-windows-ix86+x86_64 1.4.2 7.00 60.00 67.00 OK
r-oldrel-windows-ix86+x86_64 1.4.2 11.00 55.00 66.00 OK

Check Details

Version: 1.4.2
Check: R code for possible problems
Result: NOTE
    align_fPCA: no visible global function definition for ‘makeCluster’
    align_fPCA: no visible global function definition for
     ‘registerDoParallel’
    align_fPCA: no visible global function definition for ‘stopCluster’
    time_warping: no visible global function definition for ‘makeCluster’
    time_warping: no visible global function definition for
     ‘registerDoParallel’
    time_warping: no visible global function definition for ‘stopCluster’
Flavors: r-devel-linux-x86_64-debian-clang, r-devel-linux-x86_64-debian-gcc, r-devel-linux-x86_64-fedora-clang, r-devel-linux-x86_64-fedora-gcc, r-devel-osx-x86_64-clang, r-devel-windows-ix86+x86_64