CRAN Package Check Results for Package fdasrvf

Last updated on 2017-02-25 16:48:11.

Flavor Version Tinstall Tcheck Ttotal Status Flags
r-devel-linux-x86_64-debian-clang 1.7.0 244.92 50.97 295.89 NOTE
r-devel-linux-x86_64-debian-gcc 1.7.0 237.75 51.43 289.18 NOTE
r-devel-linux-x86_64-fedora-clang 1.7.0 632.65 NOTE --no-stop-on-test-error
r-devel-linux-x86_64-fedora-gcc 1.7.0 559.26 NOTE --no-stop-on-test-error
r-devel-macos-x86_64-clang 1.7.0 378.88 NOTE --no-stop-on-test-error
r-devel-windows-ix86+x86_64 1.7.0 1237.00 170.00 1407.00 OK
r-patched-linux-x86_64 1.7.0 188.89 49.06 237.95 OK
r-patched-solaris-sparc 1.7.0 2836.40 OK
r-patched-solaris-x86 1.7.0 539.80 OK
r-release-linux-x86_64 1.7.0 189.94 49.34 239.27 OK
r-release-osx-x86_64-mavericks 1.7.0 NOTE
r-release-windows-ix86+x86_64 1.7.0 1231.00 176.00 1407.00 OK
r-oldrel-windows-ix86+x86_64 1.7.0 33.00 3.00 36.00 ERROR

Memtest notes: clang-ASAN gcc6-ASAN gcc7-ASAN valgrind

Check Details

Version: 1.7.0
Check: compiled code
Result: NOTE
    File ‘fdasrvf/libs/fdasrvf.so’:
     Found no calls to: ‘R_registerRoutines’, ‘R_useDynamicSymbols’
    
    It is good practice to register native routines and to disable symbol
    search.
    
    See ‘Writing portable packages’ in the ‘Writing R Extensions’ manual.
Flavors: r-devel-linux-x86_64-debian-clang, r-devel-linux-x86_64-debian-gcc

Version: 1.7.0
Flags: --no-stop-on-test-error
Check: installed package size
Result: NOTE
     installed size is 8.7Mb
     sub-directories of 1Mb or more:
     data 2.1Mb
     libs 6.3Mb
Flavors: r-devel-linux-x86_64-fedora-clang, r-devel-linux-x86_64-fedora-gcc

Version: 1.7.0
Flags: --no-stop-on-test-error
Check: compiled code
Result: NOTE
    File ‘fdasrvf/libs/fdasrvf.so’:
     Found no calls to: ‘R_registerRoutines’, ‘R_useDynamicSymbols’
    
    It is good practice to register native routines and to disable symbol
    search.
    
    See ‘Writing portable packages’ in the ‘Writing R Extensions’ manual.
Flavors: r-devel-linux-x86_64-fedora-clang, r-devel-linux-x86_64-fedora-gcc, r-devel-macos-x86_64-clang

Version: 1.7.0
Check: installed package size
Result: NOTE
     installed size is 8.7Mb
     sub-directories of 1Mb or more:
     data 2.1Mb
     libs 6.4Mb
Flavor: r-release-osx-x86_64-mavericks

Version: 1.7.0
Check: whether package can be installed
Result: ERROR
    Installation failed.
Flavor: r-oldrel-windows-ix86+x86_64