CRAN Package Check Results for Package fdasrvf

Last updated on 2014-12-18 00:48:48.

Flavor Version Tinstall Tcheck Ttotal Status Flags
r-devel-linux-x86_64-debian-clang 1.4.2 1.30 22.97 24.28 NOTE
r-devel-linux-x86_64-debian-gcc 1.4.2 1.30 24.34 25.64 NOTE
r-devel-linux-x86_64-fedora-clang 1.4.2 50.59 NOTE
r-devel-linux-x86_64-fedora-gcc 1.4.2 44.37 NOTE
r-devel-osx-x86_64-clang 1.4.2 46.80 NOTE
r-devel-windows-ix86+x86_64 1.4.2 12.00 53.00 65.00 NOTE
r-patched-linux-x86_64 1.4.2 1.31 23.37 24.68 NOTE
r-patched-solaris-sparc 1.4.2 342.60 NOTE
r-patched-solaris-x86 1.4.2 68.80 NOTE
r-release-linux-ix86 1.4.2 1.88 35.22 37.09 NOTE
r-release-linux-x86_64 1.4.2 1.34 28.75 30.09 NOTE
r-release-osx-x86_64-mavericks 1.4.2 OK
r-release-osx-x86_64-snowleopard 1.4.2 OK
r-release-windows-ix86+x86_64 1.4.2 9.00 56.00 65.00 NOTE
r-oldrel-windows-ix86+x86_64 1.4.2 8.00 57.00 65.00 OK

Check Details

Version: 1.4.2
Check: R code for possible problems
Result: NOTE
    align_fPCA: no visible global function definition for ‘makeCluster’
    align_fPCA: no visible global function definition for
     ‘registerDoParallel’
    align_fPCA: no visible global function definition for ‘stopCluster’
    time_warping: no visible global function definition for ‘makeCluster’
    time_warping: no visible global function definition for
     ‘registerDoParallel’
    time_warping: no visible global function definition for ‘stopCluster’
Flavors: r-devel-linux-x86_64-debian-clang, r-devel-linux-x86_64-debian-gcc, r-devel-linux-x86_64-fedora-clang, r-devel-linux-x86_64-fedora-gcc, r-devel-osx-x86_64-clang, r-devel-windows-ix86+x86_64, r-patched-linux-x86_64, r-patched-solaris-sparc, r-patched-solaris-x86, r-release-linux-ix86, r-release-linux-x86_64, r-release-windows-ix86+x86_64