CRAN Package Check Results for Package fdasrvf

Last updated on 2014-10-31 21:47:53.

Flavor Version Tinstall Tcheck Ttotal Status Flags
r-devel-linux-x86_64-debian-clang 1.4.2 1.27 23.21 24.48 NOTE
r-devel-linux-x86_64-debian-gcc 1.4.2 1.28 23.39 24.67 NOTE
r-devel-linux-x86_64-fedora-clang 1.4.2 48.39 NOTE
r-devel-linux-x86_64-fedora-gcc 1.4.2 46.73 NOTE
r-devel-osx-x86_64-clang 1.4.2 45.83 NOTE
r-devel-windows-ix86+x86_64 1.4.2 8.00 50.00 58.00 NOTE
r-patched-linux-x86_64 1.4.2 1.34 24.16 25.50 NOTE
r-patched-solaris-sparc 1.4.2 342.60 NOTE
r-patched-solaris-x86 1.4.2 69.40 NOTE
r-release-linux-ix86 1.4.2 1.94 36.82 38.75 OK
r-release-linux-x86_64 1.4.2 1.32 24.04 25.37 OK
r-release-osx-x86_64-mavericks 1.4.2 OK
r-release-osx-x86_64-snowleopard 1.4.2 OK
r-release-windows-ix86+x86_64 1.4.2 9.00 58.00 67.00 OK
r-oldrel-windows-ix86+x86_64 1.4.2 8.00 57.00 65.00 OK

Check Details

Version: 1.4.2
Check: R code for possible problems
Result: NOTE
    align_fPCA: no visible global function definition for ‘makeCluster’
    align_fPCA: no visible global function definition for
     ‘registerDoParallel’
    align_fPCA: no visible global function definition for ‘stopCluster’
    time_warping: no visible global function definition for ‘makeCluster’
    time_warping: no visible global function definition for
     ‘registerDoParallel’
    time_warping: no visible global function definition for ‘stopCluster’
Flavors: r-devel-linux-x86_64-debian-clang, r-devel-linux-x86_64-debian-gcc, r-devel-linux-x86_64-fedora-clang, r-devel-linux-x86_64-fedora-gcc, r-devel-osx-x86_64-clang, r-devel-windows-ix86+x86_64, r-patched-linux-x86_64, r-patched-solaris-sparc, r-patched-solaris-x86