CRAN Package Check Results for Package fdasrvf

Last updated on 2015-07-29 23:47:07.

Flavor Version Tinstall Tcheck Ttotal Status Flags
r-devel-linux-x86_64-debian-clang 1.4.2 1.32 20.84 22.16 NOTE
r-devel-linux-x86_64-debian-gcc 1.4.2 1.10 22.78 23.88 NOTE
r-devel-linux-x86_64-fedora-clang 1.4.2 43.09 NOTE
r-devel-linux-x86_64-fedora-gcc 1.4.2 42.94 NOTE
r-devel-osx-x86_64-clang 1.4.2 35.92 NOTE
r-devel-windows-ix86+x86_64 1.4.2 11.00 58.00 69.00 NOTE
r-patched-linux-x86_64 1.4.2 1.16 21.80 22.95 NOTE
r-patched-solaris-sparc 1.4.2 320.40 NOTE
r-patched-solaris-x86 1.4.2 64.80 NOTE
r-release-linux-x86_64 1.4.2 1.20 22.46 23.65 NOTE
r-release-osx-x86_64-mavericks 1.4.2 NOTE
r-release-windows-ix86+x86_64 1.4.2 10.00 52.00 62.00 NOTE
r-oldrel-windows-ix86+x86_64 1.4.2 13.00 94.00 107.00 NOTE

Check Details

Version: 1.4.2
Check: DESCRIPTION meta-information
Result: NOTE
    Malformed Description field: should contain one or more complete sentences.
Flavors: r-devel-linux-x86_64-debian-clang, r-devel-linux-x86_64-debian-gcc, r-devel-linux-x86_64-fedora-clang, r-devel-linux-x86_64-fedora-gcc, r-devel-osx-x86_64-clang, r-devel-windows-ix86+x86_64, r-patched-linux-x86_64, r-patched-solaris-sparc, r-patched-solaris-x86, r-release-linux-x86_64, r-release-osx-x86_64-mavericks, r-release-windows-ix86+x86_64

Version: 1.4.2
Check: dependencies in R code
Result: NOTE
    'library' or 'require' call to ‘doParallel’ in package code.
     Please use :: or requireNamespace() instead.
     See section 'Suggested packages' in the 'Writing R Extensions' manual.
Flavors: r-devel-linux-x86_64-debian-clang, r-devel-linux-x86_64-debian-gcc, r-devel-linux-x86_64-fedora-clang, r-devel-linux-x86_64-fedora-gcc, r-devel-osx-x86_64-clang, r-devel-windows-ix86+x86_64, r-patched-linux-x86_64, r-patched-solaris-sparc, r-patched-solaris-x86, r-release-linux-x86_64, r-release-osx-x86_64-mavericks, r-release-windows-ix86+x86_64, r-oldrel-windows-ix86+x86_64

Version: 1.4.2
Check: R code for possible problems
Result: NOTE
    align_fPCA: no visible global function definition for ‘makeCluster’
    align_fPCA: no visible global function definition for
     ‘registerDoParallel’
    align_fPCA: no visible global function definition for ‘matplot’
    align_fPCA: no visible global function definition for ‘title’
    align_fPCA: no visible global function definition for ‘approx’
    align_fPCA: no visible global function definition for ‘cov’
    align_fPCA: no visible binding for global variable ‘sd’
    align_fPCA: no visible global function definition for ‘legend’
    align_fPCA: no visible global function definition for ‘layout’
    align_fPCA: no visible global function definition for ‘plot’
    align_fPCA: no visible global function definition for ‘stopCluster’
    elastic.distance: no visible global function definition for ‘approx’
    f_K_fold: no visible global function definition for ‘runif’
    gauss_model: no visible global function definition for ‘cov’
    gauss_model: no visible global function definition for ‘approx’
    gradient.spline: no visible global function definition for
     ‘smooth.spline’
    gradient.spline: no visible global function definition for ‘predict’
    horizFPCA: no visible global function definition for ‘cov’
    horizFPCA: no visible global function definition for ‘layout’
    horizFPCA: no visible global function definition for ‘matplot’
    horizFPCA: no visible global function definition for ‘title’
    horizFPCA: no visible global function definition for ‘plot’
    invertGamma: no visible global function definition for ‘approx’
    optimum.reparam: no visible global function definition for ‘approx’
    outlier.detection: no visible global function definition for ‘quantile’
    randomGamma: no visible global function definition for ‘cov’
    randomGamma: no visible global function definition for ‘rnorm’
    rgam: no visible global function definition for ‘rnorm’
    time_warping: no visible global function definition for ‘makeCluster’
    time_warping: no visible global function definition for
     ‘registerDoParallel’
    time_warping: no visible global function definition for ‘matplot’
    time_warping: no visible global function definition for ‘title’
    time_warping: no visible global function definition for ‘approx’
    time_warping: no visible binding for global variable ‘sd’
    time_warping: no visible binding for global variable ‘var’
    time_warping: no visible global function definition for ‘legend’
    time_warping: no visible global function definition for ‘plot’
    time_warping: no visible global function definition for ‘stopCluster’
    vertFPCA: no visible global function definition for ‘cov’
    vertFPCA: no visible global function definition for ‘layout’
    vertFPCA: no visible global function definition for ‘matplot’
    vertFPCA: no visible global function definition for ‘title’
    vertFPCA: no visible global function definition for ‘plot’
    Undefined global functions or variables:
     approx cov layout legend makeCluster matplot plot predict quantile
     registerDoParallel rnorm runif sd smooth.spline stopCluster title var
    Consider adding
     importFrom("graphics", "layout", "legend", "matplot", "plot", "title")
     importFrom("stats", "approx", "cov", "predict", "quantile", "rnorm",
     "runif", "sd", "smooth.spline", "var")
    to your NAMESPACE.
Flavors: r-devel-linux-x86_64-debian-clang, r-devel-linux-x86_64-debian-gcc, r-devel-linux-x86_64-fedora-clang, r-devel-linux-x86_64-fedora-gcc, r-devel-windows-ix86+x86_64

Version: 1.4.2
Check: R code for possible problems
Result: NOTE
    align_fPCA: no visible global function definition for ‘makeCluster’
    align_fPCA: no visible global function definition for
     ‘registerDoParallel’
    align_fPCA: no visible global function definition for ‘stopCluster’
    time_warping: no visible global function definition for ‘makeCluster’
    time_warping: no visible global function definition for
     ‘registerDoParallel’
    time_warping: no visible global function definition for ‘stopCluster’
    Undefined global functions or variables:
     makeCluster registerDoParallel stopCluster
Flavor: r-devel-osx-x86_64-clang

Version: 1.4.2
Check: R code for possible problems
Result: NOTE
    align_fPCA: no visible global function definition for ‘makeCluster’
    align_fPCA: no visible global function definition for
     ‘registerDoParallel’
    align_fPCA: no visible global function definition for ‘stopCluster’
    time_warping: no visible global function definition for ‘makeCluster’
    time_warping: no visible global function definition for
     ‘registerDoParallel’
    time_warping: no visible global function definition for ‘stopCluster’
Flavors: r-patched-linux-x86_64, r-patched-solaris-sparc, r-patched-solaris-x86, r-release-linux-x86_64, r-release-osx-x86_64-mavericks, r-release-windows-ix86+x86_64, r-oldrel-windows-ix86+x86_64