CRAN Package Check Results for Package fdasrvf

Last updated on 2016-06-26 00:47:03.

Flavor Version Tinstall Tcheck Ttotal Status Flags
r-devel-linux-x86_64-debian-gcc 1.6.1 236.67 47.39 284.07 NOTE
r-devel-linux-x86_64-fedora-clang 1.6.1 580.61 NOTE
r-devel-linux-x86_64-fedora-gcc 1.6.1 506.94 NOTE
r-devel-osx-x86_64-clang 1.6.1 342.18 OK
r-devel-windows-ix86+x86_64 1.6.1 1132.00 140.00 1272.00 OK
r-patched-linux-x86_64 1.6.1 180.91 47.03 227.94 NOTE
r-patched-solaris-sparc 1.6.1 2670.40 NOTE
r-patched-solaris-x86 1.6.1 469.00 NOTE
r-release-linux-x86_64 1.6.1 181.78 46.78 228.56 NOTE
r-release-osx-x86_64-mavericks 1.6.1 NOTE
r-release-windows-ix86+x86_64 1.6.1 1206.00 109.00 1315.00 OK
r-oldrel-windows-ix86+x86_64 1.6.1 877.00 154.00 1031.00 OK

Check Details

Version: 1.6.1
Check: installed package size
Result: NOTE
     installed size is 11.1Mb
     sub-directories of 1Mb or more:
     data 2.1Mb
     libs 8.7Mb
Flavors: r-devel-linux-x86_64-debian-gcc, r-devel-linux-x86_64-fedora-clang, r-devel-linux-x86_64-fedora-gcc, r-patched-linux-x86_64, r-patched-solaris-sparc, r-patched-solaris-x86, r-release-linux-x86_64, r-release-osx-x86_64-mavericks