CRAN Package Check Results for Package fdasrvf

Last updated on 2014-11-28 03:47:33.

Flavor Version Tinstall Tcheck Ttotal Status Flags
r-devel-linux-x86_64-debian-clang 1.4.2 1.28 23.78 25.05 NOTE
r-devel-linux-x86_64-debian-gcc 1.4.2 1.24 24.06 25.30 NOTE
r-devel-linux-x86_64-fedora-clang 1.4.2 49.81 NOTE
r-devel-linux-x86_64-fedora-gcc 1.4.2 51.52 NOTE
r-devel-osx-x86_64-clang 1.4.2 46.12 NOTE
r-devel-windows-ix86+x86_64 1.4.2 8.00 55.00 63.00 NOTE
r-patched-linux-x86_64 1.4.2 1.30 23.78 25.08 NOTE
r-patched-solaris-sparc 1.4.2 342.60 NOTE
r-patched-solaris-x86 1.4.2 69.60 NOTE
r-release-linux-ix86 1.4.2 1.90 35.41 37.30 NOTE
r-release-linux-x86_64 1.4.2 1.32 24.10 25.41 NOTE
r-release-osx-x86_64-mavericks 1.4.2 OK
r-release-osx-x86_64-snowleopard 1.4.2 OK
r-release-windows-ix86+x86_64 1.4.2 9.00 59.00 68.00 NOTE
r-oldrel-windows-ix86+x86_64 1.4.2 8.00 58.00 66.00 OK

Check Details

Version: 1.4.2
Check: R code for possible problems
Result: NOTE
    align_fPCA: no visible global function definition for ‘makeCluster’
    align_fPCA: no visible global function definition for
     ‘registerDoParallel’
    align_fPCA: no visible global function definition for ‘stopCluster’
    time_warping: no visible global function definition for ‘makeCluster’
    time_warping: no visible global function definition for
     ‘registerDoParallel’
    time_warping: no visible global function definition for ‘stopCluster’
Flavors: r-devel-linux-x86_64-debian-clang, r-devel-linux-x86_64-debian-gcc, r-devel-linux-x86_64-fedora-clang, r-devel-linux-x86_64-fedora-gcc, r-devel-osx-x86_64-clang, r-devel-windows-ix86+x86_64, r-patched-linux-x86_64, r-patched-solaris-sparc, r-patched-solaris-x86, r-release-linux-ix86, r-release-linux-x86_64, r-release-windows-ix86+x86_64