CRAN Package Check Results for Package fdcov

Last updated on 2019-05-25 05:46:41 CEST.

Flavor Version Tinstall Tcheck Ttotal Status Flags
r-devel-linux-x86_64-debian-clang 1.1.0 2.40 32.39 34.79 OK
r-devel-linux-x86_64-debian-gcc 1.1.0 2.31 23.37 25.68 OK
r-devel-linux-x86_64-fedora-clang 1.1.0 44.53 OK
r-devel-linux-x86_64-fedora-gcc 1.1.0 43.46 OK
r-devel-windows-ix86+x86_64 1.1.0 5.00 603.00 608.00 OK
r-patched-linux-x86_64 1.1.0 OK
r-patched-solaris-x86 1.1.0 1497.40 OK
r-release-linux-x86_64 1.1.0 2.69 32.49 35.18 OK
r-release-windows-ix86+x86_64 1.1.0 7.00 719.00 726.00 OK
r-release-osx-x86_64 1.1.0 FAIL
r-oldrel-windows-ix86+x86_64 1.1.0 4.00 660.00 664.00 OK
r-oldrel-osx-x86_64 1.1.0 OK

Check Details

Version: 1.1.0
Check: re-building of vignette outputs
Result: WARN
    Error(s) in re-building vignettes:
     ...
    --- re-building ‘vignette.Rmd’ using rmarkdown
    Warning in engine$weave(file, quiet = quiet, encoding = enc) :
     Pandoc (>= 1.12.3) and/or pandoc-citeproc not available. Falling back to R Markdown v1.
    Loading required package: rainbow
    Loading required package: MASS
    Loading required package: pcaPP
    Loading required package: RCurl
    Loading required package: bitops
    
    Execution halted
Flavor: r-release-osx-x86_64

Version: 1.1.0
Check: PDF version of manual
Result: FAIL
    
Flavor: r-release-osx-x86_64