CRAN Package Check Results for Package fdcov

Last updated on 2019-08-18 00:46:11 CEST.

Flavor Version Tinstall Tcheck Ttotal Status Flags
r-devel-linux-x86_64-debian-clang 1.1.0 3.62 32.37 35.99 OK
r-devel-linux-x86_64-debian-gcc 1.1.0 2.44 25.45 27.89 OK
r-devel-linux-x86_64-fedora-clang 1.1.0 45.79 OK
r-devel-linux-x86_64-fedora-gcc 1.1.0 42.01 OK
r-devel-windows-ix86+x86_64 1.1.0 9.00 821.00 830.00 OK
r-patched-linux-x86_64 1.1.0 2.75 31.80 34.55 OK
r-patched-solaris-x86 1.1.0 1556.30 OK
r-release-linux-x86_64 1.1.0 2.36 32.11 34.47 OK
r-release-windows-ix86+x86_64 1.1.0 6.00 541.00 547.00 OK
r-release-osx-x86_64 1.1.0 FAIL
r-oldrel-windows-ix86+x86_64 1.1.0 6.00 702.00 708.00 OK
r-oldrel-osx-x86_64 1.1.0 OK

Check Details

Version: 1.1.0
Check: re-building of vignette outputs
Result: WARN
    Error(s) in re-building vignettes:
     ...
    --- re-building ‘vignette.Rmd’ using rmarkdown
    Warning in engine$weave(file, quiet = quiet, encoding = enc) :
     Pandoc (>= 1.12.3) and/or pandoc-citeproc not available. Falling back to R Markdown v1.
    Loading required package: rainbow
    Loading required package: MASS
    Loading required package: pcaPP
    Loading required package: RCurl
    Loading required package: bitops
    
    Execution halted
Flavor: r-release-osx-x86_64

Version: 1.1.0
Check: PDF version of manual
Result: FAIL
    
Flavor: r-release-osx-x86_64