CRAN Package Check Results for Package fdq

Last updated on 2022-06-29 04:55:54 CEST.

Flavor Version Tinstall Tcheck Ttotal Status Flags
r-devel-linux-x86_64-debian-clang 0.12 9.06 75.18 84.24 NOTE
r-devel-linux-x86_64-debian-gcc 0.12 6.25 55.99 62.24 NOTE
r-devel-linux-x86_64-fedora-clang 0.12 110.22 NOTE
r-devel-linux-x86_64-fedora-gcc 0.12 120.40 NOTE
r-devel-windows-x86_64 0.12 12.00 99.00 111.00 NOTE
r-patched-linux-x86_64 0.12 10.18 76.51 86.69 NOTE
r-release-linux-x86_64 0.12 9.93 76.22 86.15 NOTE
r-release-macos-arm64 0.12 55.00 NOTE
r-release-macos-x86_64 0.12 114.00 NOTE
r-release-windows-x86_64 0.12 38.00 98.00 136.00 NOTE
r-oldrel-macos-arm64 0.12 67.00 NOTE
r-oldrel-macos-x86_64 0.12 51.00 NOTE
r-oldrel-windows-ix86+x86_64 0.12 20.00 88.00 108.00 NOTE

Check Details

Version: 0.12
Check: LazyData
Result: NOTE
     'LazyData' is specified without a 'data' directory
Flavors: r-devel-linux-x86_64-debian-clang, r-devel-linux-x86_64-debian-gcc, r-devel-linux-x86_64-fedora-clang, r-devel-linux-x86_64-fedora-gcc, r-devel-windows-x86_64, r-patched-linux-x86_64, r-release-linux-x86_64, r-release-macos-arm64, r-release-macos-x86_64, r-release-windows-x86_64, r-oldrel-macos-arm64, r-oldrel-macos-x86_64, r-oldrel-windows-ix86+x86_64

Version: 0.12
Check: dependencies in R code
Result: NOTE
    Namespaces in Imports field not imported from:
     ‘data.table’ ‘ggplot2’ ‘randomcoloR’ ‘sqldf’
     All declared Imports should be used.
Flavors: r-devel-linux-x86_64-fedora-clang, r-devel-linux-x86_64-fedora-gcc, r-release-macos-arm64, r-release-macos-x86_64, r-oldrel-macos-arm64, r-oldrel-macos-x86_64