Last updated on 2025-01-22 17:49:12 CET.
Flavor | Version | Tinstall | Tcheck | Ttotal | Status | Flags |
---|---|---|---|---|---|---|
r-devel-linux-x86_64-debian-clang | 2.4 | 4.80 | 46.64 | 51.44 | OK | |
r-devel-linux-x86_64-debian-gcc | 2.4 | 3.25 | 34.90 | 38.15 | OK | |
r-devel-linux-x86_64-fedora-clang | 2.4 | 84.78 | OK | |||
r-devel-linux-x86_64-fedora-gcc | 2.4 | 91.38 | OK | |||
r-devel-windows-x86_64 | 2.4 | 7.00 | 64.00 | 71.00 | OK | |
r-patched-linux-x86_64 | 2.4 | 4.33 | 43.52 | 47.85 | OK | |
r-release-linux-x86_64 | 2.4 | 4.31 | 43.09 | 47.40 | OK | |
r-release-macos-arm64 | 2.4 | 33.00 | OK | |||
r-release-macos-x86_64 | 2.4 | 66.00 | OK | |||
r-release-windows-x86_64 | 2.4 | 5.00 | 62.00 | 67.00 | OK | |
r-oldrel-macos-arm64 | 2.4 | 37.00 | NOTE | |||
r-oldrel-macos-x86_64 | 2.4 | 48.00 | OK | |||
r-oldrel-windows-x86_64 | 2.4 | 7.00 | 70.00 | 77.00 | OK |
Version: 2.4
Check: package dependencies
Result: NOTE
Package suggested but not available for checking: ‘GEOquery’
Flavor: r-oldrel-macos-arm64