Last updated on 2023-05-29 05:55:02 CEST.
Flavor | Version | Tinstall | Tcheck | Ttotal | Status | Flags |
---|---|---|---|---|---|---|
r-devel-linux-x86_64-debian-clang | 2.4 | 5.22 | 54.95 | 60.17 | OK | |
r-devel-linux-x86_64-debian-gcc | 2.4 | 4.62 | 41.91 | 46.53 | OK | |
r-devel-linux-x86_64-fedora-clang | 2.4 | 76.11 | OK | |||
r-devel-linux-x86_64-fedora-gcc | 2.4 | 83.33 | OK | |||
r-devel-windows-x86_64 | 2.4 | 6.00 | 62.00 | 68.00 | OK | |
r-patched-linux-x86_64 | 2.4 | 5.61 | 53.09 | 58.70 | OK | |
r-release-linux-x86_64 | 2.4 | 5.47 | 52.19 | 57.66 | OK | |
r-release-macos-arm64 | 2.4 | 37.00 | NOTE | |||
r-release-macos-x86_64 | 2.4 | 48.00 | OK | |||
r-release-windows-x86_64 | 2.4 | 8.00 | 71.00 | 79.00 | OK | |
r-oldrel-macos-arm64 | 2.4 | 30.00 | OK | |||
r-oldrel-macos-x86_64 | 2.4 | 40.00 | OK | |||
r-oldrel-windows-x86_64 | 2.4 | 8.00 | 75.00 | 83.00 | OK |
Version: 2.4
Check: package dependencies
Result: NOTE
Package suggested but not available for checking: ‘GEOquery’
Flavor: r-release-macos-arm64