CRAN Package Check Results for Package fdrtool

Last updated on 2015-01-30 14:48:47.

Flavor Version Tinstall Tcheck Ttotal Status Flags
r-devel-linux-x86_64-debian-clang 1.2.13 1.12 12.04 13.16 NOTE
r-devel-linux-x86_64-debian-gcc 1.2.13 0.90 11.26 12.16 NOTE
r-devel-linux-x86_64-fedora-clang 1.2.13 25.90 NOTE
r-devel-linux-x86_64-fedora-gcc 1.2.13 23.92 NOTE
r-devel-osx-x86_64-clang 1.2.13 28.55 NOTE
r-devel-windows-ix86+x86_64 1.2.13 6.00 24.00 30.00 OK
r-patched-linux-x86_64 1.2.13 0.97 12.54 13.50 OK
r-patched-solaris-sparc 1.2.13 168.20 OK
r-patched-solaris-x86 1.2.13 37.10 OK
r-release-linux-ix86 1.2.13 1.33 17.92 19.25 OK
r-release-linux-x86_64 1.2.13 0.93 12.23 13.16 OK
r-release-osx-x86_64-mavericks 1.2.13 OK
r-release-osx-x86_64-snowleopard 1.2.13 OK
r-release-windows-ix86+x86_64 1.2.13 6.00 27.00 33.00 OK
r-oldrel-windows-ix86+x86_64 1.2.13 5.00 29.00 34.00 OK

Check Details

Version: 1.2.13
Check: S3 generic/method consistency
Result: NOTE
    Found the following apparent S3 methods exported but not registered:
     plot.grenander plot.monoreg fitted.monoreg residuals.monoreg
    See section ‘Registering S3 methods’ in the ‘Writing R Extensions’
    manual.
Flavors: r-devel-linux-x86_64-debian-clang, r-devel-linux-x86_64-debian-gcc, r-devel-linux-x86_64-fedora-clang, r-devel-linux-x86_64-fedora-gcc, r-devel-osx-x86_64-clang