CRAN Package Check Results for Package fdrtool

Last updated on 2017-09-22 21:47:57.

Flavor Version Tinstall Tcheck Ttotal Status Flags
r-devel-linux-x86_64-debian-clang 1.2.15 0.99 14.92 15.91 NOTE
r-devel-linux-x86_64-debian-gcc 1.2.15 1.14 14.29 15.42 NOTE
r-devel-linux-x86_64-fedora-clang 1.2.15 25.99 NOTE
r-devel-linux-x86_64-fedora-gcc 1.2.15 25.62 NOTE
r-devel-windows-ix86+x86_64 1.2.15 11.00 39.00 50.00 OK
r-patched-linux-x86_64 1.2.15 0.97 14.73 15.71 NOTE
r-patched-solaris-x86 1.2.15 38.00 OK
r-release-linux-x86_64 1.2.15 1.00 14.38 15.39 NOTE
r-release-windows-ix86+x86_64 1.2.15 5.00 37.00 42.00 OK
r-release-osx-x86_64 1.2.15 OK
r-oldrel-windows-ix86+x86_64 1.2.15 10.00 34.00 44.00 OK
r-oldrel-osx-x86_64 1.2.15 OK

Check Details

Version: 1.2.15
Check: compiled code
Result: NOTE
    File ‘fdrtool/libs/fdrtool.so’:
     Found no calls to: ‘R_registerRoutines’, ‘R_useDynamicSymbols’
    
    It is good practice to register native routines and to disable symbol
    search.
    
    See ‘Writing portable packages’ in the ‘Writing R Extensions’ manual.
Flavors: r-devel-linux-x86_64-debian-clang, r-devel-linux-x86_64-debian-gcc, r-devel-linux-x86_64-fedora-clang, r-devel-linux-x86_64-fedora-gcc, r-patched-linux-x86_64, r-release-linux-x86_64