CRAN Package Check Results for Package fdrtool

Last updated on 2017-03-29 11:49:26.

Flavor Version Tinstall Tcheck Ttotal Status Flags
r-devel-linux-x86_64-debian-clang 1.2.15 1.05 14.76 15.81 NOTE
r-devel-linux-x86_64-debian-gcc 1.2.15 0.96 14.48 15.43 NOTE
r-devel-linux-x86_64-fedora-clang 1.2.15 26.83 NOTE --no-stop-on-test-error
r-devel-linux-x86_64-fedora-gcc 1.2.15 25.71 NOTE --no-stop-on-test-error
r-devel-macos-x86_64-clang 1.2.15 22.73 NOTE --no-stop-on-test-error
r-devel-windows-ix86+x86_64 1.2.15 5.00 35.00 40.00 OK
r-patched-linux-x86_64 1.2.15 1.02 14.45 15.47 NOTE
r-patched-solaris-sparc 1.2.15 160.10 OK
r-patched-solaris-x86 1.2.15 36.20 OK
r-release-linux-x86_64 1.2.15 0.86 12.55 13.41 OK
r-release-osx-x86_64-mavericks 1.2.15 OK
r-release-windows-ix86+x86_64 1.2.15 10.00 34.00 44.00 OK
r-oldrel-windows-ix86+x86_64 1.2.15 13.00 34.00 47.00 OK

Check Details

Version: 1.2.15
Check: compiled code
Result: NOTE
    File ‘fdrtool/libs/fdrtool.so’:
     Found no calls to: ‘R_registerRoutines’, ‘R_useDynamicSymbols’
    
    It is good practice to register native routines and to disable symbol
    search.
    
    See ‘Writing portable packages’ in the ‘Writing R Extensions’ manual.
Flavors: r-devel-linux-x86_64-debian-clang, r-devel-linux-x86_64-debian-gcc, r-patched-linux-x86_64

Version: 1.2.15
Flags: --no-stop-on-test-error
Check: compiled code
Result: NOTE
    File ‘fdrtool/libs/fdrtool.so’:
     Found no calls to: ‘R_registerRoutines’, ‘R_useDynamicSymbols’
    
    It is good practice to register native routines and to disable symbol
    search.
    
    See ‘Writing portable packages’ in the ‘Writing R Extensions’ manual.
Flavors: r-devel-linux-x86_64-fedora-clang, r-devel-linux-x86_64-fedora-gcc, r-devel-macos-x86_64-clang