CRAN Package Check Results for Package fdrtool

Last updated on 2015-07-05 06:46:30.

Flavor Version Tinstall Tcheck Ttotal Status Flags
r-devel-linux-x86_64-debian-clang 1.2.14 0.86 11.50 12.35 NOTE
r-devel-linux-x86_64-debian-gcc 1.2.14 0.83 11.01 11.84 NOTE
r-devel-linux-x86_64-fedora-clang 1.2.14 22.69 NOTE
r-devel-linux-x86_64-fedora-gcc 1.2.14 20.47 NOTE
r-devel-osx-x86_64-clang 1.2.14 23.40 OK
r-devel-windows-ix86+x86_64 1.2.14 6.00 27.00 33.00 NOTE
r-patched-linux-x86_64 1.2.14 0.89 11.93 12.82 OK
r-patched-solaris-sparc 1.2.14 159.10 OK
r-patched-solaris-x86 1.2.14 34.20 OK
r-release-linux-x86_64 1.2.14 0.90 11.51 12.41 OK
r-release-osx-x86_64-mavericks 1.2.14 OK
r-release-windows-ix86+x86_64 1.2.14 5.00 27.00 32.00 OK
r-oldrel-windows-ix86+x86_64 1.2.14 9.00 24.00 33.00 OK

Check Details

Version: 1.2.14
Check: R code for possible problems
Result: NOTE
    dcor0: no visible global function definition for ‘dt’
    dhalfnorm: no visible global function definition for ‘dnorm’
    ecdf.pval: no visible global function definition for ‘approxfun’
    fdrtool: no visible global function definition for ‘quantile’
    fdrtool: no visible global function definition for ‘qnorm’
    fdrtool: no visible global function definition for ‘approxfun’
    fdrtool: no visible global function definition for ‘par’
    fdrtool: no visible global function definition for ‘hist’
    fdrtool: no visible global function definition for ‘lines’
    fdrtool: no visible global function definition for ‘legend’
    fndr.cutoff: no visible global function definition for ‘quantile’
    get.nullmodel : f0: no visible global function definition for ‘dnorm’
    get.nullmodel : F0: no visible global function definition for ‘pnorm’
    get.nullmodel : iqr: no visible global function definition for ‘qnorm’
    get.nullmodel : f0: no visible global function definition for ‘dt’
    get.nullmodel : F0: no visible global function definition for ‘pt’
    get.nullmodel : iqr: no visible global function definition for ‘qt’
    hc.thresh: no visible global function definition for ‘lines’
    iqr.fit: no visible global function definition for ‘quantile’
    iqr.fit: no visible global function definition for ‘qnorm’
    iqr.fit: no visible global function definition for ‘optimize’
    monoreg: no visible global function definition for ‘xy.coords’
    pcor0: no visible global function definition for ‘pt’
    phalfnorm: no visible global function definition for ‘pnorm’
    plot.grenander: no visible global function definition for ‘par’
    plot.grenander: no visible global function definition for ‘plot’
    plot.grenander: no visible global function definition for ‘lines’
    plot.monoreg: no visible global function definition for ‘par’
    plot.monoreg: no visible global function definition for ‘plot’
    plot.monoreg: no visible global function definition for ‘lines’
    plot.monoreg: no visible global function definition for ‘points’
    pval.estimate.eta0: no visible global function definition for
     ‘quantile’
    pval.estimate.eta0: no visible global function definition for ‘dev.new’
    pval.estimate.eta0: no visible global function definition for ‘par’
    pval.estimate.eta0: no visible global function definition for ‘plot’
    pval.estimate.eta0: no visible global function definition for ‘points’
    pval.estimate.eta0: no visible global function definition for
     ‘smooth.spline’
    pval.estimate.eta0: no visible global function definition for ‘predict’
    pval.estimate.eta0: no visible global function definition for ‘lines’
    pval.estimate.eta0: no visible global function definition for ‘hist’
    pval.estimate.eta0: no visible global function definition for ‘dunif’
    pval.estimate.eta0: no visible global function definition for ‘text’
    pvt.fit.nullmodel: no visible global function definition for ‘optimize’
    qcor0: no visible global function definition for ‘qt’
    qhalfnorm: no visible global function definition for ‘qnorm’
    rcor0: no visible global function definition for ‘rt’
    residuals.monoreg: no visible global function definition for ‘fitted’
    rhalfnorm: no visible global function definition for ‘rnorm’
    Undefined global functions or variables:
     approxfun dev.new dnorm dt dunif fitted hist legend lines optimize
     par plot pnorm points predict pt qnorm qt quantile rnorm rt
     smooth.spline text xy.coords
Flavors: r-devel-linux-x86_64-debian-clang, r-devel-linux-x86_64-debian-gcc, r-devel-linux-x86_64-fedora-clang, r-devel-linux-x86_64-fedora-gcc, r-devel-windows-ix86+x86_64