CRAN Package Check Results for Package fdrtool

Last updated on 2017-05-27 22:46:13.

Flavor Version Tinstall Tcheck Ttotal Status Flags
r-devel-linux-x86_64-debian-clang 1.2.15 1.09 15.04 16.13 NOTE
r-devel-linux-x86_64-debian-gcc 1.2.15 1.05 15.25 16.30 NOTE
r-devel-linux-x86_64-fedora-clang 1.2.15 25.89 NOTE
r-devel-linux-x86_64-fedora-gcc 1.2.15 25.22 NOTE
r-devel-windows-ix86+x86_64 1.2.15 9.00 48.00 57.00 OK
r-patched-linux-x86_64 1.2.15 1.12 16.72 17.84 NOTE
r-patched-solaris-sparc 1.2.15 160.10 OK
r-patched-solaris-x86 1.2.15 36.10 OK
r-release-linux-x86_64 1.2.15 1.10 14.99 16.09 NOTE
r-release-windows-ix86+x86_64 1.2.15 5.00 34.00 39.00 OK
r-release-osx-x86_64 1.2.15 OK
r-oldrel-windows-ix86+x86_64 1.2.15 10.00 34.00 44.00 OK
r-oldrel-osx-x86_64 1.2.15 OK

Check Details

Version: 1.2.15
Check: compiled code
Result: NOTE
    File ‘fdrtool/libs/fdrtool.so’:
     Found no calls to: ‘R_registerRoutines’, ‘R_useDynamicSymbols’
    
    It is good practice to register native routines and to disable symbol
    search.
    
    See ‘Writing portable packages’ in the ‘Writing R Extensions’ manual.
Flavors: r-devel-linux-x86_64-debian-clang, r-devel-linux-x86_64-debian-gcc, r-devel-linux-x86_64-fedora-clang, r-devel-linux-x86_64-fedora-gcc, r-patched-linux-x86_64, r-release-linux-x86_64