CRAN Package Check Results for Package fdrtool

Last updated on 2017-07-21 18:46:48.

Flavor Version Tinstall Tcheck Ttotal Status Flags
r-devel-linux-x86_64-debian-clang 1.2.15 1.02 21.26 22.27 NOTE
r-devel-linux-x86_64-debian-gcc 1.2.15 1.01 21.28 22.29 NOTE
r-devel-linux-x86_64-fedora-clang 1.2.15 25.99 NOTE
r-devel-linux-x86_64-fedora-gcc 1.2.15 26.87 NOTE
r-devel-windows-ix86+x86_64 1.2.15 6.00 36.00 42.00 OK
r-patched-linux-x86_64 1.2.15 1.01 21.40 22.41 NOTE
r-patched-solaris-x86 1.2.15 36.30 OK
r-release-linux-x86_64 1.2.15 1.03 21.42 22.45 NOTE
r-release-windows-ix86+x86_64 1.2.15 5.00 34.00 39.00 OK
r-release-osx-x86_64 1.2.15 OK
r-oldrel-windows-ix86+x86_64 1.2.15 10.00 34.00 44.00 OK
r-oldrel-osx-x86_64 1.2.15 OK

Check Details

Version: 1.2.15
Check: compiled code
Result: NOTE
    File ‘fdrtool/libs/fdrtool.so’:
     Found no calls to: ‘R_registerRoutines’, ‘R_useDynamicSymbols’
    
    It is good practice to register native routines and to disable symbol
    search.
    
    See ‘Writing portable packages’ in the ‘Writing R Extensions’ manual.
Flavors: r-devel-linux-x86_64-debian-clang, r-devel-linux-x86_64-debian-gcc, r-devel-linux-x86_64-fedora-clang, r-devel-linux-x86_64-fedora-gcc, r-patched-linux-x86_64, r-release-linux-x86_64