CRAN Package Check Results for Package fdrtool

Last updated on 2018-04-24 00:46:40 CEST.

Flavor Version Tinstall Tcheck Ttotal Status Flags
r-devel-linux-x86_64-debian-clang 1.2.15 2.21 19.16 21.37 NOTE
r-devel-linux-x86_64-debian-gcc 1.2.15 1.88 16.95 18.83 NOTE
r-devel-linux-x86_64-fedora-clang 1.2.15 28.17 NOTE
r-devel-linux-x86_64-fedora-gcc 1.2.15 26.94 NOTE
r-devel-windows-ix86+x86_64 1.2.15 8.00 40.00 48.00 OK
r-devel-osx-x86_64 1.2.15 OK
r-patched-linux-x86_64 1.2.15 2.22 21.12 23.34 NOTE
r-patched-solaris-x86 1.2.15 43.40 OK
r-release-linux-x86_64 1.2.15 1.88 21.02 22.90 NOTE
r-release-windows-ix86+x86_64 1.2.15 5.00 37.00 42.00 OK
r-release-osx-x86_64 1.2.15 OK
r-oldrel-windows-ix86+x86_64 1.2.15 10.00 34.00 44.00 OK

Check Details

Version: 1.2.15
Check: compiled code
Result: NOTE
    File ‘fdrtool/libs/fdrtool.so’:
     Found no calls to: ‘R_registerRoutines’, ‘R_useDynamicSymbols’
    
    It is good practice to register native routines and to disable symbol
    search.
    
    See ‘Writing portable packages’ in the ‘Writing R Extensions’ manual.
Flavors: r-devel-linux-x86_64-debian-clang, r-devel-linux-x86_64-debian-gcc, r-devel-linux-x86_64-fedora-clang, r-devel-linux-x86_64-fedora-gcc, r-patched-linux-x86_64, r-release-linux-x86_64