CRAN Package Check Results for Package fdrtool

Last updated on 2015-03-06 21:48:19.

Flavor Version Tinstall Tcheck Ttotal Status Flags
r-devel-linux-x86_64-debian-clang 1.2.13 1.00 11.56 12.56 NOTE
r-devel-linux-x86_64-debian-gcc 1.2.13 0.85 11.58 12.42 NOTE
r-devel-linux-x86_64-fedora-clang 1.2.13 23.06 NOTE
r-devel-linux-x86_64-fedora-gcc 1.2.13 22.05 NOTE
r-devel-osx-x86_64-clang 1.2.13 27.18 NOTE
r-devel-windows-ix86+x86_64 1.2.13 10.00 23.00 33.00 OK
r-patched-linux-x86_64 1.2.13 0.93 13.24 14.17 OK
r-patched-solaris-sparc 1.2.13 184.40 OK
r-patched-solaris-x86 1.2.13 37.10 OK
r-release-linux-ix86 1.2.13 1.31 19.04 20.36 OK
r-release-linux-x86_64 1.2.13 0.93 12.49 13.42 OK
r-release-osx-x86_64-mavericks 1.2.13 OK
r-release-osx-x86_64-snowleopard 1.2.13 OK
r-release-windows-ix86+x86_64 1.2.13 6.00 27.00 33.00 OK
r-oldrel-windows-ix86+x86_64 1.2.13 5.00 29.00 34.00 OK

Check Details

Version: 1.2.13
Check: S3 generic/method consistency
Result: NOTE
    Found the following apparent S3 methods exported but not registered:
     fitted.monoreg plot.grenander plot.monoreg residuals.monoreg
    See section ‘Registering S3 methods’ in the ‘Writing R Extensions’
    manual.
Flavors: r-devel-linux-x86_64-debian-clang, r-devel-linux-x86_64-debian-gcc, r-devel-linux-x86_64-fedora-clang, r-devel-linux-x86_64-fedora-gcc, r-devel-osx-x86_64-clang