CRAN Package Check Results for Package fdrtool

Last updated on 2017-11-22 22:57:12 CET.

Flavor Version Tinstall Tcheck Ttotal Status Flags
r-devel-linux-x86_64-debian-clang 1.2.15 1.04 14.10 15.14 NOTE
r-devel-linux-x86_64-debian-gcc 1.2.15 1.03 35.71 36.74 NOTE
r-devel-linux-x86_64-fedora-clang 1.2.15 25.58 NOTE
r-devel-linux-x86_64-fedora-gcc 1.2.15 26.06 NOTE
r-devel-windows-ix86+x86_64 1.2.15 9.00 37.00 46.00 OK
r-patched-linux-x86_64 1.2.15 1.08 14.55 15.63 NOTE
r-patched-solaris-x86 1.2.15 36.60 OK
r-release-linux-x86_64 1.2.15 1.10 14.48 15.57 NOTE
r-release-windows-ix86+x86_64 1.2.15 5.00 37.00 42.00 OK
r-release-osx-x86_64 1.2.15 OK
r-oldrel-windows-ix86+x86_64 1.2.15 10.00 34.00 44.00 OK
r-oldrel-osx-x86_64 1.2.15 OK

Check Details

Version: 1.2.15
Check: compiled code
Result: NOTE
    File ‘fdrtool/libs/fdrtool.so’:
     Found no calls to: ‘R_registerRoutines’, ‘R_useDynamicSymbols’
    
    It is good practice to register native routines and to disable symbol
    search.
    
    See ‘Writing portable packages’ in the ‘Writing R Extensions’ manual.
Flavors: r-devel-linux-x86_64-debian-clang, r-devel-linux-x86_64-debian-gcc, r-devel-linux-x86_64-fedora-clang, r-devel-linux-x86_64-fedora-gcc, r-patched-linux-x86_64, r-release-linux-x86_64