CRAN Package Check Results for Package fdrtool

Last updated on 2017-02-22 03:47:21.

Flavor Version Tinstall Tcheck Ttotal Status Flags
r-devel-linux-x86_64-debian-clang 1.2.15 1.09 14.69 15.78 NOTE
r-devel-linux-x86_64-debian-gcc 1.2.15 1.01 14.85 15.86 NOTE
r-devel-linux-x86_64-fedora-clang 1.2.15 25.22 NOTE --no-stop-on-test-error
r-devel-linux-x86_64-fedora-gcc 1.2.15 24.04 NOTE --no-stop-on-test-error
r-devel-macos-x86_64-clang 1.2.15 23.50 NOTE --no-stop-on-test-error
r-devel-windows-ix86+x86_64 1.2.15 5.00 47.00 52.00 OK
r-patched-linux-x86_64 1.2.15 0.89 12.53 13.42 OK
r-patched-solaris-sparc 1.2.15 137.70 OK
r-patched-solaris-x86 1.2.15 30.30 OK
r-release-linux-x86_64 1.2.15 0.92 12.27 13.18 OK
r-release-osx-x86_64-mavericks 1.2.15 OK
r-release-windows-ix86+x86_64 1.2.15 10.00 34.00 44.00 OK
r-oldrel-windows-ix86+x86_64 1.2.15 13.00 34.00 47.00 OK

Check Details

Version: 1.2.15
Check: compiled code
Result: NOTE
    File ‘fdrtool/libs/fdrtool.so’:
     Found no calls to: ‘R_registerRoutines’, ‘R_useDynamicSymbols’
    
    It is good practice to register native routines and to disable symbol
    search.
    
    See ‘Writing portable packages’ in the ‘Writing R Extensions’ manual.
Flavors: r-devel-linux-x86_64-debian-clang, r-devel-linux-x86_64-debian-gcc

Version: 1.2.15
Flags: --no-stop-on-test-error
Check: compiled code
Result: NOTE
    File ‘fdrtool/libs/fdrtool.so’:
     Found no calls to: ‘R_registerRoutines’, ‘R_useDynamicSymbols’
    
    It is good practice to register native routines and to disable symbol
    search.
    
    See ‘Writing portable packages’ in the ‘Writing R Extensions’ manual.
Flavors: r-devel-linux-x86_64-fedora-clang, r-devel-linux-x86_64-fedora-gcc, r-devel-macos-x86_64-clang