CRAN Package Check Results for Package fds

Last updated on 2014-09-22 11:56:23.

Flavor Version Tinstall Tcheck Ttotal Status Flags
r-devel-linux-x86_64-debian-clang 1.7 10.58 29.34 39.92 OK
r-devel-linux-x86_64-debian-gcc 1.7 10.65 29.43 40.08 OK
r-devel-linux-x86_64-fedora-clang 1.7 79.08 OK
r-devel-linux-x86_64-fedora-gcc 1.7 74.57 OK
r-devel-osx-x86_64-clang 1.7 72.88 OK
r-devel-windows-ix86+x86_64 1.7 22.00 46.00 68.00 OK
r-patched-linux-x86_64 1.7 10.96 29.54 40.49 OK
r-patched-solaris-sparc 1.7 454.20 OK
r-patched-solaris-x86 1.7 119.60 OK
r-release-linux-ix86 1.7 15.52 42.03 57.55 OK
r-release-linux-x86_64 1.7 10.83 30.02 40.85 OK
r-release-osx-x86_64-mavericks 1.7 OK
r-release-osx-x86_64-snowleopard 1.7 ERROR
r-release-windows-ix86+x86_64 1.7 25.00 50.00 75.00 OK
r-oldrel-windows-ix86+x86_64 1.7 22.00 53.00 75.00 OK

Check Details

Version: 1.7
Check: whether package can be installed
Result: ERROR
    Installation failed.
Flavor: r-release-osx-x86_64-snowleopard