CRAN Package Check Results for Package fds

Last updated on 2015-09-02 23:46:51.

Flavor Version Tinstall Tcheck Ttotal Status Flags
r-devel-linux-x86_64-debian-clang 1.7 9.66 21.74 31.40 NOTE
r-devel-linux-x86_64-debian-gcc 1.7 11.15 21.06 32.21 NOTE
r-devel-linux-x86_64-fedora-clang 1.7 60.07 NOTE
r-devel-linux-x86_64-fedora-gcc 1.7 57.56 NOTE
r-devel-osx-x86_64-clang 1.7 52.96 NOTE
r-devel-windows-ix86+x86_64 1.7 25.00 59.00 84.00 NOTE
r-patched-linux-x86_64 1.7 10.28 22.91 33.19 NOTE
r-patched-solaris-sparc 1.7 399.40 NOTE
r-patched-solaris-x86 1.7 102.70 NOTE
r-release-linux-x86_64 1.7 9.71 22.50 32.22 NOTE
r-release-osx-x86_64-mavericks 1.7 NOTE
r-release-windows-ix86+x86_64 1.7 24.00 42.00 66.00 NOTE
r-oldrel-windows-ix86+x86_64 1.7 32.00 75.00 107.00 OK

Check Details

Version: 1.7
Check: DESCRIPTION meta-information
Result: NOTE
    Malformed Description field: should contain one or more complete sentences.
Flavors: r-devel-linux-x86_64-debian-clang, r-devel-linux-x86_64-debian-gcc, r-devel-linux-x86_64-fedora-clang, r-devel-linux-x86_64-fedora-gcc, r-devel-osx-x86_64-clang, r-devel-windows-ix86+x86_64, r-patched-linux-x86_64, r-patched-solaris-sparc, r-patched-solaris-x86, r-release-linux-x86_64, r-release-osx-x86_64-mavericks, r-release-windows-ix86+x86_64

Version: 1.7
Check: R code for possible problems
Result: NOTE
    read.hmd: no visible global function definition for ‘read.table’
    Undefined global functions or variables:
     read.table
    Consider adding
     importFrom("utils", "read.table")
    to your NAMESPACE.
Flavors: r-devel-linux-x86_64-debian-clang, r-devel-linux-x86_64-debian-gcc, r-devel-linux-x86_64-fedora-clang, r-devel-linux-x86_64-fedora-gcc, r-devel-windows-ix86+x86_64