CRAN Package Check Results for Package fds

Last updated on 2015-07-07 06:46:31.

Flavor Version Tinstall Tcheck Ttotal Status Flags
r-devel-linux-x86_64-debian-clang 1.7 9.50 22.25 31.74 NOTE
r-devel-linux-x86_64-debian-gcc 1.7 9.39 22.98 32.37 NOTE
r-devel-linux-x86_64-fedora-clang 1.7 60.84 NOTE
r-devel-linux-x86_64-fedora-gcc 1.7 58.05 NOTE
r-devel-osx-x86_64-clang 1.7 54.38 NOTE
r-devel-windows-ix86+x86_64 1.7 21.00 36.00 57.00 NOTE
r-patched-linux-x86_64 1.7 9.72 22.11 31.83 NOTE
r-patched-solaris-sparc 1.7 398.40 NOTE
r-patched-solaris-x86 1.7 102.90 NOTE
r-release-linux-x86_64 1.7 9.58 22.68 32.26 NOTE
r-release-osx-x86_64-mavericks 1.7 NOTE
r-release-windows-ix86+x86_64 1.7 22.00 37.00 59.00 NOTE
r-oldrel-windows-ix86+x86_64 1.7 28.00 50.00 78.00 OK

Check Details

Version: 1.7
Check: DESCRIPTION meta-information
Result: NOTE
    Malformed Description field: should contain one or more complete sentences.
Flavors: r-devel-linux-x86_64-debian-clang, r-devel-linux-x86_64-debian-gcc, r-devel-linux-x86_64-fedora-clang, r-devel-linux-x86_64-fedora-gcc, r-devel-osx-x86_64-clang, r-devel-windows-ix86+x86_64, r-patched-linux-x86_64, r-patched-solaris-sparc, r-patched-solaris-x86, r-release-linux-x86_64, r-release-osx-x86_64-mavericks, r-release-windows-ix86+x86_64

Version: 1.7
Check: R code for possible problems
Result: NOTE
    read.hmd: no visible global function definition for ‘read.table’
    Undefined global functions or variables:
     read.table
Flavors: r-devel-linux-x86_64-debian-clang, r-devel-linux-x86_64-debian-gcc, r-devel-linux-x86_64-fedora-clang, r-devel-linux-x86_64-fedora-gcc, r-devel-windows-ix86+x86_64