CRAN Package Check Results for Package fds

Last updated on 2015-04-18 17:50:46.

Flavor Version Tinstall Tcheck Ttotal Status Flags
r-devel-linux-x86_64-debian-clang 1.7 9.71 22.34 32.06 NOTE
r-devel-linux-x86_64-debian-gcc 1.7 9.54 22.19 31.73 NOTE
r-devel-linux-x86_64-fedora-clang 1.7 61.73 NOTE
r-devel-linux-x86_64-fedora-gcc 1.7 60.59 NOTE
r-devel-osx-x86_64-clang 1.7 58.04 NOTE
r-patched-linux-x86_64 1.7 9.77 21.81 31.58 NOTE
r-patched-solaris-sparc 1.7 428.40 NOTE
r-patched-solaris-x86 1.7 100.00 NOTE
r-release-linux-x86_64 1.7 9.60 23.97 33.56 NOTE
r-release-osx-x86_64-mavericks 1.7 NOTE
r-release-osx-x86_64-snowleopard 1.7 NOTE
r-release-windows-ix86+x86_64 1.7 19.00 42.00 61.00 NOTE
r-oldrel-windows-ix86+x86_64 1.7 30.00 72.00 102.00 OK

Check Details

Version: 1.7
Check: DESCRIPTION meta-information
Result: NOTE
    Malformed Description field: should contain one or more complete sentences.
Flavors: r-devel-linux-x86_64-debian-clang, r-devel-linux-x86_64-debian-gcc, r-devel-linux-x86_64-fedora-clang, r-devel-linux-x86_64-fedora-gcc, r-devel-osx-x86_64-clang, r-patched-linux-x86_64, r-patched-solaris-sparc, r-patched-solaris-x86, r-release-linux-x86_64, r-release-osx-x86_64-mavericks, r-release-osx-x86_64-snowleopard, r-release-windows-ix86+x86_64