CRAN Package Check Results for Package fds

Last updated on 2015-03-30 10:54:20.

Flavor Version Tinstall Tcheck Ttotal Status Flags
r-devel-linux-x86_64-debian-clang 1.7 9.85 22.74 32.60 NOTE
r-devel-linux-x86_64-debian-gcc 1.7 9.54 21.81 31.35 NOTE
r-devel-linux-x86_64-fedora-clang 1.7 63.17 NOTE
r-devel-linux-x86_64-fedora-gcc 1.7 63.35 NOTE
r-devel-osx-x86_64-clang 1.7 63.35 NOTE
r-prerel-windows-ix86+x86_64 1.7 21.00 36.00 57.00 NOTE
r-prerel-linux-x86_64 1.7 9.72 22.18 31.90 NOTE
r-prerel-solaris-sparc 1.7 428.40 NOTE
r-prerel-solaris-x86 1.7 97.60 NOTE
r-release-linux-x86_64 1.7 10.92 30.32 41.25 OK
r-release-osx-x86_64-mavericks 1.7 OK
r-release-osx-x86_64-snowleopard 1.7 ERROR
r-release-windows-ix86+x86_64 1.7 27.00 53.00 80.00 OK
r-oldrel-windows-ix86+x86_64 1.7 27.00 52.00 79.00 OK

Check Details

Version: 1.7
Check: DESCRIPTION meta-information
Result: NOTE
    Malformed Description field: should contain one or more complete sentences.
Flavors: r-devel-linux-x86_64-debian-clang, r-devel-linux-x86_64-debian-gcc, r-devel-linux-x86_64-fedora-clang, r-devel-linux-x86_64-fedora-gcc, r-devel-osx-x86_64-clang, r-prerel-windows-ix86+x86_64, r-prerel-linux-x86_64, r-prerel-solaris-sparc, r-prerel-solaris-x86

Version: 1.7
Check: whether package can be installed
Result: ERROR
    Installation failed.
Flavor: r-release-osx-x86_64-snowleopard