CRAN Package Check Results for Package fds

Last updated on 2016-04-29 11:48:28.

Flavor Version Tinstall Tcheck Ttotal Status Flags
r-devel-linux-x86_64-debian-gcc 1.7 10.40 26.28 36.68 NOTE
r-devel-linux-x86_64-fedora-clang 1.7 62.82 NOTE
r-devel-linux-x86_64-fedora-gcc 1.7 60.07 NOTE
r-devel-osx-x86_64-clang 1.7 70.61 NOTE
r-devel-windows-ix86+x86_64 1.7 21.00 53.00 74.00 NOTE
r-patched-linux-x86_64 1.7 10.62 25.25 35.87 NOTE
r-patched-solaris-sparc 1.7 408.60 NOTE
r-patched-solaris-x86 1.7 97.80 NOTE
r-release-linux-x86_64 1.7 11.00 27.85 38.85 NOTE
r-release-osx-x86_64-mavericks 1.7 NOTE
r-release-windows-ix86+x86_64 1.7 20.00 48.00 68.00 NOTE
r-oldrel-windows-ix86+x86_64 1.7 36.00 70.00 106.00 OK

Check Details

Version: 1.7
Check: DESCRIPTION meta-information
Result: NOTE
    Malformed Description field: should contain one or more complete sentences.
Flavors: r-devel-linux-x86_64-debian-gcc, r-devel-linux-x86_64-fedora-clang, r-devel-linux-x86_64-fedora-gcc, r-devel-osx-x86_64-clang, r-devel-windows-ix86+x86_64, r-patched-linux-x86_64, r-patched-solaris-sparc, r-patched-solaris-x86, r-release-linux-x86_64, r-release-osx-x86_64-mavericks, r-release-windows-ix86+x86_64

Version: 1.7
Check: R code for possible problems
Result: NOTE
    read.hmd: no visible global function definition for ‘read.table’
    Undefined global functions or variables:
     read.table
    Consider adding
     importFrom("utils", "read.table")
    to your NAMESPACE file.
Flavors: r-devel-linux-x86_64-debian-gcc, r-devel-linux-x86_64-fedora-clang, r-devel-linux-x86_64-fedora-gcc, r-devel-osx-x86_64-clang, r-devel-windows-ix86+x86_64, r-patched-linux-x86_64, r-patched-solaris-sparc, r-patched-solaris-x86