CRAN Package Check Results for Package fds

Last updated on 2015-08-05 11:47:56.

Flavor Version Tinstall Tcheck Ttotal Status Flags
r-devel-linux-x86_64-debian-clang 1.7 9.74 23.08 32.81 NOTE
r-devel-linux-x86_64-debian-gcc 1.7 9.79 21.49 31.28 NOTE
r-devel-linux-x86_64-fedora-clang 1.7 61.25 NOTE
r-devel-linux-x86_64-fedora-gcc 1.7 58.94 NOTE
r-devel-osx-x86_64-clang 1.7 54.69 NOTE
r-devel-windows-ix86+x86_64 1.7 30.00 42.00 72.00 NOTE
r-patched-linux-x86_64 1.7 9.88 22.46 32.34 NOTE
r-patched-solaris-sparc 1.7 399.40 NOTE
r-patched-solaris-x86 1.7 100.30 NOTE
r-release-linux-x86_64 1.7 9.73 22.42 32.15 NOTE
r-release-osx-x86_64-mavericks 1.7 NOTE
r-release-windows-ix86+x86_64 1.7 22.00 60.00 82.00 NOTE
r-oldrel-windows-ix86+x86_64 1.7 35.00 51.00 86.00 OK

Check Details

Version: 1.7
Check: DESCRIPTION meta-information
Result: NOTE
    Malformed Description field: should contain one or more complete sentences.
Flavors: r-devel-linux-x86_64-debian-clang, r-devel-linux-x86_64-debian-gcc, r-devel-linux-x86_64-fedora-clang, r-devel-linux-x86_64-fedora-gcc, r-devel-osx-x86_64-clang, r-devel-windows-ix86+x86_64, r-patched-linux-x86_64, r-patched-solaris-sparc, r-patched-solaris-x86, r-release-linux-x86_64, r-release-osx-x86_64-mavericks, r-release-windows-ix86+x86_64

Version: 1.7
Check: R code for possible problems
Result: NOTE
    read.hmd: no visible global function definition for ‘read.table’
    Undefined global functions or variables:
     read.table
    Consider adding
     importFrom("utils", "read.table")
    to your NAMESPACE.
Flavors: r-devel-linux-x86_64-debian-clang, r-devel-linux-x86_64-debian-gcc, r-devel-linux-x86_64-fedora-clang, r-devel-linux-x86_64-fedora-gcc, r-devel-windows-ix86+x86_64