CRAN Package Check Results for Package fds

Last updated on 2014-08-22 00:46:45.

Flavor Version Tinstall Tcheck Ttotal Status Flags
r-devel-linux-x86_64-debian-clang 1.7 10.74 28.98 39.72 OK
r-devel-linux-x86_64-debian-gcc 1.7 10.84 28.92 39.76 OK
r-devel-linux-x86_64-fedora-clang 1.7 78.85 OK
r-devel-linux-x86_64-fedora-gcc 1.7 74.03 OK
r-devel-osx-x86_64-clang 1.7 72.22 OK
r-devel-windows-ix86+x86_64 1.7 23.00 48.00 71.00 OK
r-patched-linux-x86_64 1.7 10.75 28.60 39.36 OK
r-patched-solaris-sparc 1.7 454.20 OK
r-patched-solaris-x86 1.7 116.30 OK
r-release-linux-ix86 1.7 15.63 41.33 56.96 OK
r-release-linux-x86_64 1.7 10.75 29.79 40.54 OK
r-release-osx-x86_64-mavericks 1.7 OK
r-release-osx-x86_64-snowleopard 1.7 ERROR
r-release-windows-ix86+x86_64 1.7 24.00 50.00 74.00 OK
r-oldrel-windows-ix86+x86_64 1.7 26.00 57.00 83.00 OK

Check Details

Version: 1.7
Check: whether package can be installed
Result: ERROR
    Installation failed.
Flavor: r-release-osx-x86_64-snowleopard