CRAN Package Check Results for Package fds

Last updated on 2014-10-01 01:47:50.

Flavor Version Tinstall Tcheck Ttotal Status Flags
r-devel-linux-x86_64-debian-clang 1.7 10.95 29.46 40.42 OK
r-devel-linux-x86_64-debian-gcc 1.7 12.64 29.54 42.17 OK
r-devel-linux-x86_64-fedora-clang 1.7 79.00 OK
r-devel-linux-x86_64-fedora-gcc 1.7 75.23 OK
r-devel-osx-x86_64-clang 1.7 72.23 OK
r-devel-windows-ix86+x86_64 1.7 23.00 47.00 70.00 OK
r-patched-linux-x86_64 1.7 10.71 30.03 40.74 OK
r-patched-solaris-sparc 1.7 454.20 OK
r-patched-solaris-x86 1.7 119.00 OK
r-release-linux-ix86 1.7 15.54 41.54 57.08 OK
r-release-linux-x86_64 1.7 10.83 30.33 41.16 OK
r-release-osx-x86_64-mavericks 1.7 OK
r-release-osx-x86_64-snowleopard 1.7 ERROR
r-release-windows-ix86+x86_64 1.7 22.00 53.00 75.00 OK
r-oldrel-windows-ix86+x86_64 1.7 26.00 54.00 80.00 OK

Check Details

Version: 1.7
Check: whether package can be installed
Result: ERROR
    Installation failed.
Flavor: r-release-osx-x86_64-snowleopard