CRAN Package Check Results for Package fds

Last updated on 2014-11-25 01:48:11.

Flavor Version Tinstall Tcheck Ttotal Status Flags
r-devel-linux-x86_64-debian-clang 1.7 10.77 28.78 39.55 OK
r-devel-linux-x86_64-debian-gcc 1.7 10.57 29.64 40.22 OK
r-devel-linux-x86_64-fedora-clang 1.7 80.14 OK
r-devel-linux-x86_64-fedora-gcc 1.7 76.10 OK
r-devel-osx-x86_64-clang 1.7 73.88 OK
r-devel-windows-ix86+x86_64 1.7 25.00 48.00 73.00 OK
r-patched-linux-x86_64 1.7 10.48 29.86 40.34 OK
r-patched-solaris-sparc 1.7 454.20 OK
r-patched-solaris-x86 1.7 118.80 OK
r-release-linux-ix86 1.7 15.37 39.10 54.46 OK
r-release-linux-x86_64 1.7 10.86 29.01 39.87 OK
r-release-osx-x86_64-mavericks 1.7 OK
r-release-osx-x86_64-snowleopard 1.7 ERROR
r-release-windows-ix86+x86_64 1.7 26.00 48.00 74.00 OK
r-oldrel-windows-ix86+x86_64 1.7 25.00 53.00 78.00 OK

Check Details

Version: 1.7
Check: whether package can be installed
Result: ERROR
    Installation failed.
Flavor: r-release-osx-x86_64-snowleopard