CRAN Package Check Results for Package fds

Last updated on 2015-02-01 05:47:53.

Flavor Version Tinstall Tcheck Ttotal Status Flags
r-devel-linux-x86_64-debian-clang 1.7 9.90 21.92 31.82 OK
r-devel-linux-x86_64-debian-gcc 1.7 9.64 21.50 31.14 OK
r-devel-linux-x86_64-fedora-clang 1.7 69.91 OK
r-devel-linux-x86_64-fedora-gcc 1.7 62.16 OK
r-devel-osx-x86_64-clang 1.7 74.78 OK
r-devel-windows-ix86+x86_64 1.7 19.00 38.00 57.00 OK
r-patched-linux-x86_64 1.7 10.66 29.48 40.14 OK
r-patched-solaris-sparc 1.7 474.40 OK
r-patched-solaris-x86 1.7 118.30 OK
r-release-linux-ix86 1.7 15.04 39.99 55.03 OK
r-release-linux-x86_64 1.7 10.77 29.19 39.96 OK
r-release-osx-x86_64-mavericks 1.7 OK
r-release-osx-x86_64-snowleopard 1.7 ERROR
r-release-windows-ix86+x86_64 1.7 25.00 55.00 80.00 OK
r-oldrel-windows-ix86+x86_64 1.7 28.00 59.00 87.00 OK

Check Details

Version: 1.7
Check: whether package can be installed
Result: ERROR
    Installation failed.
Flavor: r-release-osx-x86_64-snowleopard