CRAN Package Check Results for Package fds

Last updated on 2014-12-22 19:48:21.

Flavor Version Tinstall Tcheck Ttotal Status Flags
r-devel-linux-x86_64-debian-clang 1.7 11.09 30.10 41.19 OK
r-devel-linux-x86_64-debian-gcc 1.7 10.44 28.32 38.76 OK
r-devel-linux-x86_64-fedora-clang 1.7 80.74 OK
r-devel-linux-x86_64-fedora-gcc 1.7 77.33 OK
r-devel-osx-x86_64-clang 1.7 74.88 OK
r-devel-windows-ix86+x86_64 1.7 21.00 50.00 71.00 OK
r-patched-linux-x86_64 1.7 12.52 29.42 41.93 OK
r-patched-solaris-sparc 1.7 473.50 OK
r-patched-solaris-x86 1.7 121.90 OK
r-release-linux-ix86 1.7 14.85 39.14 54.00 OK
r-release-linux-x86_64 1.7 10.55 29.61 40.16 OK
r-release-osx-x86_64-mavericks 1.7 OK
r-release-osx-x86_64-snowleopard 1.7 ERROR
r-release-windows-ix86+x86_64 1.7 30.00 52.00 82.00 OK
r-oldrel-windows-ix86+x86_64 1.7 26.00 51.00 77.00 OK

Check Details

Version: 1.7
Check: whether package can be installed
Result: ERROR
    Installation failed.
Flavor: r-release-osx-x86_64-snowleopard