CRAN Package Check Results for Package fds

Last updated on 2016-02-07 15:46:41.

Flavor Version Tinstall Tcheck Ttotal Status Flags
r-devel-linux-x86_64-debian-gcc 1.7 10.77 24.69 35.46 NOTE
r-devel-linux-x86_64-fedora-clang 1.7 62.66 NOTE
r-devel-linux-x86_64-fedora-gcc 1.7 62.59 NOTE
r-devel-osx-x86_64-clang 1.7 71.55 NOTE
r-devel-windows-ix86+x86_64 1.7 19.00 48.00 67.00 NOTE
r-patched-linux-x86_64 1.7 10.55 26.72 37.26 NOTE
r-patched-solaris-sparc 1.7 423.00 NOTE
r-patched-solaris-x86 1.7 99.70 NOTE
r-release-linux-x86_64 1.7 10.41 27.29 37.70 NOTE
r-release-osx-x86_64-mavericks 1.7 NOTE
r-release-windows-ix86+x86_64 1.7 20.00 49.00 69.00 NOTE
r-oldrel-windows-ix86+x86_64 1.7 38.00 73.00 111.00 OK

Check Details

Version: 1.7
Check: DESCRIPTION meta-information
Result: NOTE
    Malformed Description field: should contain one or more complete sentences.
Flavors: r-devel-linux-x86_64-debian-gcc, r-devel-linux-x86_64-fedora-clang, r-devel-linux-x86_64-fedora-gcc, r-devel-osx-x86_64-clang, r-devel-windows-ix86+x86_64, r-patched-linux-x86_64, r-patched-solaris-sparc, r-patched-solaris-x86, r-release-linux-x86_64, r-release-osx-x86_64-mavericks, r-release-windows-ix86+x86_64

Version: 1.7
Check: R code for possible problems
Result: NOTE
    read.hmd: no visible global function definition for ‘read.table’
    Undefined global functions or variables:
     read.table
    Consider adding
     importFrom("utils", "read.table")
    to your NAMESPACE file.
Flavors: r-devel-linux-x86_64-debian-gcc, r-devel-linux-x86_64-fedora-clang, r-devel-linux-x86_64-fedora-gcc, r-devel-osx-x86_64-clang, r-devel-windows-ix86+x86_64