CRAN Package Check Results for Package fds

Last updated on 2014-07-24 17:49:00.

Flavor Version Tinstall Tcheck Ttotal Status Flags
r-devel-linux-x86_64-debian-clang 1.7 10.85 29.74 40.60 OK
r-devel-linux-x86_64-debian-gcc 1.7 11.45 28.89 40.34 OK
r-devel-linux-x86_64-fedora-clang 1.7 81.81 OK
r-devel-linux-x86_64-fedora-gcc 1.7 80.39 OK
r-devel-osx-x86_64-clang 1.7 72.65 OK
r-devel-windows-ix86+x86_64 1.7 19.00 49.00 68.00 OK
r-patched-linux-x86_64 1.7 10.78 29.42 40.20 OK
r-patched-solaris-sparc 1.7 425.50 OK
r-patched-solaris-x86 1.7 114.20 OK
r-release-linux-ix86 1.7 15.48 41.12 56.60 OK
r-release-linux-x86_64 1.7 11.39 29.79 41.18 OK
r-release-osx-x86_64-mavericks 1.7 OK
r-release-osx-x86_64-snowleopard 1.7 ERROR
r-release-windows-ix86+x86_64 1.7 25.00 48.00 73.00 OK
r-oldrel-windows-ix86+x86_64 1.7 24.00 52.00 76.00 OK

Check Details

Version: 1.7
Check: whether package can be installed
Result: ERROR
    Installation failed.
    See ‘/Volumes/XT3/Builds/R-dev-web/QA/Simon/packages/snowleopard-x86_64/results/3.1/fds.Rcheck/00install.out’ for details.
Flavor: r-release-osx-x86_64-snowleopard