CRAN Package Check Results for Package feamiR

Last updated on 2021-04-14 09:48:54 CEST.

Flavor Version Tinstall Tcheck Ttotal Status Flags
r-devel-linux-x86_64-debian-clang 0.1.0 3.62 74.79 78.41 NOTE
r-devel-linux-x86_64-debian-gcc 0.1.0 3.12 54.40 57.52 NOTE
r-devel-linux-x86_64-fedora-clang 0.1.0 98.90 NOTE
r-devel-linux-x86_64-fedora-gcc 0.1.0 88.97 NOTE
r-devel-windows-ix86+x86_64 0.1.0 10.00 98.00 108.00 NOTE
r-devel-windows-x86_64-gcc10-UCRT 0.1.0 NOTE
r-patched-linux-x86_64 0.1.0 4.09 70.00 74.09 OK
r-patched-solaris-x86 0.1.0 130.80 OK
r-release-linux-x86_64 0.1.0 3.36 71.36 74.72 OK
r-release-macos-x86_64 0.1.0 OK
r-release-windows-ix86+x86_64 0.1.0 25.00 93.00 118.00 OK
r-oldrel-macos-x86_64 0.1.0 OK
r-oldrel-windows-ix86+x86_64 0.1.0 5.00 70.00 75.00 OK

Check Details

Version: 0.1.0
Check: LazyData
Result: NOTE
     'LazyData' is specified without a 'data' directory
Flavors: r-devel-linux-x86_64-debian-clang, r-devel-linux-x86_64-debian-gcc, r-devel-linux-x86_64-fedora-clang, r-devel-linux-x86_64-fedora-gcc, r-devel-windows-ix86+x86_64, r-devel-windows-x86_64-gcc10-UCRT