CRAN Package Check Results for Package feature

Last updated on 2015-03-31 19:51:03.

Flavor Version Tinstall Tcheck Ttotal Status Flags
r-devel-linux-x86_64-debian-clang 1.2.11 0.85 23.20 24.05 NOTE
r-devel-linux-x86_64-debian-gcc 1.2.11 0.79 23.00 23.78 NOTE
r-devel-linux-x86_64-fedora-clang 1.2.11 48.23 NOTE
r-devel-linux-x86_64-fedora-gcc 1.2.11 47.85 NOTE
r-devel-osx-x86_64-clang 1.2.11 52.95 NOTE
r-prerel-windows-ix86+x86_64 1.2.11 3.00 35.00 38.00 NOTE
r-prerel-linux-x86_64 1.2.11 0.82 23.24 24.06 NOTE
r-prerel-solaris-sparc 1.2.11 282.80 NOTE
r-prerel-solaris-x86 1.2.11 77.80 NOTE
r-release-linux-x86_64 1.2.11 1.05 26.51 27.56 OK
r-release-osx-x86_64-mavericks 1.2.11 OK
r-release-osx-x86_64-snowleopard 1.2.11 ERROR
r-release-windows-ix86+x86_64 1.2.11 4.00 44.00 48.00 OK
r-oldrel-windows-ix86+x86_64 1.2.11 6.00 43.00 49.00 OK

Check Details

Version: 1.2.11
Check: DESCRIPTION meta-information
Result: NOTE
    Malformed Description field: should contain one or more complete sentences.
Flavors: r-devel-linux-x86_64-debian-clang, r-devel-linux-x86_64-debian-gcc, r-devel-linux-x86_64-fedora-clang, r-devel-linux-x86_64-fedora-gcc, r-devel-osx-x86_64-clang, r-prerel-windows-ix86+x86_64, r-prerel-linux-x86_64, r-prerel-solaris-sparc, r-prerel-solaris-x86

Version: 1.2.11
Check: examples
Result: ERROR
    Running examples in ‘feature-Ex.R’ failed
    The error most likely occurred in:
    
    > ### Name: plot.fs
    > ### Title: Feature signficance plot for 1- to 3-dimensional data
    > ### Aliases: plot.fs
    > ### Keywords: hplot
    >
    > ### ** Examples
    >
    > ## See ? featureSignif for uni- and bivariate examples
    > ## Trivariate example
    > data(earthquake)
    > earthquake[,3] <- -log10(-earthquake[,3])
    > fs <- featureSignif(earthquake, scaleData=TRUE, bw=c(0.06, 0.06, 0.05))
    > plot(fs, addKDE=FALSE, addSignifCurvRegion=TRUE)
    Tue Mar 31 03:54:05 hagal.research.att.com R[61505] <Error>: unknown error code: invalid pixel format
    Tue Mar 31 03:54:05 hagal.research.att.com R[61505] <Error>: kCGErrorFailure: Set a breakpoint @ CGErrorBreakpoint() to catch errors as they are logged.
    X Error of failed request: GLXBadContext
     Major opcode of failed request: 0 ()
     Serial number of failed request: 27
     Current serial number in output stream: 27
Flavor: r-release-osx-x86_64-snowleopard