CRAN Package Check Results for Package feature

Last updated on 2015-07-04 11:49:42.

Flavor Version Tinstall Tcheck Ttotal Status Flags
r-devel-linux-x86_64-debian-clang 1.2.11 0.84 23.81 24.65 NOTE
r-devel-linux-x86_64-debian-gcc 1.2.11 0.76 22.67 23.44 NOTE
r-devel-linux-x86_64-fedora-clang 1.2.11 45.33 NOTE
r-devel-linux-x86_64-fedora-gcc 1.2.11 44.36 NOTE
r-devel-osx-x86_64-clang 1.2.11 43.00 NOTE
r-devel-windows-ix86+x86_64 1.2.11 4.00 35.00 39.00 NOTE
r-patched-linux-x86_64 1.2.11 0.85 22.70 23.55 NOTE
r-patched-solaris-sparc 1.2.11 312.90 NOTE
r-patched-solaris-x86 1.2.11 79.40 NOTE
r-release-linux-x86_64 1.2.11 0.78 22.93 23.71 NOTE
r-release-osx-x86_64-mavericks 1.2.11 NOTE
r-release-windows-ix86+x86_64 1.2.11 4.00 36.00 40.00 NOTE
r-oldrel-windows-ix86+x86_64 1.2.11 4.00 42.00 46.00 OK

Check Details

Version: 1.2.11
Check: DESCRIPTION meta-information
Result: NOTE
    Malformed Description field: should contain one or more complete sentences.
Flavors: r-devel-linux-x86_64-debian-clang, r-devel-linux-x86_64-debian-gcc, r-devel-linux-x86_64-fedora-clang, r-devel-linux-x86_64-fedora-gcc, r-devel-osx-x86_64-clang, r-devel-windows-ix86+x86_64, r-patched-linux-x86_64, r-patched-solaris-sparc, r-patched-solaris-x86, r-release-linux-x86_64, r-release-osx-x86_64-mavericks, r-release-windows-ix86+x86_64

Version: 1.2.11
Check: R code for possible problems
Result: NOTE
    SiCon: no visible global function definition for ‘image’
    SiCon: no visible global function definition for ‘legend’
    SiZer: no visible global function definition for ‘image’
    SiZer: no visible global function definition for ‘legend’
    SignifFeatureRegion: no visible global function definition for ‘pchisq’
    addSignifFeatureData: no visible global function definition for ‘rug’
    addSignifFeatureData: no visible global function definition for
     ‘points’
    addSignifFeatureRegion: no visible global function definition for
     ‘lines’
    addSignifFeatureRegion: no visible global function definition for
     ‘points’
    addSignifFeatureRegion: no visible global function definition for
     ‘contour’
    dfltBWrange: no visible binding for global variable ‘sd’
    dfltBWrange: no visible binding for global variable ‘IQR’
    dfltBWrange: no visible global function definition for ‘qnorm’
    featureSignifGUI : fscreate.tcl: no visible global function definition
     for ‘plot’
    featureSignifGUI : fsdata.tcl: no visible global function definition
     for ‘plot’
    featureSignifGUI : fsgraddata.tcl: no visible global function
     definition for ‘plot’
    featureSignifGUI : fsgradregion.tcl: no visible global function
     definition for ‘plot’
    featureSignifGUI : fscurvdata.tcl: no visible global function
     definition for ‘plot’
    featureSignifGUI : fscurvregion.tcl: no visible global function
     definition for ‘plot’
    featureSignifGUI : fsclearall1.tcl: no visible global function
     definition for ‘plot’
    featureSignifGUI : fsclearall2.tcl: no visible global function
     definition for ‘plot’
    plot.fs: no visible global function definition for ‘heat.colors’
    plot.fs: no visible global function definition for ‘par’
    plot.fs: no visible global function definition for ‘plot’
    plot.fs: no visible global function definition for ‘lines’
    plot.fs: no visible global function definition for ‘rug’
    plot.fs: no visible global function definition for ‘image’
    plot.fs: no visible global function definition for ‘box’
    plot.fs: no visible global function definition for ‘points’
    Undefined global functions or variables:
     IQR box contour heat.colors image legend lines par pchisq plot points
     qnorm rug sd
Flavors: r-devel-linux-x86_64-debian-clang, r-devel-linux-x86_64-debian-gcc, r-devel-linux-x86_64-fedora-clang, r-devel-linux-x86_64-fedora-gcc, r-devel-windows-ix86+x86_64