CRAN Package Check Results for Package feature

Last updated on 2015-05-29 23:47:46.

Flavor Version Tinstall Tcheck Ttotal Status Flags
r-devel-linux-x86_64-debian-clang 1.2.11 0.76 23.27 24.03 NOTE
r-devel-linux-x86_64-debian-gcc 1.2.11 0.82 23.30 24.12 NOTE
r-devel-linux-x86_64-fedora-clang 1.2.11 49.20 NOTE
r-devel-linux-x86_64-fedora-gcc 1.2.11 44.54 NOTE
r-devel-osx-x86_64-clang 1.2.11 47.71 NOTE
r-devel-windows-ix86+x86_64 1.2.11 4.00 34.00 38.00 NOTE
r-patched-linux-x86_64 1.2.11 0.78 23.57 24.34 NOTE
r-patched-solaris-sparc 1.2.11 312.90 NOTE
r-patched-solaris-x86 1.2.11 79.10 NOTE
r-release-linux-x86_64 1.2.11 0.80 23.77 24.56 NOTE
r-release-osx-x86_64-mavericks 1.2.11 NOTE
r-release-osx-x86_64-snowleopard 1.2.11 ERROR
r-release-windows-ix86+x86_64 1.2.11 4.00 34.00 38.00 NOTE
r-oldrel-windows-ix86+x86_64 1.2.11 5.00 42.00 47.00 OK

Check Details

Version: 1.2.11
Check: DESCRIPTION meta-information
Result: NOTE
    Malformed Description field: should contain one or more complete sentences.
Flavors: r-devel-linux-x86_64-debian-clang, r-devel-linux-x86_64-debian-gcc, r-devel-linux-x86_64-fedora-clang, r-devel-linux-x86_64-fedora-gcc, r-devel-osx-x86_64-clang, r-devel-windows-ix86+x86_64, r-patched-linux-x86_64, r-patched-solaris-sparc, r-patched-solaris-x86, r-release-linux-x86_64, r-release-osx-x86_64-mavericks, r-release-osx-x86_64-snowleopard, r-release-windows-ix86+x86_64

Version: 1.2.11
Check: examples
Result: ERROR
    Running examples in ‘feature-Ex.R’ failed
    The error most likely occurred in:
    
    > ### Name: plot.fs
    > ### Title: Feature signficance plot for 1- to 3-dimensional data
    > ### Aliases: plot.fs
    > ### Keywords: hplot
    >
    > ### ** Examples
    >
    > ## See ? featureSignif for uni- and bivariate examples
    > ## Trivariate example
    > data(earthquake)
    > earthquake[,3] <- -log10(-earthquake[,3])
    > fs <- featureSignif(earthquake, scaleData=TRUE, bw=c(0.06, 0.06, 0.05))
    > plot(fs, addKDE=FALSE, addSignifCurvRegion=TRUE)
    Wed Apr 29 09:11:43 hagal.research.att.com R[52614] <Error>: unknown error code: invalid pixel format
    Wed Apr 29 09:11:43 hagal.research.att.com R[52614] <Error>: kCGErrorFailure: Set a breakpoint @ CGErrorBreakpoint() to catch errors as they are logged.
    X Error of failed request: GLXBadContext
     Major opcode of failed request: 0 ()
     Serial number of failed request: 27
     Current serial number in output stream: 27
Flavor: r-release-osx-x86_64-snowleopard