CRAN Package Check Results for Package feature

Last updated on 2016-09-28 15:47:55.

Flavor Version Tinstall Tcheck Ttotal Status Flags
r-devel-linux-x86_64-debian-clang 1.2.13 1.40 30.79 32.19 OK
r-devel-linux-x86_64-debian-gcc 1.2.13 1.39 29.97 31.36 OK
r-devel-linux-x86_64-fedora-clang 1.2.13 55.70 OK
r-devel-linux-x86_64-fedora-gcc 1.2.13 54.11 OK
r-devel-macos-x86_64-clang 1.2.13 45.77 OK
r-devel-windows-ix86+x86_64 1.2.13 10.00 76.00 86.00 OK
r-patched-linux-x86_64 1.2.13 1.68 29.84 31.53 OK
r-patched-solaris-sparc 1.2.13 324.70 OK
r-patched-solaris-x86 1.2.13 81.20 OK
r-release-linux-x86_64 1.2.13 1.40 31.99 33.39 OK
r-release-osx-x86_64-mavericks 1.2.13 WARN
r-release-windows-ix86+x86_64 1.2.13 9.00 54.00 63.00 OK
r-oldrel-windows-ix86+x86_64 1.2.13 10.00 80.00 90.00 OK

Check Details

Version: 1.2.13
Check: whether package can be installed
Result: WARN
    Found the following significant warnings:
     Warning: 'rgl_init' failed, running with rgl.useNULL = TRUE
Flavor: r-release-osx-x86_64-mavericks

Version: 1.2.13
Check: dependencies in R code
Result: NOTE
    Invalid MIT-MAGIC-COOKIE-1 keyInvalid MIT-MAGIC-COOKIE-1 key
Flavor: r-release-osx-x86_64-mavericks

Version: 1.2.13
Check: S3 generic/method consistency
Result: WARN
    Invalid MIT-MAGIC-COOKIE-1 keyInvalid MIT-MAGIC-COOKIE-1 key
    See section ‘Generic functions and methods’ in the ‘Writing R
    Extensions’ manual.
Flavor: r-release-osx-x86_64-mavericks

Version: 1.2.13
Check: replacement functions
Result: WARN
    Invalid MIT-MAGIC-COOKIE-1 keyInvalid MIT-MAGIC-COOKIE-1 key
    The argument of a replacement function which corresponds to the right
    hand side must be named ‘value’.
Flavor: r-release-osx-x86_64-mavericks

Version: 1.2.13
Check: foreign function calls
Result: NOTE
    Invalid MIT-MAGIC-COOKIE-1 keyInvalid MIT-MAGIC-COOKIE-1 key
    See chapter ‘System and foreign language interfaces’ in the ‘Writing R
    Extensions’ manual.
Flavor: r-release-osx-x86_64-mavericks

Version: 1.2.13
Check: R code for possible problems
Result: NOTE
    Invalid MIT-MAGIC-COOKIE-1 keyInvalid MIT-MAGIC-COOKIE-1 key
Flavor: r-release-osx-x86_64-mavericks

Version: 1.2.13
Check: for missing documentation entries
Result: WARN
    Invalid MIT-MAGIC-COOKIE-1 keyInvalid MIT-MAGIC-COOKIE-1 key
    All user-level objects in a package should have documentation entries.
    See chapter ‘Writing R documentation files’ in the ‘Writing R
    Extensions’ manual.
Flavor: r-release-osx-x86_64-mavericks

Version: 1.2.13
Check: for code/documentation mismatches
Result: WARN
    Invalid MIT-MAGIC-COOKIE-1 keyInvalid MIT-MAGIC-COOKIE-1 key
    Invalid MIT-MAGIC-COOKIE-1 keyInvalid MIT-MAGIC-COOKIE-1 key
    Invalid MIT-MAGIC-COOKIE-1 keyInvalid MIT-MAGIC-COOKIE-1 key
Flavor: r-release-osx-x86_64-mavericks

Version: 1.2.13
Check: Rd \usage sections
Result: NOTE
    Invalid MIT-MAGIC-COOKIE-1 keyInvalid MIT-MAGIC-COOKIE-1 key
    The \usage entries for S3 methods should use the \method markup and not
    their full name.
    See chapter ‘Writing R documentation files’ in the ‘Writing R
    Extensions’ manual.
Flavor: r-release-osx-x86_64-mavericks