CRAN Package Check Results for Package feature

Last updated on 2015-04-18 08:48:40.

Flavor Version Tinstall Tcheck Ttotal Status Flags
r-devel-linux-x86_64-debian-clang 1.2.11 0.80 23.20 24.00 NOTE
r-devel-linux-x86_64-debian-gcc 1.2.11 0.78 23.31 24.08 NOTE
r-devel-linux-x86_64-fedora-clang 1.2.11 46.98 NOTE
r-devel-linux-x86_64-fedora-gcc 1.2.11 46.26 NOTE
r-devel-osx-x86_64-clang 1.2.11 47.59 NOTE
r-prerel-windows-ix86+x86_64 1.2.11 4.00 36.00 40.00 NOTE
r-prerel-linux-x86_64 1.2.11 0.78 22.97 23.76 NOTE
r-prerel-solaris-sparc 1.2.11 282.80 NOTE
r-prerel-solaris-x86 1.2.11 79.40 NOTE
r-release-linux-x86_64 1.2.11 1.02 27.61 28.63 OK
r-release-osx-x86_64-mavericks 1.2.11 OK
r-release-osx-x86_64-snowleopard 1.2.11 ERROR
r-release-windows-ix86+x86_64 1.2.11 5.00 52.00 57.00 OK
r-oldrel-windows-ix86+x86_64 1.2.11 5.00 56.00 61.00 OK

Check Details

Version: 1.2.11
Check: DESCRIPTION meta-information
Result: NOTE
    Malformed Description field: should contain one or more complete sentences.
Flavors: r-devel-linux-x86_64-debian-clang, r-devel-linux-x86_64-debian-gcc, r-devel-linux-x86_64-fedora-clang, r-devel-linux-x86_64-fedora-gcc, r-devel-osx-x86_64-clang, r-prerel-windows-ix86+x86_64, r-prerel-linux-x86_64, r-prerel-solaris-sparc, r-prerel-solaris-x86

Version: 1.2.11
Check: examples
Result: ERROR
    Running examples in ‘feature-Ex.R’ failed
    The error most likely occurred in:
    
    > ### Name: plot.fs
    > ### Title: Feature signficance plot for 1- to 3-dimensional data
    > ### Aliases: plot.fs
    > ### Keywords: hplot
    >
    > ### ** Examples
    >
    > ## See ? featureSignif for uni- and bivariate examples
    > ## Trivariate example
    > data(earthquake)
    > earthquake[,3] <- -log10(-earthquake[,3])
    > fs <- featureSignif(earthquake, scaleData=TRUE, bw=c(0.06, 0.06, 0.05))
    > plot(fs, addKDE=FALSE, addSignifCurvRegion=TRUE)
    Tue Apr 14 04:23:25 hagal.research.att.com R[83411] <Error>: unknown error code: invalid pixel format
    Tue Apr 14 04:23:25 hagal.research.att.com R[83411] <Error>: kCGErrorFailure: Set a breakpoint @ CGErrorBreakpoint() to catch errors as they are logged.
    X Error of failed request: GLXBadContext
     Major opcode of failed request: 0 ()
     Serial number of failed request: 27
     Current serial number in output stream: 27
Flavor: r-release-osx-x86_64-snowleopard