CRAN Package Check Results for Package feature

Last updated on 2015-02-01 20:48:33.

Flavor Version Tinstall Tcheck Ttotal Status Flags
r-devel-linux-x86_64-debian-clang 1.2.11 0.84 23.17 24.01 OK
r-devel-linux-x86_64-debian-gcc 1.2.11 0.78 22.34 23.12 OK
r-devel-linux-x86_64-fedora-clang 1.2.11 47.16 OK
r-devel-linux-x86_64-fedora-gcc 1.2.11 44.37 OK
r-devel-osx-x86_64-clang 1.2.11 56.69 OK
r-devel-windows-ix86+x86_64 1.2.11 5.00 32.00 37.00 OK
r-patched-linux-x86_64 1.2.11 1.03 26.82 27.85 OK
r-patched-solaris-sparc 1.2.11 331.70 OK
r-patched-solaris-x86 1.2.11 93.90 OK
r-release-linux-ix86 1.2.11 1.40 39.49 40.89 OK
r-release-linux-x86_64 1.2.11 1.05 26.42 27.47 OK
r-release-osx-x86_64-mavericks 1.2.11 OK
r-release-osx-x86_64-snowleopard 1.2.11 ERROR
r-release-windows-ix86+x86_64 1.2.11 6.00 43.00 49.00 OK
r-oldrel-windows-ix86+x86_64 1.2.11 5.00 44.00 49.00 OK

Check Details

Version: 1.2.11
Check: examples
Result: ERROR
    Running examples in ‘feature-Ex.R’ failed
    The error most likely occurred in:
    
    > ### Name: plot.fs
    > ### Title: Feature signficance plot for 1- to 3-dimensional data
    > ### Aliases: plot.fs
    > ### Keywords: hplot
    >
    > ### ** Examples
    >
    > ## See ? featureSignif for uni- and bivariate examples
    > ## Trivariate example
    > data(earthquake)
    > earthquake[,3] <- -log10(-earthquake[,3])
    > fs <- featureSignif(earthquake, scaleData=TRUE, bw=c(0.06, 0.06, 0.05))
    > plot(fs, addKDE=FALSE, addSignifCurvRegion=TRUE)
    Sun Feb 1 09:45:24 hagal.research.att.com R[10430] <Error>: unknown error code: invalid pixel format
    Sun Feb 1 09:45:24 hagal.research.att.com R[10430] <Error>: kCGErrorFailure: Set a breakpoint @ CGErrorBreakpoint() to catch errors as they are logged.
    X Error of failed request: GLXBadContext
     Major opcode of failed request: 0 ()
     Serial number of failed request: 27
     Current serial number in output stream: 27
Flavor: r-release-osx-x86_64-snowleopard