CRAN Package Check Results for Package feature

Last updated on 2019-07-17 19:46:48 CEST.

Flavor Version Tinstall Tcheck Ttotal Status Flags
r-devel-linux-x86_64-debian-clang 1.2.13 10.59 82.17 92.76 OK
r-devel-linux-x86_64-debian-gcc 1.2.13 9.05 65.45 74.50 OK
r-devel-linux-x86_64-fedora-clang 1.2.13 115.32 OK
r-devel-linux-x86_64-fedora-gcc 1.2.13 123.33 OK
r-devel-windows-ix86+x86_64 1.2.13 25.00 99.00 124.00 OK
r-patched-linux-x86_64 1.2.13 11.86 81.39 93.25 OK
r-patched-solaris-x86 1.2.13 177.30 OK
r-release-linux-x86_64 1.2.13 10.82 81.11 91.93 OK
r-release-windows-ix86+x86_64 1.2.13 4.00 5.00 9.00 ERROR
r-release-osx-x86_64 1.2.13 WARN
r-oldrel-windows-ix86+x86_64 1.2.13 10.00 122.00 132.00 OK
r-oldrel-osx-x86_64 1.2.13 OK

Check Details

Version: 1.2.13
Check: whether package can be installed
Result: ERROR
    Installation failed.
Flavor: r-release-windows-ix86+x86_64

Version: 1.2.13
Check: whether package can be installed
Result: WARN
    Found the following significant warnings:
     Warning: 'rgl_init' failed, running with rgl.useNULL = TRUE
Flavor: r-release-osx-x86_64