CRAN Package Check Results for Package feature

Last updated on 2014-04-24 17:49:43.

Flavor Version Tinstall Tcheck Ttotal Status Flags
r-devel-linux-x86_64-debian-clang 1.2.10 1.16 30.08 31.24 OK
r-devel-linux-x86_64-debian-gcc 1.2.10 1.14 29.69 30.84 OK
r-devel-linux-x86_64-fedora-clang 1.2.10 60.30 OK
r-devel-linux-x86_64-fedora-gcc 1.2.10 59.31 OK
r-devel-osx-x86_64-clang 1.2.10 54.65 OK
r-devel-osx-x86_64-gcc 1.2.10 OK
r-devel-windows-ix86+x86_64 1.2.10 2.00 1.00 3.00 ERROR
r-patched-linux-x86_64 1.2.10 1.12 29.99 31.11 OK
r-patched-solaris-sparc 1.2.10 352.10 OK
r-patched-solaris-x86 1.2.10 105.10 OK
r-release-linux-ix86 1.2.10 2.00 58.00 60.00 OK
r-release-linux-x86_64 1.2.10 1.06 29.06 30.12 OK
r-release-osx-x86_64-mavericks 1.2.10 WARN
r-release-osx-x86_64-snowleopard 1.2.10 OK
r-release-windows-ix86+x86_64 1.2.10 5.00 42.00 47.00 OK
r-oldrel-windows-ix86+x86_64 1.2.10 6.00 47.00 53.00 OK

Check Details

Version: 1.2.10
Check: whether package can be installed
Result: ERROR
    Installation failed.
    See 'd:/Rcompile/CRANpkg/local/3.2/feature.Rcheck/00install.out' for details.
Flavor: r-devel-windows-ix86+x86_64

Version: 1.2.10
Check: PDF version of manual
Result: WARNING
    LaTeX errors when creating PDF version.
    This typically indicates Rd problems.
    LaTeX errors found:
    ! LaTeX Error: File `upquote.sty' not found.
    
    Type X to quit or <RETURN> to proceed,
    or enter new name. (Default extension: sty)
    
    f0fb470/Rd2.tex:8: ==> Fatal error occurred, no output PDF file produced!
Flavor: r-release-osx-x86_64-mavericks