CRAN Package Check Results for Package feature

Last updated on 2014-11-22 11:49:11.

Flavor Version Tinstall Tcheck Ttotal Status Flags
r-devel-linux-x86_64-debian-clang 1.2.11 1.02 27.22 28.24 OK
r-devel-linux-x86_64-debian-gcc 1.2.11 1.05 27.12 28.18 OK
r-devel-linux-x86_64-fedora-clang 1.2.11 53.61 OK
r-devel-linux-x86_64-fedora-gcc 1.2.11 52.13 OK
r-devel-osx-x86_64-clang 1.2.11 54.56 OK
r-devel-windows-ix86+x86_64 1.2.11 5.00 53.00 58.00 OK
r-patched-linux-x86_64 1.2.11 1.00 26.43 27.43 OK
r-patched-solaris-sparc 1.2.11 300.80 OK
r-patched-solaris-x86 1.2.11 87.30 OK
r-release-linux-ix86 1.2.11 1.40 37.08 38.48 OK
r-release-linux-x86_64 1.2.11 1.08 27.87 28.95 OK
r-release-osx-x86_64-mavericks 1.2.11 OK
r-release-osx-x86_64-snowleopard 1.2.11 ERROR
r-release-windows-ix86+x86_64 1.2.11 6.00 46.00 52.00 OK
r-oldrel-windows-ix86+x86_64 1.2.11 4.00 43.00 47.00 OK

Check Details

Version: 1.2.11
Check: examples
Result: ERROR
    Running examples in ‘feature-Ex.R’ failed
    The error most likely occurred in:
    
    > ### Name: plot.fs
    > ### Title: Feature signficance plot for 1- to 3-dimensional data
    > ### Aliases: plot.fs
    > ### Keywords: hplot
    >
    > ### ** Examples
    >
    > ## See ? featureSignif for uni- and bivariate examples
    > ## Trivariate example
    > data(earthquake)
    > earthquake[,3] <- -log10(-earthquake[,3])
    > fs <- featureSignif(earthquake, scaleData=TRUE, bw=c(0.06, 0.06, 0.05))
    > plot(fs, addKDE=FALSE, addSignifCurvRegion=TRUE)
    Fri Nov 21 09:28:09 hagal.research.att.com R[29995] <Error>: unknown error code: invalid pixel format
    Fri Nov 21 09:28:09 hagal.research.att.com R[29995] <Error>: kCGErrorFailure: Set a breakpoint @ CGErrorBreakpoint() to catch errors as they are logged.
    X Error of failed request: GLXBadContext
     Major opcode of failed request: 0 ()
     Serial number of failed request: 27
     Current serial number in output stream: 27
Flavor: r-release-osx-x86_64-snowleopard