CRAN Package Check Results for Package features

Last updated on 2015-01-28 23:49:32.

Flavor Version Tinstall Tcheck Ttotal Status Flags
r-devel-linux-x86_64-debian-clang 2011.8-2 0.61 10.08 10.70 NOTE
r-devel-linux-x86_64-debian-gcc 2011.8-2 0.53 9.98 10.51 NOTE
r-devel-linux-x86_64-fedora-clang 2011.8-2 25.37 NOTE
r-devel-linux-x86_64-fedora-gcc 2011.8-2 22.59 NOTE
r-devel-osx-x86_64-clang 2011.8-2 29.27 NOTE
r-devel-windows-ix86+x86_64 2011.8-2 3.00 16.00 19.00 NOTE
r-patched-linux-x86_64 2011.8-2 0.76 10.98 11.74 NOTE
r-patched-solaris-sparc 2011.8-2 159.60 NOTE
r-patched-solaris-x86 2011.8-2 35.00 NOTE
r-release-linux-ix86 2011.8-2 0.94 17.06 18.00 NOTE
r-release-linux-x86_64 2011.8-2 0.62 10.90 11.52 NOTE
r-release-osx-x86_64-mavericks 2011.8-2 NOTE
r-release-osx-x86_64-snowleopard 2011.8-2 OK
r-release-windows-ix86+x86_64 2011.8-2 3.00 22.00 25.00 NOTE
r-oldrel-windows-ix86+x86_64 2011.8-2 3.00 30.00 33.00 NOTE

Check Details

Version: 2011.8-2
Check: dependencies in R code
Result: NOTE
    Package in Depends field not imported from: ‘lokern’
     These packages need to be imported from (in the NAMESPACE file)
     for when this namespace is loaded but not attached.
Flavors: r-devel-linux-x86_64-debian-clang, r-devel-linux-x86_64-debian-gcc, r-devel-linux-x86_64-fedora-clang, r-devel-linux-x86_64-fedora-gcc, r-devel-osx-x86_64-clang, r-devel-windows-ix86+x86_64

Version: 2011.8-2
Check: R code for possible problems
Result: NOTE
    features : deriv1: no visible global function definition for ‘glkerns’
    features : deriv2: no visible global function definition for ‘glkerns’
    features: no visible global function definition for ‘glkerns’
Flavors: r-devel-linux-x86_64-debian-clang, r-devel-linux-x86_64-debian-gcc, r-devel-linux-x86_64-fedora-clang, r-devel-linux-x86_64-fedora-gcc, r-devel-osx-x86_64-clang, r-devel-windows-ix86+x86_64, r-patched-linux-x86_64, r-patched-solaris-sparc, r-patched-solaris-x86, r-release-linux-ix86, r-release-linux-x86_64, r-release-osx-x86_64-mavericks, r-release-windows-ix86+x86_64

Version: 2011.8-2
Check: dependencies in R code
Result: NOTE
    Package in Depends field not imported from: ‘lokern’
     These packages need to be imported from (in the NAMESPACE file)
     for when this namespace is loaded but not attached.
    See the information on DESCRIPTION files in the chapter ‘Creating R
    packages’ of the ‘Writing R Extensions’ manual.
Flavors: r-patched-linux-x86_64, r-patched-solaris-sparc, r-patched-solaris-x86, r-release-linux-ix86, r-release-linux-x86_64, r-release-osx-x86_64-mavericks, r-release-windows-ix86+x86_64, r-oldrel-windows-ix86+x86_64