CRAN Package Check Results for Package features

Last updated on 2014-07-22 19:47:50.

Flavor Version Tinstall Tcheck Ttotal Status Flags
r-devel-linux-x86_64-debian-clang 2011.8-2 0.55 10.03 10.58 NOTE
r-devel-linux-x86_64-debian-gcc 2011.8-2 0.54 9.91 10.45 NOTE
r-devel-linux-x86_64-fedora-clang 2011.8-2 22.68 NOTE
r-devel-linux-x86_64-fedora-gcc 2011.8-2 21.31 NOTE
r-devel-osx-x86_64-clang 2011.8-2 25.17 NOTE
r-devel-windows-ix86+x86_64 2011.8-2 3.00 17.00 20.00 NOTE
r-patched-linux-x86_64 2011.8-2 0.53 10.11 10.64 NOTE
r-patched-solaris-sparc 2011.8-2 123.40 NOTE
r-patched-solaris-x86 2011.8-2 31.70 NOTE
r-release-linux-ix86 2011.8-2 0.91 16.54 17.45 NOTE
r-release-linux-x86_64 2011.8-2 0.57 10.44 11.01 NOTE
r-release-osx-x86_64-mavericks 2011.8-2 NOTE
r-release-osx-x86_64-snowleopard 2011.8-2 OK
r-release-windows-ix86+x86_64 2011.8-2 3.00 18.00 21.00 NOTE
r-oldrel-windows-ix86+x86_64 2011.8-2 3.00 20.00 23.00 NOTE

Check Details

Version: 2011.8-2
Check: dependencies in R code
Result: NOTE
    Package in Depends field not imported from: ‘lokern’
     These packages need to be imported from (in the NAMESPACE file)
     for when this namespace is loaded but not attached.
    See the information on DESCRIPTION files in the chapter ‘Creating R
    packages’ of the ‘Writing R Extensions’ manual.
Flavors: r-devel-linux-x86_64-debian-clang, r-devel-linux-x86_64-debian-gcc, r-devel-linux-x86_64-fedora-clang, r-devel-linux-x86_64-fedora-gcc, r-devel-osx-x86_64-clang, r-devel-windows-ix86+x86_64, r-patched-linux-x86_64, r-patched-solaris-sparc, r-patched-solaris-x86, r-release-linux-ix86, r-release-linux-x86_64, r-release-osx-x86_64-mavericks, r-release-windows-ix86+x86_64, r-oldrel-windows-ix86+x86_64