CRAN Package Check Results for Package features

Last updated on 2015-04-01 16:52:01.

Flavor Version Tinstall Tcheck Ttotal Status Flags
r-devel-linux-x86_64-debian-clang 2011.8-2 0.52 9.80 10.33 NOTE
r-devel-linux-x86_64-debian-gcc 2011.8-2 0.56 9.82 10.38 NOTE
r-devel-linux-x86_64-fedora-clang 2011.8-2 20.10 NOTE
r-devel-linux-x86_64-fedora-gcc 2011.8-2 20.21 NOTE
r-devel-osx-x86_64-clang 2011.8-2 29.16 NOTE
r-prerel-windows-ix86+x86_64 2011.8-2 2.00 16.00 18.00 NOTE
r-prerel-linux-x86_64 2011.8-2 0.56 9.67 10.23 NOTE
r-prerel-solaris-sparc 2011.8-2 127.40 NOTE
r-prerel-solaris-x86 2011.8-2 29.90 NOTE
r-release-linux-x86_64 2011.8-2 0.78 11.34 12.12 NOTE
r-release-osx-x86_64-mavericks 2011.8-2 NOTE
r-release-osx-x86_64-snowleopard 2011.8-2 OK
r-release-windows-ix86+x86_64 2011.8-2 3.00 20.00 23.00 NOTE
r-oldrel-windows-ix86+x86_64 2011.8-2 3.00 20.00 23.00 NOTE

Check Details

Version: 2011.8-2
Check: dependencies in R code
Result: NOTE
    Package in Depends field not imported from: ‘lokern’
     These packages need to be imported from (in the NAMESPACE file)
     for when this namespace is loaded but not attached.
Flavors: r-devel-linux-x86_64-debian-clang, r-devel-linux-x86_64-debian-gcc, r-devel-linux-x86_64-fedora-clang, r-devel-linux-x86_64-fedora-gcc, r-devel-osx-x86_64-clang, r-prerel-windows-ix86+x86_64, r-prerel-linux-x86_64, r-prerel-solaris-sparc, r-prerel-solaris-x86, r-release-linux-x86_64, r-release-windows-ix86+x86_64

Version: 2011.8-2
Check: R code for possible problems
Result: NOTE
    features : deriv1: no visible global function definition for ‘glkerns’
    features : deriv2: no visible global function definition for ‘glkerns’
    features: no visible global function definition for ‘glkerns’
Flavors: r-devel-linux-x86_64-debian-clang, r-devel-linux-x86_64-debian-gcc, r-devel-linux-x86_64-fedora-clang, r-devel-linux-x86_64-fedora-gcc, r-devel-osx-x86_64-clang, r-prerel-windows-ix86+x86_64, r-prerel-linux-x86_64, r-prerel-solaris-sparc, r-prerel-solaris-x86, r-release-linux-x86_64, r-release-osx-x86_64-mavericks, r-release-windows-ix86+x86_64

Version: 2011.8-2
Check: dependencies in R code
Result: NOTE
    Package in Depends field not imported from: ‘lokern’
     These packages need to be imported from (in the NAMESPACE file)
     for when this namespace is loaded but not attached.
    See the information on DESCRIPTION files in the chapter ‘Creating R
    packages’ of the ‘Writing R Extensions’ manual.
Flavors: r-release-osx-x86_64-mavericks, r-oldrel-windows-ix86+x86_64