CRAN Package Check Results for Package features

Last updated on 2014-10-31 11:47:22.

Flavor Version Tinstall Tcheck Ttotal Status Flags
r-devel-linux-x86_64-debian-clang 2011.8-2 0.75 11.01 11.76 NOTE
r-devel-linux-x86_64-debian-gcc 2011.8-2 0.70 10.88 11.58 NOTE
r-devel-linux-x86_64-fedora-clang 2011.8-2 23.67 NOTE
r-devel-linux-x86_64-fedora-gcc 2011.8-2 23.03 NOTE
r-devel-osx-x86_64-clang 2011.8-2 27.66 NOTE
r-devel-windows-ix86+x86_64 2011.8-2 2.00 19.00 21.00 NOTE
r-patched-linux-x86_64 2011.8-2 0.67 11.01 11.68 NOTE
r-patched-solaris-sparc 2011.8-2 132.10 NOTE
r-patched-solaris-x86 2011.8-2 35.50 NOTE
r-release-linux-ix86 2011.8-2 0.94 16.65 17.59 NOTE
r-release-linux-x86_64 2011.8-2 0.56 10.72 11.28 NOTE
r-release-osx-x86_64-mavericks 2011.8-2 NOTE
r-release-osx-x86_64-snowleopard 2011.8-2 OK
r-release-windows-ix86+x86_64 2011.8-2 2.00 20.00 22.00 NOTE
r-oldrel-windows-ix86+x86_64 2011.8-2 3.00 20.00 23.00 NOTE

Check Details

Version: 2011.8-2
Check: dependencies in R code
Result: NOTE
    Package in Depends field not imported from: ‘lokern’
     These packages need to be imported from (in the NAMESPACE file)
     for when this namespace is loaded but not attached.
    See the information on DESCRIPTION files in the chapter ‘Creating R
    packages’ of the ‘Writing R Extensions’ manual.
Flavors: r-devel-linux-x86_64-debian-clang, r-devel-linux-x86_64-debian-gcc, r-devel-linux-x86_64-fedora-clang, r-devel-linux-x86_64-fedora-gcc, r-devel-osx-x86_64-clang, r-devel-windows-ix86+x86_64, r-patched-linux-x86_64, r-patched-solaris-sparc, r-patched-solaris-x86, r-release-linux-ix86, r-release-linux-x86_64, r-release-osx-x86_64-mavericks, r-release-windows-ix86+x86_64, r-oldrel-windows-ix86+x86_64

Version: 2011.8-2
Check: R code for possible problems
Result: NOTE
    features : deriv1: no visible global function definition for ‘glkerns’
    features : deriv2: no visible global function definition for ‘glkerns’
    features: no visible global function definition for ‘glkerns’
Flavors: r-devel-linux-x86_64-debian-clang, r-devel-linux-x86_64-debian-gcc, r-devel-linux-x86_64-fedora-clang, r-devel-linux-x86_64-fedora-gcc, r-devel-osx-x86_64-clang, r-devel-windows-ix86+x86_64, r-patched-linux-x86_64, r-patched-solaris-sparc, r-patched-solaris-x86