CRAN Package Check Results for Package features

Last updated on 2015-07-31 08:49:56.

Flavor Version Tinstall Tcheck Ttotal Status Flags
r-devel-linux-x86_64-debian-clang 2011.8-2 0.51 10.22 10.73 NOTE
r-devel-linux-x86_64-debian-gcc 2011.8-2 0.73 10.09 10.82 NOTE
r-devel-linux-x86_64-fedora-clang 2011.8-2 20.02 NOTE
r-devel-linux-x86_64-fedora-gcc 2011.8-2 18.90 NOTE
r-devel-osx-x86_64-clang 2011.8-2 20.26 NOTE
r-devel-windows-ix86+x86_64 2011.8-2 3.00 30.00 33.00 NOTE
r-patched-linux-x86_64 2011.8-2 0.53 9.74 10.28 NOTE
r-patched-solaris-sparc 2011.8-2 135.50 NOTE
r-patched-solaris-x86 2011.8-2 30.60 NOTE
r-release-linux-x86_64 2011.8-2 0.52 9.80 10.32 NOTE
r-release-osx-x86_64-mavericks 2011.8-2 NOTE
r-release-windows-ix86+x86_64 2011.8-2 4.00 28.00 32.00 NOTE
r-oldrel-windows-ix86+x86_64 2011.8-2 3.00 23.00 26.00 NOTE

Check Details

Version: 2011.8-2
Check: dependencies in R code
Result: NOTE
    Package in Depends field not imported from: ‘lokern’
     These packages need to be imported from (in the NAMESPACE file)
     for when this namespace is loaded but not attached.
Flavors: r-devel-linux-x86_64-debian-clang, r-devel-linux-x86_64-debian-gcc, r-devel-linux-x86_64-fedora-clang, r-devel-linux-x86_64-fedora-gcc, r-devel-osx-x86_64-clang, r-devel-windows-ix86+x86_64, r-patched-linux-x86_64, r-patched-solaris-sparc, r-patched-solaris-x86, r-release-linux-x86_64, r-release-osx-x86_64-mavericks, r-release-windows-ix86+x86_64, r-oldrel-windows-ix86+x86_64

Version: 2011.8-2
Check: R code for possible problems
Result: NOTE
    features : deriv1: no visible global function definition for ‘glkerns’
    features : deriv2: no visible global function definition for ‘glkerns’
    features : deriv1: no visible global function definition for ‘predict’
    features : deriv2: no visible global function definition for ‘predict’
    features: no visible global function definition for ‘glkerns’
    features: no visible global function definition for ‘smooth.spline’
    features: no visible global function definition for ‘predict’
    features: no visible global function definition for ‘uniroot’
    plot.features: no visible global function definition for ‘par’
    plot.features: no visible global function definition for ‘plot’
    plot.features: no visible global function definition for ‘lines’
    plot.features: no visible global function definition for ‘abline’
    Undefined global functions or variables:
     abline glkerns lines par plot predict smooth.spline uniroot
    Consider adding
     importFrom("graphics", "abline", "lines", "par", "plot")
     importFrom("stats", "predict", "smooth.spline", "uniroot")
    to your NAMESPACE.
Flavors: r-devel-linux-x86_64-debian-clang, r-devel-linux-x86_64-debian-gcc, r-devel-linux-x86_64-fedora-clang, r-devel-linux-x86_64-fedora-gcc, r-devel-windows-ix86+x86_64

Version: 2011.8-2
Check: R code for possible problems
Result: NOTE
    features : deriv1: no visible global function definition for ‘glkerns’
    features : deriv2: no visible global function definition for ‘glkerns’
    features: no visible global function definition for ‘glkerns’
    Undefined global functions or variables:
     glkerns
Flavor: r-devel-osx-x86_64-clang

Version: 2011.8-2
Check: R code for possible problems
Result: NOTE
    features : deriv1: no visible global function definition for ‘glkerns’
    features : deriv2: no visible global function definition for ‘glkerns’
    features: no visible global function definition for ‘glkerns’
Flavors: r-patched-linux-x86_64, r-patched-solaris-sparc, r-patched-solaris-x86, r-release-linux-x86_64, r-release-osx-x86_64-mavericks, r-release-windows-ix86+x86_64, r-oldrel-windows-ix86+x86_64