CRAN Package Check Results for Package features

Last updated on 2015-05-30 08:48:35.

Flavor Version Tinstall Tcheck Ttotal Status Flags
r-devel-linux-x86_64-debian-clang 2011.8-2 0.56 9.57 10.13 NOTE
r-devel-linux-x86_64-debian-gcc 2011.8-2 0.52 9.40 9.91 NOTE
r-devel-linux-x86_64-fedora-clang 2011.8-2 20.95 NOTE
r-devel-linux-x86_64-fedora-gcc 2011.8-2 18.53 NOTE
r-devel-osx-x86_64-clang 2011.8-2 25.10 NOTE
r-devel-windows-ix86+x86_64 2011.8-2 2.00 18.00 20.00 NOTE
r-patched-linux-x86_64 2011.8-2 0.56 9.73 10.29 NOTE
r-patched-solaris-sparc 2011.8-2 142.80 NOTE
r-patched-solaris-x86 2011.8-2 30.90 NOTE
r-release-linux-x86_64 2011.8-2 0.68 10.04 10.73 NOTE
r-release-osx-x86_64-mavericks 2011.8-2 NOTE
r-release-osx-x86_64-snowleopard 2011.8-2 NOTE
r-release-windows-ix86+x86_64 2011.8-2 2.00 16.00 18.00 NOTE
r-oldrel-windows-ix86+x86_64 2011.8-2 3.00 33.00 36.00 NOTE

Check Details

Version: 2011.8-2
Check: dependencies in R code
Result: NOTE
    Package in Depends field not imported from: ‘lokern’
     These packages need to be imported from (in the NAMESPACE file)
     for when this namespace is loaded but not attached.
Flavors: r-devel-linux-x86_64-debian-clang, r-devel-linux-x86_64-debian-gcc, r-devel-linux-x86_64-fedora-clang, r-devel-linux-x86_64-fedora-gcc, r-devel-osx-x86_64-clang, r-devel-windows-ix86+x86_64, r-patched-linux-x86_64, r-patched-solaris-sparc, r-patched-solaris-x86, r-release-linux-x86_64, r-release-osx-x86_64-mavericks, r-release-osx-x86_64-snowleopard, r-release-windows-ix86+x86_64, r-oldrel-windows-ix86+x86_64

Version: 2011.8-2
Check: R code for possible problems
Result: NOTE
    features : deriv1: no visible global function definition for ‘glkerns’
    features : deriv2: no visible global function definition for ‘glkerns’
    features: no visible global function definition for ‘glkerns’
Flavors: r-devel-linux-x86_64-debian-clang, r-devel-linux-x86_64-debian-gcc, r-devel-linux-x86_64-fedora-clang, r-devel-linux-x86_64-fedora-gcc, r-devel-osx-x86_64-clang, r-devel-windows-ix86+x86_64, r-patched-linux-x86_64, r-patched-solaris-sparc, r-patched-solaris-x86, r-release-linux-x86_64, r-release-osx-x86_64-mavericks, r-release-osx-x86_64-snowleopard, r-release-windows-ix86+x86_64, r-oldrel-windows-ix86+x86_64