CRAN Package Check Results for Package fechner

Last updated on 2016-04-29 03:53:16.

Flavor Version Tinstall Tcheck Ttotal Status Flags
r-devel-linux-x86_64-debian-gcc 1.0-2 1.12 15.67 16.79 NOTE
r-devel-linux-x86_64-fedora-clang 1.0-2 30.00 NOTE
r-devel-linux-x86_64-fedora-gcc 1.0-2 28.09 NOTE
r-devel-osx-x86_64-clang 1.0-2 27.59 NOTE
r-devel-windows-ix86+x86_64 1.0-2 6.00 35.00 41.00 NOTE
r-patched-linux-x86_64 1.0-2 1.10 15.68 16.78 NOTE
r-patched-solaris-sparc 1.0-2 157.20 NOTE
r-patched-solaris-x86 1.0-2 34.80 NOTE
r-release-linux-x86_64 1.0-2 1.16 16.30 17.46 NOTE
r-release-osx-x86_64-mavericks 1.0-2 NOTE
r-release-windows-ix86+x86_64 1.0-2 6.00 28.00 34.00 NOTE
r-oldrel-windows-ix86+x86_64 1.0-2 9.00 29.00 38.00 NOTE

Check Details

Version: 1.0-2
Check: DESCRIPTION meta-information
Result: NOTE
    Packages listed in more than one of Depends, Imports, Suggests, Enhances:
     ‘base’ ‘graphics’ ‘stats’
    A package should be listed in only one of these fields.
Flavors: r-devel-linux-x86_64-debian-gcc, r-devel-linux-x86_64-fedora-clang, r-devel-linux-x86_64-fedora-gcc, r-devel-osx-x86_64-clang, r-devel-windows-ix86+x86_64, r-patched-linux-x86_64, r-patched-solaris-sparc, r-patched-solaris-x86, r-release-linux-x86_64, r-release-osx-x86_64-mavericks, r-release-windows-ix86+x86_64, r-oldrel-windows-ix86+x86_64

Version: 1.0-2
Check: top-level files
Result: NOTE
    Non-standard file/directory found at top level:
     ‘COPYRIGHTS’
    Copyright information should be in file inst/COPYRIGHTS
Flavors: r-devel-linux-x86_64-debian-gcc, r-devel-linux-x86_64-fedora-clang, r-devel-linux-x86_64-fedora-gcc, r-patched-linux-x86_64, r-release-linux-x86_64

Version: 1.0-2
Check: R code for possible problems
Result: NOTE
    plot.fechner: no visible global function definition for ‘gray’
    Undefined global functions or variables:
     gray
    Consider adding
     importFrom("grDevices", "gray")
    to your NAMESPACE file.
Flavors: r-devel-linux-x86_64-debian-gcc, r-devel-linux-x86_64-fedora-clang, r-devel-linux-x86_64-fedora-gcc, r-devel-osx-x86_64-clang, r-devel-windows-ix86+x86_64, r-patched-linux-x86_64, r-patched-solaris-sparc, r-patched-solaris-x86

Version: 1.0-2
Check: dependencies in R code
Result: NOTE
    Namespace in Imports field not imported from: ‘base’
     All declared Imports should be used.
Flavors: r-devel-linux-x86_64-fedora-clang, r-devel-linux-x86_64-fedora-gcc, r-devel-osx-x86_64-clang, r-patched-solaris-sparc, r-patched-solaris-x86, r-release-linux-x86_64, r-release-osx-x86_64-mavericks, r-release-windows-ix86+x86_64, r-oldrel-windows-ix86+x86_64