CRAN Package Check Results for Package fechner

Last updated on 2016-06-25 11:49:06.

Flavor Version Tinstall Tcheck Ttotal Status Flags
r-devel-linux-x86_64-debian-gcc 1.0-3 1.14 16.34 17.48 OK
r-devel-linux-x86_64-fedora-clang 1.0-3 29.01 OK
r-devel-linux-x86_64-fedora-gcc 1.0-3 27.51 OK
r-devel-osx-x86_64-clang 1.0-3 21.16 OK
r-devel-windows-ix86+x86_64 1.0-3 6.00 34.00 40.00 OK
r-patched-linux-x86_64 1.0-3 1.10 15.94 17.05 OK
r-patched-solaris-sparc 1.0-3 155.50 OK
r-patched-solaris-x86 1.0-3 34.50 OK
r-release-linux-x86_64 1.0-3 1.22 16.34 17.56 OK
r-release-osx-x86_64-mavericks 1.0-3 OK
r-release-windows-ix86+x86_64 1.0-3 7.00 44.00 51.00 OK
r-oldrel-windows-ix86+x86_64 1.0-2 6.00 28.00 34.00 NOTE

Check Details

Version: 1.0-2
Check: DESCRIPTION meta-information
Result: NOTE
    Packages listed in more than one of Depends, Imports, Suggests, Enhances:
     'base' 'graphics' 'stats'
    A package should be listed in only one of these fields.
Flavor: r-oldrel-windows-ix86+x86_64

Version: 1.0-2
Check: dependencies in R code
Result: NOTE
    Namespace in Imports field not imported from: 'base'
     All declared Imports should be used.
Flavor: r-oldrel-windows-ix86+x86_64