CRAN Package Check Results for Package fechner

Last updated on 2017-03-29 23:53:04.

Flavor Version Tinstall Tcheck Ttotal Status Flags
r-devel-linux-x86_64-debian-clang 1.0-3 1.17 18.10 19.27 NOTE
r-devel-linux-x86_64-debian-gcc 1.0-3 1.17 17.67 18.84 NOTE
r-devel-linux-x86_64-fedora-clang 1.0-3 33.11 NOTE --no-stop-on-test-error
r-devel-linux-x86_64-fedora-gcc 1.0-3 32.01 NOTE --no-stop-on-test-error
r-devel-macos-x86_64-clang 1.0-3 23.53 NOTE --no-stop-on-test-error
r-devel-windows-ix86+x86_64 1.0-3 5.00 37.00 42.00 OK
r-patched-linux-x86_64 1.0-3 1.18 17.48 18.66 NOTE
r-patched-solaris-sparc 1.0-3 168.60 OK
r-patched-solaris-x86 1.0-3 37.90 OK
r-release-linux-x86_64 1.0-3 1.18 15.45 16.64 OK
r-release-osx-x86_64-mavericks 1.0-3 OK
r-release-windows-ix86+x86_64 1.0-3 6.00 34.00 40.00 OK
r-oldrel-windows-ix86+x86_64 1.0-2 6.00 28.00 34.00 NOTE

Check Details

Version: 1.0-3
Check: compiled code
Result: NOTE
    File ‘fechner/libs/fechner.so’:
     Found no calls to: ‘R_registerRoutines’, ‘R_useDynamicSymbols’
    
    It is good practice to register native routines and to disable symbol
    search.
    
    See ‘Writing portable packages’ in the ‘Writing R Extensions’ manual.
Flavors: r-devel-linux-x86_64-debian-clang, r-devel-linux-x86_64-debian-gcc, r-patched-linux-x86_64

Version: 1.0-3
Flags: --no-stop-on-test-error
Check: compiled code
Result: NOTE
    File ‘fechner/libs/fechner.so’:
     Found no calls to: ‘R_registerRoutines’, ‘R_useDynamicSymbols’
    
    It is good practice to register native routines and to disable symbol
    search.
    
    See ‘Writing portable packages’ in the ‘Writing R Extensions’ manual.
Flavors: r-devel-linux-x86_64-fedora-clang, r-devel-linux-x86_64-fedora-gcc, r-devel-macos-x86_64-clang

Version: 1.0-2
Check: DESCRIPTION meta-information
Result: NOTE
    Packages listed in more than one of Depends, Imports, Suggests, Enhances:
     'base' 'graphics' 'stats'
    A package should be listed in only one of these fields.
Flavor: r-oldrel-windows-ix86+x86_64

Version: 1.0-2
Check: dependencies in R code
Result: NOTE
    Namespace in Imports field not imported from: 'base'
     All declared Imports should be used.
Flavor: r-oldrel-windows-ix86+x86_64