CRAN Package Check Results for Package fechner

Last updated on 2014-07-28 03:49:02.

Flavor Version Tinstall Tcheck Ttotal Status Flags
r-devel-linux-x86_64-debian-clang 1.0-2 1.14 12.98 14.12 NOTE
r-devel-linux-x86_64-debian-gcc 1.0-2 1.09 12.62 13.71 NOTE
r-devel-linux-x86_64-fedora-clang 1.0-2 35.35 NOTE
r-devel-linux-x86_64-fedora-gcc 1.0-2 33.01 NOTE
r-devel-osx-x86_64-clang 1.0-2 29.61 NOTE
r-devel-windows-ix86+x86_64 1.0-2 5.00 27.00 32.00 NOTE
r-patched-linux-x86_64 1.0-2 1.04 12.48 13.52 NOTE
r-patched-solaris-sparc 1.0-2 161.60 NOTE
r-patched-solaris-x86 1.0-2 48.10 NOTE
r-release-linux-ix86 1.0-2 1.58 20.04 21.62 NOTE
r-release-linux-x86_64 1.0-2 1.12 12.74 13.86 NOTE
r-release-osx-x86_64-mavericks 1.0-2 NOTE
r-release-windows-ix86+x86_64 1.0-2 8.00 43.00 51.00 NOTE
r-oldrel-windows-ix86+x86_64 1.0-2 5.00 29.00 34.00 NOTE

Check Details

Version: 1.0-2
Check: DESCRIPTION meta-information
Result: NOTE
    Packages listed in more than one of Depends, Imports, Suggests, Enhances:
     base graphics stats
    A package should be listed in only one of these fields.
Flavors: r-devel-linux-x86_64-debian-clang, r-devel-linux-x86_64-debian-gcc, r-devel-linux-x86_64-fedora-clang, r-devel-linux-x86_64-fedora-gcc, r-devel-osx-x86_64-clang, r-devel-windows-ix86+x86_64, r-patched-linux-x86_64, r-patched-solaris-sparc, r-patched-solaris-x86, r-release-linux-ix86, r-release-linux-x86_64, r-release-osx-x86_64-mavericks, r-release-windows-ix86+x86_64, r-oldrel-windows-ix86+x86_64

Version: 1.0-2
Check: dependencies in R code
Result: NOTE
    Namespace in Imports field not imported from: base
     All declared Imports should be used.
    See the information on DESCRIPTION files in the chapter Creating R
    packages of the Writing R Extensions manual.
Flavors: r-devel-linux-x86_64-debian-clang, r-devel-linux-x86_64-debian-gcc, r-devel-linux-x86_64-fedora-clang, r-devel-linux-x86_64-fedora-gcc, r-devel-osx-x86_64-clang, r-devel-windows-ix86+x86_64, r-patched-linux-x86_64, r-patched-solaris-sparc, r-patched-solaris-x86, r-release-linux-ix86, r-release-linux-x86_64, r-release-osx-x86_64-mavericks, r-release-windows-ix86+x86_64, r-oldrel-windows-ix86+x86_64

Version: 1.0-2
Check: top-level files
Result: NOTE
    Non-standard file/directory found at top level:
     COPYRIGHTS
    Copyright information should be in file inst/COPYRIGHTS
Flavors: r-devel-linux-x86_64-fedora-clang, r-devel-linux-x86_64-fedora-gcc