CRAN Package Check Results for Package fechner

Last updated on 2017-11-24 20:50:37 CET.

Flavor Version Tinstall Tcheck Ttotal Status Flags
r-devel-linux-x86_64-debian-clang 1.0-3 1.55 48.94 50.48 NOTE
r-devel-linux-x86_64-debian-gcc 1.0-3 1.10 42.21 43.31 NOTE
r-devel-linux-x86_64-fedora-clang 1.0-3 31.68 NOTE
r-devel-linux-x86_64-fedora-gcc 1.0-3 30.87 NOTE
r-devel-windows-ix86+x86_64 1.0-3 8.00 39.00 47.00 OK
r-patched-linux-x86_64 1.0-3 1.38 46.68 48.05 NOTE
r-patched-solaris-x86 1.0-3 37.80 OK
r-release-linux-x86_64 1.0-3 1.70 47.33 49.03 NOTE
r-release-windows-ix86+x86_64 1.0-3 6.00 35.00 41.00 OK
r-release-osx-x86_64 1.0-3 OK
r-oldrel-windows-ix86+x86_64 1.0-3 6.00 34.00 40.00 OK
r-oldrel-osx-x86_64 1.0-3 OK

Check Details

Version: 1.0-3
Check: compiled code
Result: NOTE
    File ‘fechner/libs/fechner.so’:
     Found no calls to: ‘R_registerRoutines’, ‘R_useDynamicSymbols’
    
    It is good practice to register native routines and to disable symbol
    search.
    
    See ‘Writing portable packages’ in the ‘Writing R Extensions’ manual.
Flavors: r-devel-linux-x86_64-debian-clang, r-devel-linux-x86_64-debian-gcc, r-devel-linux-x86_64-fedora-clang, r-devel-linux-x86_64-fedora-gcc, r-patched-linux-x86_64, r-release-linux-x86_64