CRAN Package Check Results for Package fechner

Last updated on 2016-12-10 02:47:59.

Flavor Version Tinstall Tcheck Ttotal Status Flags
r-devel-linux-x86_64-debian-clang 1.0-3 1.22 18.11 19.34 OK
r-devel-linux-x86_64-debian-gcc 1.0-3 1.22 17.55 18.77 OK
r-devel-linux-x86_64-fedora-clang 1.0-3 33.70 OK --no-stop-on-test-error
r-devel-linux-x86_64-fedora-gcc 1.0-3 32.69 OK --no-stop-on-test-error
r-devel-macos-x86_64-clang 1.0-3 23.77 OK --no-stop-on-test-error
r-devel-windows-ix86+x86_64 1.0-3 14.00 47.00 61.00 OK
r-patched-linux-x86_64 1.0-3 1.12 16.19 17.30 OK
r-patched-solaris-sparc 1.0-3 155.50 OK
r-patched-solaris-x86 1.0-3 33.40 OK
r-release-linux-x86_64 1.0-3 1.18 15.78 16.97 OK
r-release-osx-x86_64-mavericks 1.0-3 OK
r-release-windows-ix86+x86_64 1.0-3 6.00 34.00 40.00 OK
r-oldrel-windows-ix86+x86_64 1.0-2 6.00 28.00 34.00 NOTE

Check Details

Version: 1.0-2
Check: DESCRIPTION meta-information
Result: NOTE
    Packages listed in more than one of Depends, Imports, Suggests, Enhances:
     'base' 'graphics' 'stats'
    A package should be listed in only one of these fields.
Flavor: r-oldrel-windows-ix86+x86_64

Version: 1.0-2
Check: dependencies in R code
Result: NOTE
    Namespace in Imports field not imported from: 'base'
     All declared Imports should be used.
Flavor: r-oldrel-windows-ix86+x86_64