CRAN Package Check Results for Package fechner

Last updated on 2016-02-06 15:51:35.

Flavor Version Tinstall Tcheck Ttotal Status Flags
r-devel-linux-x86_64-debian-gcc 1.0-2 1.20 15.03 16.23 NOTE
r-devel-linux-x86_64-fedora-clang 1.0-2 30.12 NOTE
r-devel-linux-x86_64-fedora-gcc 1.0-2 28.39 NOTE
r-devel-osx-x86_64-clang 1.0-2 27.97 NOTE
r-devel-windows-ix86+x86_64 1.0-2 9.00 31.00 40.00 NOTE
r-patched-linux-x86_64 1.0-2 1.28 15.76 17.04 NOTE
r-patched-solaris-sparc 1.0-2 155.40 NOTE
r-patched-solaris-x86 1.0-2 33.10 NOTE
r-release-linux-x86_64 1.0-2 1.16 15.85 17.01 NOTE
r-release-osx-x86_64-mavericks 1.0-2 NOTE
r-release-windows-ix86+x86_64 1.0-2 6.00 28.00 34.00 NOTE
r-oldrel-windows-ix86+x86_64 1.0-2 9.00 29.00 38.00 NOTE

Check Details

Version: 1.0-2
Check: DESCRIPTION meta-information
Result: NOTE
    Packages listed in more than one of Depends, Imports, Suggests, Enhances:
     ‘base’ ‘graphics’ ‘stats’
    A package should be listed in only one of these fields.
Flavors: r-devel-linux-x86_64-debian-gcc, r-devel-linux-x86_64-fedora-clang, r-devel-linux-x86_64-fedora-gcc, r-devel-osx-x86_64-clang, r-devel-windows-ix86+x86_64, r-patched-linux-x86_64, r-patched-solaris-sparc, r-patched-solaris-x86, r-release-linux-x86_64, r-release-osx-x86_64-mavericks, r-release-windows-ix86+x86_64, r-oldrel-windows-ix86+x86_64

Version: 1.0-2
Check: top-level files
Result: NOTE
    Non-standard file/directory found at top level:
     ‘COPYRIGHTS’
    Copyright information should be in file inst/COPYRIGHTS
Flavors: r-devel-linux-x86_64-debian-gcc, r-devel-linux-x86_64-fedora-clang, r-devel-linux-x86_64-fedora-gcc, r-patched-linux-x86_64, r-release-linux-x86_64

Version: 1.0-2
Check: R code for possible problems
Result: NOTE
    plot.fechner: no visible global function definition for ‘gray’
    Undefined global functions or variables:
     gray
    Consider adding
     importFrom("grDevices", "gray")
    to your NAMESPACE.
Flavors: r-devel-linux-x86_64-debian-gcc, r-devel-linux-x86_64-fedora-clang, r-devel-linux-x86_64-fedora-gcc, r-devel-windows-ix86+x86_64

Version: 1.0-2
Check: dependencies in R code
Result: NOTE
    Namespace in Imports field not imported from: ‘base’
     All declared Imports should be used.
Flavors: r-devel-linux-x86_64-fedora-clang, r-devel-linux-x86_64-fedora-gcc, r-devel-osx-x86_64-clang, r-patched-linux-x86_64, r-patched-solaris-sparc, r-patched-solaris-x86, r-release-linux-x86_64, r-release-osx-x86_64-mavericks, r-release-windows-ix86+x86_64, r-oldrel-windows-ix86+x86_64

Version: 1.0-2
Check: R code for possible problems
Result: NOTE
    plot.fechner: no visible global function definition for ‘gray’
    Undefined global functions or variables:
     gray
    Consider adding
     importFrom("grDevices", "gray")
    to your NAMESPACE file.
Flavor: r-devel-osx-x86_64-clang