CRAN Package Check Results for Package fechner

Last updated on 2016-07-26 07:47:04.

Flavor Version Tinstall Tcheck Ttotal Status Flags
r-devel-linux-x86_64-debian-clang 1.0-3 1.45 18.37 19.82 OK
r-devel-linux-x86_64-debian-gcc 1.0-3 1.58 17.98 19.56 OK
r-devel-linux-x86_64-fedora-clang 1.0-3 28.63 OK
r-devel-linux-x86_64-fedora-gcc 1.0-3 27.14 OK
r-devel-osx-x86_64-clang 1.0-3 21.03 OK
r-devel-windows-ix86+x86_64 1.0-3 5.00 34.00 39.00 OK
r-patched-linux-x86_64 1.0-3 1.34 17.78 19.12 OK
r-patched-solaris-sparc 1.0-3 155.50 OK
r-patched-solaris-x86 1.0-3 32.90 OK
r-release-linux-x86_64 1.0-3 1.42 18.03 19.45 OK
r-release-osx-x86_64-mavericks 1.0-3 OK
r-release-windows-ix86+x86_64 1.0-3 7.00 44.00 51.00 OK
r-oldrel-windows-ix86+x86_64 1.0-2 6.00 28.00 34.00 NOTE

Check Details

Version: 1.0-2
Check: DESCRIPTION meta-information
Result: NOTE
    Packages listed in more than one of Depends, Imports, Suggests, Enhances:
     'base' 'graphics' 'stats'
    A package should be listed in only one of these fields.
Flavor: r-oldrel-windows-ix86+x86_64

Version: 1.0-2
Check: dependencies in R code
Result: NOTE
    Namespace in Imports field not imported from: 'base'
     All declared Imports should be used.
Flavor: r-oldrel-windows-ix86+x86_64