CRAN Package Check Results for Package fechner

Last updated on 2015-03-30 23:47:45.

Flavor Version Tinstall Tcheck Ttotal Status Flags
r-devel-linux-x86_64-debian-clang 1.0-2 1.09 16.22 17.31 NOTE
r-devel-linux-x86_64-debian-gcc 1.0-2 1.05 15.82 16.87 NOTE
r-devel-linux-x86_64-fedora-clang 1.0-2 33.61 NOTE
r-devel-linux-x86_64-fedora-gcc 1.0-2 32.84 NOTE
r-devel-osx-x86_64-clang 1.0-2 33.10 NOTE
r-prerel-windows-ix86+x86_64 1.0-2 10.00 25.00 35.00 NOTE
r-prerel-linux-x86_64 1.0-2 1.00 16.02 17.02 NOTE
r-prerel-solaris-sparc 1.0-2 187.90 NOTE
r-prerel-solaris-x86 1.0-2 37.30 NOTE
r-release-linux-x86_64 1.0-2 1.13 16.64 17.77 NOTE
r-release-osx-x86_64-mavericks 1.0-2 NOTE
r-release-windows-ix86+x86_64 1.0-2 9.00 29.00 38.00 NOTE
r-oldrel-windows-ix86+x86_64 1.0-2 5.00 29.00 34.00 NOTE

Check Details

Version: 1.0-2
Check: DESCRIPTION meta-information
Result: NOTE
    Packages listed in more than one of Depends, Imports, Suggests, Enhances:
     ‘base’ ‘graphics’ ‘stats’
    A package should be listed in only one of these fields.
Flavors: r-devel-linux-x86_64-debian-clang, r-devel-linux-x86_64-debian-gcc, r-devel-linux-x86_64-fedora-clang, r-devel-linux-x86_64-fedora-gcc, r-devel-osx-x86_64-clang, r-prerel-windows-ix86+x86_64, r-prerel-linux-x86_64, r-prerel-solaris-sparc, r-prerel-solaris-x86, r-release-linux-x86_64, r-release-osx-x86_64-mavericks, r-release-windows-ix86+x86_64, r-oldrel-windows-ix86+x86_64

Version: 1.0-2
Check: top-level files
Result: NOTE
    Non-standard file/directory found at top level:
     ‘COPYRIGHTS’
    Copyright information should be in file inst/COPYRIGHTS
Flavors: r-devel-linux-x86_64-debian-clang, r-devel-linux-x86_64-debian-gcc, r-devel-linux-x86_64-fedora-clang, r-devel-linux-x86_64-fedora-gcc, r-prerel-linux-x86_64, r-release-linux-x86_64

Version: 1.0-2
Check: dependencies in R code
Result: NOTE
    Namespace in Imports field not imported from: ‘base’
     All declared Imports should be used.
Flavors: r-devel-linux-x86_64-debian-clang, r-devel-linux-x86_64-debian-gcc, r-devel-linux-x86_64-fedora-clang, r-devel-linux-x86_64-fedora-gcc, r-devel-osx-x86_64-clang, r-prerel-windows-ix86+x86_64, r-prerel-linux-x86_64, r-prerel-solaris-sparc, r-prerel-solaris-x86, r-release-linux-x86_64, r-release-windows-ix86+x86_64

Version: 1.0-2
Check: dependencies in R code
Result: NOTE
    Namespace in Imports field not imported from: ‘base’
     All declared Imports should be used.
    See the information on DESCRIPTION files in the chapter ‘Creating R
    packages’ of the ‘Writing R Extensions’ manual.
Flavors: r-release-osx-x86_64-mavericks, r-oldrel-windows-ix86+x86_64