CRAN Package Check Results for Package fechner

Last updated on 2015-05-24 23:47:23.

Flavor Version Tinstall Tcheck Ttotal Status Flags
r-devel-linux-x86_64-debian-clang 1.0-2 1.10 15.95 17.05 NOTE
r-devel-linux-x86_64-debian-gcc 1.0-2 1.01 15.72 16.74 NOTE
r-devel-linux-x86_64-fedora-clang 1.0-2 32.79 NOTE
r-devel-linux-x86_64-fedora-gcc 1.0-2 32.64 NOTE
r-devel-osx-x86_64-clang 1.0-2 29.07 NOTE
r-devel-windows-ix86+x86_64 1.0-2 7.00 27.00 34.00 NOTE
r-patched-linux-x86_64 1.0-2 1.01 16.04 17.05 NOTE
r-patched-solaris-sparc 1.0-2 186.60 NOTE
r-patched-solaris-x86 1.0-2 38.20 NOTE
r-release-linux-x86_64 1.0-2 1.05 16.74 17.79 NOTE
r-release-osx-x86_64-mavericks 1.0-2 NOTE
r-release-osx-x86_64-snowleopard 1.0-2 NOTE
r-release-windows-ix86+x86_64 1.0-2 4.00 29.00 33.00 NOTE
r-oldrel-windows-ix86+x86_64 1.0-2 9.00 29.00 38.00 NOTE

Check Details

Version: 1.0-2
Check: DESCRIPTION meta-information
Result: NOTE
    Packages listed in more than one of Depends, Imports, Suggests, Enhances:
     ‘base’ ‘graphics’ ‘stats’
    A package should be listed in only one of these fields.
Flavors: r-devel-linux-x86_64-debian-clang, r-devel-linux-x86_64-debian-gcc, r-devel-linux-x86_64-fedora-clang, r-devel-linux-x86_64-fedora-gcc, r-devel-osx-x86_64-clang, r-devel-windows-ix86+x86_64, r-patched-linux-x86_64, r-patched-solaris-sparc, r-patched-solaris-x86, r-release-linux-x86_64, r-release-osx-x86_64-mavericks, r-release-osx-x86_64-snowleopard, r-release-windows-ix86+x86_64, r-oldrel-windows-ix86+x86_64

Version: 1.0-2
Check: top-level files
Result: NOTE
    Non-standard file/directory found at top level:
     ‘COPYRIGHTS’
    Copyright information should be in file inst/COPYRIGHTS
Flavors: r-devel-linux-x86_64-debian-clang, r-devel-linux-x86_64-debian-gcc, r-devel-linux-x86_64-fedora-clang, r-devel-linux-x86_64-fedora-gcc, r-patched-linux-x86_64, r-release-linux-x86_64

Version: 1.0-2
Check: dependencies in R code
Result: NOTE
    Namespace in Imports field not imported from: ‘base’
     All declared Imports should be used.
Flavors: r-devel-linux-x86_64-debian-clang, r-devel-linux-x86_64-debian-gcc, r-devel-linux-x86_64-fedora-clang, r-devel-linux-x86_64-fedora-gcc, r-devel-osx-x86_64-clang, r-devel-windows-ix86+x86_64, r-patched-linux-x86_64, r-patched-solaris-sparc, r-patched-solaris-x86, r-release-linux-x86_64, r-release-osx-x86_64-mavericks, r-release-osx-x86_64-snowleopard, r-release-windows-ix86+x86_64, r-oldrel-windows-ix86+x86_64