CRAN Package Check Results for Package fechner

Last updated on 2018-06-21 23:50:20 CEST.

Flavor Version Tinstall Tcheck Ttotal Status Flags
r-devel-linux-x86_64-debian-clang 1.0-3 2.05 24.71 26.76 NOTE
r-devel-linux-x86_64-debian-gcc 1.0-3 1.74 22.06 23.80 NOTE
r-devel-linux-x86_64-fedora-clang 1.0-3 35.45 NOTE
r-devel-linux-x86_64-fedora-gcc 1.0-3 33.62 NOTE
r-devel-windows-ix86+x86_64 1.0-3 7.00 39.00 46.00 OK
r-patched-linux-x86_64 1.0-3 2.43 26.90 29.33 NOTE
r-patched-solaris-x86 1.0-3 44.60 OK
r-release-linux-x86_64 1.0-3 2.30 27.14 29.44 NOTE
r-release-windows-ix86+x86_64 1.0-3 10.00 42.00 52.00 OK
r-release-osx-x86_64 1.0-3 OK
r-oldrel-windows-ix86+x86_64 1.0-3 6.00 35.00 41.00 OK
r-oldrel-osx-x86_64 1.0-3 OK

Check Details

Version: 1.0-3
Check: compiled code
Result: NOTE
    File ‘fechner/libs/fechner.so’:
     Found no calls to: ‘R_registerRoutines’, ‘R_useDynamicSymbols’
    
    It is good practice to register native routines and to disable symbol
    search.
    
    See ‘Writing portable packages’ in the ‘Writing R Extensions’ manual.
Flavors: r-devel-linux-x86_64-debian-clang, r-devel-linux-x86_64-debian-gcc, r-devel-linux-x86_64-fedora-clang, r-devel-linux-x86_64-fedora-gcc, r-patched-linux-x86_64, r-release-linux-x86_64