CRAN Package Check Results for Package fechner

Last updated on 2018-04-24 00:46:40 CEST.

Flavor Version Tinstall Tcheck Ttotal Status Flags
r-devel-linux-x86_64-debian-clang 1.0-3 1.81 23.91 25.72 NOTE
r-devel-linux-x86_64-debian-gcc 1.0-3 1.78 21.37 23.15 NOTE
r-devel-linux-x86_64-fedora-clang 1.0-3 34.23 NOTE
r-devel-linux-x86_64-fedora-gcc 1.0-3 33.68 NOTE
r-devel-windows-ix86+x86_64 1.0-3 10.00 42.00 52.00 OK
r-devel-osx-x86_64 1.0-3 OK
r-patched-linux-x86_64 1.0-3 1.62 26.62 28.24 NOTE
r-patched-solaris-x86 1.0-3 44.40 OK
r-release-linux-x86_64 1.0-3 1.94 26.45 28.39 NOTE
r-release-windows-ix86+x86_64 1.0-3 6.00 35.00 41.00 OK
r-release-osx-x86_64 1.0-3 OK
r-oldrel-windows-ix86+x86_64 1.0-3 6.00 34.00 40.00 OK

Check Details

Version: 1.0-3
Check: compiled code
Result: NOTE
    File ‘fechner/libs/fechner.so’:
     Found no calls to: ‘R_registerRoutines’, ‘R_useDynamicSymbols’
    
    It is good practice to register native routines and to disable symbol
    search.
    
    See ‘Writing portable packages’ in the ‘Writing R Extensions’ manual.
Flavors: r-devel-linux-x86_64-debian-clang, r-devel-linux-x86_64-debian-gcc, r-devel-linux-x86_64-fedora-clang, r-devel-linux-x86_64-fedora-gcc, r-patched-linux-x86_64, r-release-linux-x86_64