CRAN Package Check Results for Package fechner

Last updated on 2016-09-28 05:48:13.

Flavor Version Tinstall Tcheck Ttotal Status Flags
r-devel-linux-x86_64-debian-clang 1.0-3 1.10 15.48 16.57 OK
r-devel-linux-x86_64-debian-gcc 1.0-3 1.31 15.91 17.22 OK
r-devel-linux-x86_64-fedora-clang 1.0-3 29.38 OK
r-devel-linux-x86_64-fedora-gcc 1.0-3 28.69 OK
r-devel-macos-x86_64-clang 1.0-3 21.06 OK
r-devel-windows-ix86+x86_64 1.0-3 11.00 54.00 65.00 OK
r-patched-linux-x86_64 1.0-3 1.07 15.98 17.05 OK
r-patched-solaris-sparc 1.0-3 155.50 OK
r-patched-solaris-x86 1.0-3 32.80 OK
r-release-linux-x86_64 1.0-3 1.11 15.65 16.76 OK
r-release-osx-x86_64-mavericks 1.0-3 OK
r-release-windows-ix86+x86_64 1.0-3 6.00 32.00 38.00 OK
r-oldrel-windows-ix86+x86_64 1.0-2 6.00 28.00 34.00 NOTE

Check Details

Version: 1.0-2
Check: DESCRIPTION meta-information
Result: NOTE
    Packages listed in more than one of Depends, Imports, Suggests, Enhances:
     'base' 'graphics' 'stats'
    A package should be listed in only one of these fields.
Flavor: r-oldrel-windows-ix86+x86_64

Version: 1.0-2
Check: dependencies in R code
Result: NOTE
    Namespace in Imports field not imported from: 'base'
     All declared Imports should be used.
Flavor: r-oldrel-windows-ix86+x86_64