CRAN Package Check Results for Package fechner

Last updated on 2017-05-28 23:49:57.

Flavor Version Tinstall Tcheck Ttotal Status Flags
r-devel-linux-x86_64-debian-clang 1.0-3 1.35 17.94 19.29 NOTE
r-devel-linux-x86_64-debian-gcc 1.0-3 1.17 17.68 18.85 NOTE
r-devel-linux-x86_64-fedora-clang 1.0-3 33.16 NOTE
r-devel-linux-x86_64-fedora-gcc 1.0-3 31.75 NOTE
r-devel-windows-ix86+x86_64 1.0-3 7.00 45.00 52.00 OK
r-patched-linux-x86_64 1.0-3 1.20 19.60 20.80 NOTE
r-patched-solaris-sparc 1.0-3 168.60 OK
r-patched-solaris-x86 1.0-3 38.70 OK
r-release-linux-x86_64 1.0-3 1.21 18.62 19.83 NOTE
r-release-windows-ix86+x86_64 1.0-3 6.00 36.00 42.00 OK
r-release-osx-x86_64 1.0-3 OK
r-oldrel-windows-ix86+x86_64 1.0-3 6.00 34.00 40.00 OK
r-oldrel-osx-x86_64 1.0-3 OK

Check Details

Version: 1.0-3
Check: compiled code
Result: NOTE
    File ‘fechner/libs/fechner.so’:
     Found no calls to: ‘R_registerRoutines’, ‘R_useDynamicSymbols’
    
    It is good practice to register native routines and to disable symbol
    search.
    
    See ‘Writing portable packages’ in the ‘Writing R Extensions’ manual.
Flavors: r-devel-linux-x86_64-debian-clang, r-devel-linux-x86_64-debian-gcc, r-devel-linux-x86_64-fedora-clang, r-devel-linux-x86_64-fedora-gcc, r-patched-linux-x86_64, r-release-linux-x86_64