CRAN Package Check Results for Package fechner

Last updated on 2017-09-22 20:47:12.

Flavor Version Tinstall Tcheck Ttotal Status Flags
r-devel-linux-x86_64-debian-clang 1.0-3 1.17 18.08 19.25 NOTE
r-devel-linux-x86_64-debian-gcc 1.0-3 1.13 17.75 18.88 NOTE
r-devel-linux-x86_64-fedora-clang 1.0-3 33.38 NOTE
r-devel-linux-x86_64-fedora-gcc 1.0-3 32.56 NOTE
r-devel-windows-ix86+x86_64 1.0-3 6.00 38.00 44.00 OK
r-patched-linux-x86_64 1.0-3 1.24 17.80 19.04 NOTE
r-patched-solaris-x86 1.0-3 37.90 OK
r-release-linux-x86_64 1.0-3 1.16 17.84 19.00 NOTE
r-release-windows-ix86+x86_64 1.0-3 6.00 35.00 41.00 OK
r-release-osx-x86_64 1.0-3 OK
r-oldrel-windows-ix86+x86_64 1.0-3 6.00 34.00 40.00 OK
r-oldrel-osx-x86_64 1.0-3 OK

Additional issues

rchk

Check Details

Version: 1.0-3
Check: compiled code
Result: NOTE
    File ‘fechner/libs/fechner.so’:
     Found no calls to: ‘R_registerRoutines’, ‘R_useDynamicSymbols’
    
    It is good practice to register native routines and to disable symbol
    search.
    
    See ‘Writing portable packages’ in the ‘Writing R Extensions’ manual.
Flavors: r-devel-linux-x86_64-debian-clang, r-devel-linux-x86_64-debian-gcc, r-devel-linux-x86_64-fedora-clang, r-devel-linux-x86_64-fedora-gcc, r-patched-linux-x86_64, r-release-linux-x86_64