CRAN Package Check Results for Package fechner

Last updated on 2014-04-19 05:47:44.

Flavor Version Tinstall Tcheck Ttotal Status Flags
r-devel-linux-x86_64-debian-clang 1.0-2 1.15 13.44 14.60 NOTE
r-devel-linux-x86_64-debian-gcc 1.0-2 1.17 13.53 14.70 NOTE
r-devel-linux-x86_64-fedora-clang 1.0-2 35.42 NOTE
r-devel-linux-x86_64-fedora-gcc 1.0-2 33.87 NOTE
r-devel-macosx-x86_64-clang 1.0-2 27.85 NOTE
r-devel-macosx-x86_64-gcc 1.0-2 NOTE
r-devel-windows-ix86+x86_64 1.0-2 5.00 36.00 41.00 NOTE
r-patched-linux-x86_64 1.0-2 1.16 13.34 14.50 NOTE
r-patched-solaris-sparc 1.0-2 161.60 NOTE
r-patched-solaris-x86 1.0-2 51.70 NOTE
r-release-linux-ix86 1.0-2 3.00 30.00 33.00 NOTE
r-release-linux-x86_64 1.0-2 1.18 13.39 14.57 NOTE
r-release-windows-ix86+x86_64 1.0-2 11.00 37.00 48.00 NOTE
r-oldrel-windows-ix86+x86_64 1.0-2 5.00 29.00 34.00 NOTE

Check Details

Version: 1.0-2
Check: DESCRIPTION meta-information
Result: NOTE
    Packages listed in more than one of Depends, Imports, Suggests, Enhances:
     ‘base’ ‘graphics’ ‘stats’
    A package should be listed in only one of these fields.
Flavors: r-devel-linux-x86_64-debian-clang, r-devel-linux-x86_64-debian-gcc, r-devel-linux-x86_64-fedora-clang, r-devel-linux-x86_64-fedora-gcc, r-devel-macosx-x86_64-clang, r-devel-macosx-x86_64-gcc, r-devel-windows-ix86+x86_64, r-patched-linux-x86_64, r-patched-solaris-sparc, r-patched-solaris-x86, r-release-linux-ix86, r-release-linux-x86_64, r-release-windows-ix86+x86_64, r-oldrel-windows-ix86+x86_64

Version: 1.0-2
Check: dependencies in R code
Result: NOTE
    Namespace in Imports field not imported from: ‘base’
     All declared Imports should be used.
    See the information on DESCRIPTION files in the chapter ‘Creating R
    packages’ of the ‘Writing R Extensions’ manual.
Flavors: r-devel-linux-x86_64-debian-clang, r-devel-linux-x86_64-debian-gcc, r-devel-linux-x86_64-fedora-clang, r-devel-linux-x86_64-fedora-gcc, r-devel-macosx-x86_64-clang, r-devel-macosx-x86_64-gcc, r-devel-windows-ix86+x86_64, r-patched-linux-x86_64, r-patched-solaris-sparc, r-patched-solaris-x86, r-release-linux-ix86, r-release-linux-x86_64, r-release-windows-ix86+x86_64, r-oldrel-windows-ix86+x86_64

Version: 1.0-2
Check: top-level files
Result: NOTE
    Non-standard file/directory found at top level:
     ‘COPYRIGHTS’
    Copyright information should be in file inst/COPYRIGHTS
Flavors: r-devel-linux-x86_64-fedora-clang, r-devel-linux-x86_64-fedora-gcc