CRAN Package Check Results for Package fechner

Last updated on 2018-02-22 04:48:26 CET.

Flavor Version Tinstall Tcheck Ttotal Status Flags
r-devel-linux-x86_64-debian-clang 1.0-3 2.15 23.29 25.44 NOTE
r-devel-linux-x86_64-debian-gcc 1.0-3 1.61 20.75 22.36 NOTE
r-devel-linux-x86_64-fedora-clang 1.0-3 34.70 NOTE
r-devel-linux-x86_64-fedora-gcc 1.0-3 33.33 NOTE
r-devel-windows-ix86+x86_64 1.0-3 7.00 36.00 43.00 OK
r-patched-linux-x86_64 1.0-3 1.48 26.21 27.69 NOTE
r-patched-solaris-x86 1.0-3 38.40 OK
r-release-linux-x86_64 1.0-3 1.64 26.01 27.65 NOTE
r-release-windows-ix86+x86_64 1.0-3 6.00 35.00 41.00 OK
r-release-osx-x86_64 1.0-3 OK
r-oldrel-windows-ix86+x86_64 1.0-3 6.00 34.00 40.00 OK
r-oldrel-osx-x86_64 1.0-3 OK

Check Details

Version: 1.0-3
Check: compiled code
Result: NOTE
    File ‘fechner/libs/fechner.so’:
     Found no calls to: ‘R_registerRoutines’, ‘R_useDynamicSymbols’
    
    It is good practice to register native routines and to disable symbol
    search.
    
    See ‘Writing portable packages’ in the ‘Writing R Extensions’ manual.
Flavors: r-devel-linux-x86_64-debian-clang, r-devel-linux-x86_64-debian-gcc, r-devel-linux-x86_64-fedora-clang, r-devel-linux-x86_64-fedora-gcc, r-patched-linux-x86_64, r-release-linux-x86_64