CRAN Package Check Results for Package fechner

Last updated on 2017-02-23 07:47:34.

Flavor Version Tinstall Tcheck Ttotal Status Flags
r-devel-linux-x86_64-debian-clang 1.0-3 1.22 17.81 19.02 NOTE
r-devel-linux-x86_64-debian-gcc 1.0-3 1.08 17.68 18.76 NOTE
r-devel-linux-x86_64-fedora-clang 1.0-3 33.78 NOTE --no-stop-on-test-error
r-devel-linux-x86_64-fedora-gcc 1.0-3 31.60 NOTE --no-stop-on-test-error
r-devel-macos-x86_64-clang 1.0-3 24.11 NOTE --no-stop-on-test-error
r-devel-windows-ix86+x86_64 1.0-3 6.00 47.00 53.00 OK
r-patched-linux-x86_64 1.0-3 1.02 15.91 16.93 OK
r-patched-solaris-sparc 1.0-3 156.70 OK
r-patched-solaris-x86 1.0-3 33.50 OK
r-release-linux-x86_64 1.0-3 1.10 15.80 16.90 OK
r-release-osx-x86_64-mavericks 1.0-3 OK
r-release-windows-ix86+x86_64 1.0-3 6.00 34.00 40.00 OK
r-oldrel-windows-ix86+x86_64 1.0-2 6.00 28.00 34.00 NOTE

Check Details

Version: 1.0-3
Check: compiled code
Result: NOTE
    File ‘fechner/libs/fechner.so’:
     Found no calls to: ‘R_registerRoutines’, ‘R_useDynamicSymbols’
    
    It is good practice to register native routines and to disable symbol
    search.
    
    See ‘Writing portable packages’ in the ‘Writing R Extensions’ manual.
Flavors: r-devel-linux-x86_64-debian-clang, r-devel-linux-x86_64-debian-gcc

Version: 1.0-3
Flags: --no-stop-on-test-error
Check: compiled code
Result: NOTE
    File ‘fechner/libs/fechner.so’:
     Found no calls to: ‘R_registerRoutines’, ‘R_useDynamicSymbols’
    
    It is good practice to register native routines and to disable symbol
    search.
    
    See ‘Writing portable packages’ in the ‘Writing R Extensions’ manual.
Flavors: r-devel-linux-x86_64-fedora-clang, r-devel-linux-x86_64-fedora-gcc, r-devel-macos-x86_64-clang

Version: 1.0-2
Check: DESCRIPTION meta-information
Result: NOTE
    Packages listed in more than one of Depends, Imports, Suggests, Enhances:
     'base' 'graphics' 'stats'
    A package should be listed in only one of these fields.
Flavor: r-oldrel-windows-ix86+x86_64

Version: 1.0-2
Check: dependencies in R code
Result: NOTE
    Namespace in Imports field not imported from: 'base'
     All declared Imports should be used.
Flavor: r-oldrel-windows-ix86+x86_64