Last updated on 2023-01-30 11:52:47 CET.
Flavor | Version | Tinstall | Tcheck | Ttotal | Status | Flags |
---|---|---|---|---|---|---|
r-devel-linux-x86_64-debian-clang | 1.0.0 | 172.02 | 141.82 | 313.84 | OK | |
r-devel-linux-x86_64-debian-gcc | 1.0.0 | 141.85 | 102.97 | 244.82 | NOTE | |
r-devel-linux-x86_64-fedora-clang | 1.0.0 | 453.97 | NOTE | |||
r-devel-linux-x86_64-fedora-gcc | 1.0.0 | 458.96 | NOTE | |||
r-devel-windows-x86_64 | 1.0.0 | 138.00 | 179.00 | 317.00 | NOTE | |
r-patched-linux-x86_64 | 1.0.0 | 163.51 | 134.83 | 298.34 | OK | |
r-release-linux-x86_64 | 1.0.0 | 155.88 | 134.41 | 290.29 | OK | |
r-release-macos-arm64 | 1.0.0 | 109.00 | NOTE | |||
r-release-macos-x86_64 | 1.0.0 | 129.00 | NOTE | |||
r-release-windows-x86_64 | 1.0.0 | 135.00 | 182.00 | 317.00 | OK | |
r-oldrel-macos-arm64 | 1.0.0 | 109.00 | NOTE | |||
r-oldrel-macos-x86_64 | 1.0.0 | 133.00 | NOTE | |||
r-oldrel-windows-ix86+x86_64 | 1.0.0 | 410.00 | 199.00 | 609.00 | OK |
Version: 1.0.0
Check: C++ specification
Result: NOTE
Specified C++11: please update to current default of C++17
Flavors: r-devel-linux-x86_64-debian-gcc, r-devel-linux-x86_64-fedora-clang, r-devel-linux-x86_64-fedora-gcc, r-devel-windows-x86_64
Version: 1.0.0
Check: dependencies in R code
Result: NOTE
Namespace in Imports field not imported from: ‘panelView’
All declared Imports should be used.
Flavors: r-devel-linux-x86_64-fedora-clang, r-devel-linux-x86_64-fedora-gcc, r-release-macos-arm64, r-release-macos-x86_64, r-oldrel-macos-arm64, r-oldrel-macos-x86_64
Version: 1.0.0
Check: installed package size
Result: NOTE
installed size is 9.1Mb
sub-directories of 1Mb or more:
libs 7.7Mb
Flavors: r-release-macos-arm64, r-release-macos-x86_64, r-oldrel-macos-arm64, r-oldrel-macos-x86_64