CRAN Package Check Results for Package federalregister

Last updated on 2015-03-28 14:48:49.

Flavor Version Tinstall Tcheck Ttotal Status Flags
r-devel-linux-x86_64-debian-clang 0.1.2 0.85 12.61 13.46 NOTE
r-devel-linux-x86_64-debian-gcc 0.1.2 0.83 12.90 13.73 NOTE
r-devel-linux-x86_64-fedora-clang 0.1.2 27.27 NOTE
r-devel-linux-x86_64-fedora-gcc 0.1.2 24.95 NOTE
r-devel-osx-x86_64-clang 0.1.2 31.97 NOTE
r-prerel-windows-ix86+x86_64 0.1.2 3.00 22.00 25.00 NOTE
r-prerel-linux-x86_64 0.1.2 0.84 12.66 13.50 NOTE
r-prerel-solaris-sparc 0.1.2 157.60 NOTE
r-prerel-solaris-x86 0.1.2 37.20 NOTE
r-release-linux-x86_64 0.1.2 1.02 15.32 16.34 OK
r-release-osx-x86_64-mavericks 0.1.2 OK
r-release-osx-x86_64-snowleopard 0.1.2 OK
r-release-windows-ix86+x86_64 0.1.2 5.00 27.00 32.00 OK
r-oldrel-windows-ix86+x86_64 0.1.2 4.00 28.00 32.00 OK

Check Details

Version: 0.1.2
Check: DESCRIPTION meta-information
Result: NOTE
    Malformed Description field: should contain one or more complete sentences.
Flavors: r-devel-linux-x86_64-debian-clang, r-devel-linux-x86_64-debian-gcc, r-devel-linux-x86_64-fedora-clang, r-devel-linux-x86_64-fedora-gcc, r-devel-osx-x86_64-clang, r-prerel-windows-ix86+x86_64, r-prerel-linux-x86_64, r-prerel-solaris-sparc, r-prerel-solaris-x86