CRAN Package Check Results for Package federalregister

Last updated on 2015-04-18 03:50:14.

Flavor Version Tinstall Tcheck Ttotal Status Flags
r-devel-linux-x86_64-debian-clang 0.1.2 0.85 12.80 13.65 NOTE
r-devel-linux-x86_64-debian-gcc 0.1.2 0.82 13.03 13.86 NOTE
r-devel-linux-x86_64-fedora-clang 0.1.2 26.69 NOTE
r-devel-linux-x86_64-fedora-gcc 0.1.2 24.87 NOTE
r-devel-osx-x86_64-clang 0.1.2 28.33 NOTE
r-prerel-windows-ix86+x86_64 0.1.2 3.00 22.00 25.00 NOTE
r-prerel-linux-x86_64 0.1.2 0.87 12.66 13.54 NOTE
r-prerel-solaris-sparc 0.1.2 157.60 NOTE
r-prerel-solaris-x86 0.1.2 38.50 NOTE
r-release-linux-x86_64 0.1.2 1.01 15.67 16.68 OK
r-release-osx-x86_64-mavericks 0.1.2 OK
r-release-osx-x86_64-snowleopard 0.1.2 OK
r-release-windows-ix86+x86_64 0.1.2 5.00 27.00 32.00 OK
r-oldrel-windows-ix86+x86_64 0.1.2 4.00 28.00 32.00 OK

Check Details

Version: 0.1.2
Check: DESCRIPTION meta-information
Result: NOTE
    Malformed Description field: should contain one or more complete sentences.
Flavors: r-devel-linux-x86_64-debian-clang, r-devel-linux-x86_64-debian-gcc, r-devel-linux-x86_64-fedora-clang, r-devel-linux-x86_64-fedora-gcc, r-devel-osx-x86_64-clang, r-prerel-windows-ix86+x86_64, r-prerel-linux-x86_64, r-prerel-solaris-sparc, r-prerel-solaris-x86