CRAN Package Check Results for Package federalregister

Last updated on 2015-05-24 10:46:56.

Flavor Version Tinstall Tcheck Ttotal Status Flags
r-devel-linux-x86_64-debian-clang 0.1.2 0.84 13.00 13.84 NOTE
r-devel-linux-x86_64-debian-gcc 0.1.2 0.81 12.25 13.06 NOTE
r-devel-linux-x86_64-fedora-clang 0.1.2 27.31 NOTE
r-devel-linux-x86_64-fedora-gcc 0.1.2 24.88 NOTE
r-devel-osx-x86_64-clang 0.1.2 28.23 NOTE
r-devel-windows-ix86+x86_64 0.1.2 4.00 21.00 25.00 NOTE
r-patched-linux-x86_64 0.1.2 0.96 12.79 13.75 NOTE
r-patched-solaris-sparc 0.1.2 180.20 NOTE
r-patched-solaris-x86 0.1.2 39.60 NOTE
r-release-linux-x86_64 0.1.2 0.87 12.50 13.36 NOTE
r-release-osx-x86_64-mavericks 0.1.2 NOTE
r-release-osx-x86_64-snowleopard 0.1.2 NOTE
r-release-windows-ix86+x86_64 0.1.2 4.00 23.00 27.00 NOTE
r-oldrel-windows-ix86+x86_64 0.1.2 5.00 27.00 32.00 OK

Check Details

Version: 0.1.2
Check: DESCRIPTION meta-information
Result: NOTE
    Malformed Description field: should contain one or more complete sentences.
Flavors: r-devel-linux-x86_64-debian-clang, r-devel-linux-x86_64-debian-gcc, r-devel-linux-x86_64-fedora-clang, r-devel-linux-x86_64-fedora-gcc, r-devel-osx-x86_64-clang, r-devel-windows-ix86+x86_64, r-patched-linux-x86_64, r-patched-solaris-sparc, r-patched-solaris-x86, r-release-linux-x86_64, r-release-osx-x86_64-mavericks, r-release-osx-x86_64-snowleopard, r-release-windows-ix86+x86_64