CRAN Package Check Results for Package federalregister

Last updated on 2015-09-05 07:46:47.

Flavor Version Tinstall Tcheck Ttotal Status Flags
r-devel-linux-x86_64-debian-clang 0.1.2 0.77 12.47 13.24 NOTE
r-devel-linux-x86_64-debian-gcc 0.1.2 0.75 12.17 12.92 NOTE
r-devel-linux-x86_64-fedora-clang 0.1.2 25.20 NOTE
r-devel-linux-x86_64-fedora-gcc 0.1.2 24.36 NOTE
r-devel-osx-x86_64-clang 0.1.2 24.48 NOTE
r-devel-windows-ix86+x86_64 0.1.2 3.00 37.00 40.00 NOTE
r-patched-linux-x86_64 0.1.2 0.84 12.91 13.76 NOTE
r-patched-solaris-sparc 0.1.2 172.60 NOTE
r-patched-solaris-x86 0.1.2 39.70 NOTE
r-release-linux-x86_64 0.1.2 0.84 12.44 13.28 NOTE
r-release-osx-x86_64-mavericks 0.1.2 NOTE
r-release-windows-ix86+x86_64 0.1.2 3.00 25.00 28.00 NOTE
r-oldrel-windows-ix86+x86_64 0.1.2 6.00 28.00 34.00 OK

Check Details

Version: 0.1.2
Check: DESCRIPTION meta-information
Result: NOTE
    Malformed Description field: should contain one or more complete sentences.
Flavors: r-devel-linux-x86_64-debian-clang, r-devel-linux-x86_64-debian-gcc, r-devel-linux-x86_64-fedora-clang, r-devel-linux-x86_64-fedora-gcc, r-devel-osx-x86_64-clang, r-devel-windows-ix86+x86_64, r-patched-linux-x86_64, r-patched-solaris-sparc, r-patched-solaris-x86, r-release-linux-x86_64, r-release-osx-x86_64-mavericks, r-release-windows-ix86+x86_64