CRAN Package Check Results for Package federalregister

Last updated on 2015-08-02 11:47:20.

Flavor Version Tinstall Tcheck Ttotal Status Flags
r-devel-linux-x86_64-debian-clang 0.1.2 0.86 13.61 14.48 NOTE
r-devel-linux-x86_64-debian-gcc 0.1.2 0.85 12.25 13.10 NOTE
r-devel-linux-x86_64-fedora-clang 0.1.2 26.27 NOTE
r-devel-linux-x86_64-fedora-gcc 0.1.2 25.09 NOTE
r-devel-osx-x86_64-clang 0.1.2 24.88 NOTE
r-devel-windows-ix86+x86_64 0.1.2 3.00 24.00 27.00 NOTE
r-patched-linux-x86_64 0.1.2 1.17 13.14 14.31 NOTE
r-patched-solaris-sparc 0.1.2 172.60 NOTE
r-patched-solaris-x86 0.1.2 39.30 NOTE
r-release-linux-x86_64 0.1.2 0.90 13.13 14.03 NOTE
r-release-osx-x86_64-mavericks 0.1.2 NOTE
r-release-windows-ix86+x86_64 0.1.2 3.00 24.00 27.00 NOTE
r-oldrel-windows-ix86+x86_64 0.1.2 6.00 28.00 34.00 OK

Check Details

Version: 0.1.2
Check: DESCRIPTION meta-information
Result: NOTE
    Malformed Description field: should contain one or more complete sentences.
Flavors: r-devel-linux-x86_64-debian-clang, r-devel-linux-x86_64-debian-gcc, r-devel-linux-x86_64-fedora-clang, r-devel-linux-x86_64-fedora-gcc, r-devel-osx-x86_64-clang, r-devel-windows-ix86+x86_64, r-patched-linux-x86_64, r-patched-solaris-sparc, r-patched-solaris-x86, r-release-linux-x86_64, r-release-osx-x86_64-mavericks, r-release-windows-ix86+x86_64