CRAN Package Check Results for Package federalregister

Last updated on 2015-02-26 23:47:43.

Flavor Version Tinstall Tcheck Ttotal Status Flags
r-devel-linux-x86_64-debian-clang 0.1.2 0.90 12.66 13.56 NOTE
r-devel-linux-x86_64-debian-gcc 0.1.2 0.84 12.68 13.52 NOTE
r-devel-linux-x86_64-fedora-clang 0.1.2 28.32 NOTE
r-devel-linux-x86_64-fedora-gcc 0.1.2 25.46 NOTE
r-devel-osx-x86_64-clang 0.1.2 28.79 NOTE
r-devel-windows-ix86+x86_64 0.1.2 3.00 22.00 25.00 NOTE
r-patched-linux-x86_64 0.1.2 1.02 15.74 16.76 OK
r-patched-solaris-sparc 0.1.2 203.50 OK
r-patched-solaris-x86 0.1.2 47.90 OK
r-release-linux-ix86 0.1.2 1.54 21.35 22.89 OK
r-release-linux-x86_64 0.1.2 1.07 0.25 1.32 OK
r-release-osx-x86_64-mavericks 0.1.2 OK
r-release-osx-x86_64-snowleopard 0.1.2 OK
r-release-windows-ix86+x86_64 0.1.2 5.00 26.00 31.00 OK
r-oldrel-windows-ix86+x86_64 0.1.2 4.00 26.00 30.00 OK

Check Details

Version: 0.1.2
Check: DESCRIPTION meta-information
Result: NOTE
    Malformed Description field: should contain one or more complete sentences.
Flavors: r-devel-linux-x86_64-debian-clang, r-devel-linux-x86_64-debian-gcc, r-devel-linux-x86_64-fedora-clang, r-devel-linux-x86_64-fedora-gcc, r-devel-osx-x86_64-clang, r-devel-windows-ix86+x86_64