CRAN Package Check Results for Package fedstatAPIr

Last updated on 2022-08-13 07:55:20 CEST.

Flavor Version Tinstall Tcheck Ttotal Status Flags
r-devel-linux-x86_64-debian-clang 0.2.0 3.85 37.04 40.89 OK
r-devel-linux-x86_64-debian-gcc 0.2.0 2.92 28.82 31.74 OK
r-devel-linux-x86_64-fedora-clang 0.2.0 58.69 NOTE
r-devel-linux-x86_64-fedora-gcc 0.2.0 59.31 NOTE
r-devel-windows-x86_64 0.2.0 36.00 67.00 103.00 OK
r-patched-linux-x86_64 0.2.0 3.37 34.35 37.72 OK
r-release-linux-x86_64 0.2.0 3.93 33.67 37.60 OK
r-release-macos-arm64 0.2.0 20.00 NOTE
r-release-macos-x86_64 0.2.0 34.00 NOTE
r-release-windows-x86_64 0.2.0 36.00 61.00 97.00 OK
r-oldrel-macos-arm64 0.2.0 19.00 NOTE
r-oldrel-macos-x86_64 0.2.0 28.00 NOTE
r-oldrel-windows-ix86+x86_64 0.2.0 10.00 53.00 63.00 OK

Check Details

Version: 0.2.0
Check: dependencies in R code
Result: NOTE
    Namespace in Imports field not imported from: ‘methods’
     All declared Imports should be used.
Flavors: r-devel-linux-x86_64-fedora-clang, r-devel-linux-x86_64-fedora-gcc, r-release-macos-arm64, r-release-macos-x86_64, r-oldrel-macos-arm64, r-oldrel-macos-x86_64

Version: 0.2.0
Check: data for non-ASCII characters
Result: NOTE
     Note: found 43825 marked UTF-8 strings
Flavors: r-devel-linux-x86_64-fedora-clang, r-devel-linux-x86_64-fedora-gcc, r-release-macos-arm64, r-release-macos-x86_64, r-oldrel-macos-arm64, r-oldrel-macos-x86_64