CRAN Package Check Results for Package ff

Last updated on 2019-09-18 06:49:43 CEST.

Flavor Version Tinstall Tcheck Ttotal Status Flags
r-devel-linux-x86_64-debian-clang 2.2-14 38.57 80.91 119.48 OK
r-devel-linux-x86_64-debian-gcc 2.2-14 34.09 60.99 95.08 OK
r-devel-linux-x86_64-fedora-clang 2.2-14 154.24 NOTE
r-devel-linux-x86_64-fedora-gcc 2.2-14 151.29 NOTE
r-devel-windows-ix86+x86_64 2.2-14 110.00 121.00 231.00 OK
r-patched-linux-x86_64 2.2-14 35.85 79.53 115.38 OK
r-patched-solaris-x86 2.2-14 208.40 OK
r-release-linux-x86_64 2.2-14 36.01 80.60 116.61 OK
r-release-windows-ix86+x86_64 2.2-14 95.00 164.00 259.00 OK
r-release-osx-x86_64 2.2-14 OK
r-oldrel-windows-ix86+x86_64 2.2-14 140.00 114.00 254.00 OK
r-oldrel-osx-x86_64 2.2-14 OK

Check Details

Version: 2.2-14
Check: compiled code
Result: NOTE
    File ‘ff/libs/ff.so’:
     Found no call to: ‘R_useDynamicSymbols’
    
    It is good practice to register native routines and to disable symbol
    search.
    
    See ‘Writing portable packages’ in the ‘Writing R Extensions’ manual.
Flavors: r-devel-linux-x86_64-fedora-clang, r-devel-linux-x86_64-fedora-gcc