CRAN Package Check Results for Package ff

Last updated on 2014-12-19 01:48:18.

Flavor Version Tinstall Tcheck Ttotal Status Flags
r-devel-linux-x86_64-debian-clang 2.2-13 17.94 46.03 63.96 WARN
r-devel-linux-x86_64-debian-gcc 2.2-13 26.59 44.68 71.27 OK
r-devel-linux-x86_64-fedora-clang 2.2-13 132.43 WARN
r-devel-linux-x86_64-fedora-gcc 2.2-13 122.97 OK
r-devel-osx-x86_64-clang 2.2-13 121.50 WARN
r-devel-windows-ix86+x86_64 2.2-13 78.00 92.00 170.00 OK
r-patched-linux-x86_64 2.2-13 28.66 49.13 77.79 OK
r-patched-solaris-sparc 2.2-13 781.60 OK
r-patched-solaris-x86 2.2-13 209.10 OK
r-release-linux-ix86 2.2-13 31.05 55.67 86.72 OK
r-release-linux-x86_64 2.2-13 27.73 48.60 76.33 OK
r-release-osx-x86_64-mavericks 2.2-13 OK
r-release-osx-x86_64-snowleopard 2.2-13 OK
r-release-windows-ix86+x86_64 2.2-13 75.00 87.00 162.00 OK
r-oldrel-windows-ix86+x86_64 2.2-13 75.00 94.00 169.00 OK

Check Details

Version: 2.2-13
Check: whether package can be installed
Result: WARN
    Found the following significant warnings:
     ff.cpp:256:16: warning: 'long long' is a C++11 extension [-Wc++11-long-long]
     ff.cpp:256:54: warning: 'long long' is a C++11 extension [-Wc++11-long-long]
Flavors: r-devel-linux-x86_64-debian-clang, r-devel-linux-x86_64-fedora-clang, r-devel-osx-x86_64-clang