CRAN Package Check Results for Package ff

Last updated on 2015-05-23 09:48:23.

Flavor Version Tinstall Tcheck Ttotal Status Flags
r-devel-linux-x86_64-debian-clang 2.2-13 19.19 45.07 64.26 WARN
r-devel-linux-x86_64-debian-gcc 2.2-13 26.97 43.64 70.61 NOTE
r-devel-linux-x86_64-fedora-clang 2.2-13 127.38 WARN
r-devel-linux-x86_64-fedora-gcc 2.2-13 126.95 NOTE
r-devel-osx-x86_64-clang 2.2-13 116.23 WARN
r-devel-windows-ix86+x86_64 2.2-13 77.00 91.00 168.00 OK
r-patched-linux-x86_64 2.2-13 26.03 46.46 72.50 NOTE
r-patched-solaris-sparc 2.2-13 777.90 NOTE
r-patched-solaris-x86 2.2-13 195.40 NOTE
r-release-linux-x86_64 2.2-13 26.29 46.16 72.45 NOTE
r-release-osx-x86_64-mavericks 2.2-13 OK
r-release-osx-x86_64-snowleopard 2.2-13 OK
r-release-windows-ix86+x86_64 2.2-13 73.00 93.00 166.00 OK
r-oldrel-windows-ix86+x86_64 2.2-13 74.00 93.00 167.00 OK

Check Details

Version: 2.2-13
Check: whether package can be installed
Result: WARN
    Found the following significant warnings:
     ff.cpp:256:16: warning: 'long long' is a C++11 extension [-Wc++11-long-long]
     ff.cpp:256:54: warning: 'long long' is a C++11 extension [-Wc++11-long-long]
Flavors: r-devel-linux-x86_64-debian-clang, r-devel-linux-x86_64-fedora-clang, r-devel-osx-x86_64-clang

Version: 2.2-13
Check: S3 generic/method consistency
Result: NOTE
    Found the following apparent S3 methods exported but not registered:
     as.hi.logical keyorder.default keysort.default mergeorder.default
     mergesort.default radixorder.default radixsort.default
     ramorder.default ramsort.default shellorder.default shellsort.default
    See section ‘Registering S3 methods’ in the ‘Writing R Extensions’
    manual.
Flavors: r-devel-linux-x86_64-debian-clang, r-devel-linux-x86_64-debian-gcc, r-devel-linux-x86_64-fedora-clang, r-devel-linux-x86_64-fedora-gcc, r-devel-osx-x86_64-clang, r-patched-linux-x86_64, r-patched-solaris-sparc, r-patched-solaris-x86, r-release-linux-x86_64