CRAN Package Check Results for Package ff

Last updated on 2015-03-01 19:48:03.

Flavor Version Tinstall Tcheck Ttotal Status Flags
r-devel-linux-x86_64-debian-clang 2.2-13 18.56 46.59 65.15 WARN
r-devel-linux-x86_64-debian-gcc 2.2-13 26.00 46.30 72.30 NOTE
r-devel-linux-x86_64-fedora-clang 2.2-13 128.99 WARN
r-devel-linux-x86_64-fedora-gcc 2.2-13 130.84 NOTE
r-devel-osx-x86_64-clang 2.2-13 119.27 WARN
r-devel-windows-ix86+x86_64 2.2-13 74.00 87.00 161.00 OK
r-patched-linux-x86_64 2.2-13 27.23 48.02 75.26 OK
r-patched-solaris-sparc 2.2-13 796.10 OK
r-patched-solaris-x86 2.2-13 203.80 OK
r-release-linux-ix86 2.2-13 31.39 58.25 89.64 OK
r-release-linux-x86_64 2.2-13 27.14 47.36 74.49 OK
r-release-osx-x86_64-mavericks 2.2-13 OK
r-release-osx-x86_64-snowleopard 2.2-13 OK
r-release-windows-ix86+x86_64 2.2-13 73.00 98.00 171.00 OK
r-oldrel-windows-ix86+x86_64 2.2-13 78.00 139.00 217.00 OK

Check Details

Version: 2.2-13
Check: whether package can be installed
Result: WARN
    Found the following significant warnings:
     ff.cpp:256:16: warning: 'long long' is a C++11 extension [-Wc++11-long-long]
     ff.cpp:256:54: warning: 'long long' is a C++11 extension [-Wc++11-long-long]
Flavors: r-devel-linux-x86_64-debian-clang, r-devel-linux-x86_64-fedora-clang, r-devel-osx-x86_64-clang

Version: 2.2-13
Check: S3 generic/method consistency
Result: NOTE
    Found the following apparent S3 methods exported but not registered:
     as.hi.logical keyorder.default keysort.default mergeorder.default
     mergesort.default radixorder.default radixsort.default
     ramorder.default ramsort.default shellorder.default shellsort.default
    See section ‘Registering S3 methods’ in the ‘Writing R Extensions’
    manual.
Flavors: r-devel-linux-x86_64-debian-clang, r-devel-linux-x86_64-debian-gcc, r-devel-linux-x86_64-fedora-clang, r-devel-linux-x86_64-fedora-gcc, r-devel-osx-x86_64-clang