CRAN Package Check Results for Package ff

Last updated on 2018-06-21 11:50:07 CEST.

Flavor Version Tinstall Tcheck Ttotal Status Flags
r-devel-linux-x86_64-debian-clang 2.2-14 37.35 70.95 108.30 NOTE
r-devel-linux-x86_64-debian-gcc 2.2-14 34.03 61.09 95.12 NOTE
r-devel-linux-x86_64-fedora-clang 2.2-14 143.90 WARN
r-devel-linux-x86_64-fedora-gcc 2.2-14 134.28 NOTE
r-devel-windows-ix86+x86_64 2.2-14 123.00 102.00 225.00 OK
r-patched-linux-x86_64 2.2-14 40.20 78.58 118.78 NOTE
r-patched-solaris-x86 2.2-14 220.20 OK
r-release-linux-x86_64 2.2-14 37.65 78.25 115.90 NOTE
r-release-windows-ix86+x86_64 2.2-14 87.00 123.00 210.00 OK
r-release-osx-x86_64 2.2-14 OK
r-oldrel-windows-ix86+x86_64 2.2-14 122.00 110.00 232.00 OK
r-oldrel-osx-x86_64 2.2-14 OK

Check Details

Version: 2.2-14
Check: compiled code
Result: NOTE
    File ‘ff/libs/ff.so’:
     Found no call to: ‘R_useDynamicSymbols’
    
    It is good practice to register native routines and to disable symbol
    search.
    
    See ‘Writing portable packages’ in the ‘Writing R Extensions’ manual.
Flavors: r-devel-linux-x86_64-debian-clang, r-devel-linux-x86_64-debian-gcc, r-devel-linux-x86_64-fedora-clang, r-devel-linux-x86_64-fedora-gcc, r-patched-linux-x86_64, r-release-linux-x86_64

Version: 2.2-14
Check: whether package can be installed
Result: WARN
    Found the following significant warnings:
     ff.cpp:256:16: warning: 'long long' is a C++11 extension [-Wc++11-long-long]
     ff.cpp:256:54: warning: 'long long' is a C++11 extension [-Wc++11-long-long]
Flavor: r-devel-linux-x86_64-fedora-clang