CRAN Package Check Results for Package ff

Last updated on 2015-02-01 23:48:53.

Flavor Version Tinstall Tcheck Ttotal Status Flags
r-devel-linux-x86_64-debian-clang 2.2-13 19.21 46.29 65.50 WARN
r-devel-linux-x86_64-debian-gcc 2.2-13 27.44 42.70 70.14 NOTE
r-devel-linux-x86_64-fedora-clang 2.2-13 126.68 WARN
r-devel-linux-x86_64-fedora-gcc 2.2-13 130.46 NOTE
r-devel-osx-x86_64-clang 2.2-13 130.62 WARN
r-devel-windows-ix86+x86_64 2.2-13 102.00 78.00 180.00 OK
r-patched-linux-x86_64 2.2-13 28.12 47.95 76.07 OK
r-patched-solaris-sparc 2.2-13 796.10 OK
r-patched-solaris-x86 2.2-13 208.20 OK
r-release-linux-ix86 2.2-13 31.27 57.02 88.28 OK
r-release-linux-x86_64 2.2-13 27.24 48.19 75.43 OK
r-release-osx-x86_64-mavericks 2.2-13 OK
r-release-osx-x86_64-snowleopard 2.2-13 OK
r-release-windows-ix86+x86_64 2.2-13 78.00 94.00 172.00 OK
r-oldrel-windows-ix86+x86_64 2.2-13 82.00 91.00 173.00 OK

Check Details

Version: 2.2-13
Check: whether package can be installed
Result: WARN
    Found the following significant warnings:
     ff.cpp:256:16: warning: 'long long' is a C++11 extension [-Wc++11-long-long]
     ff.cpp:256:54: warning: 'long long' is a C++11 extension [-Wc++11-long-long]
Flavors: r-devel-linux-x86_64-debian-clang, r-devel-linux-x86_64-fedora-clang, r-devel-osx-x86_64-clang

Version: 2.2-13
Check: S3 generic/method consistency
Result: NOTE
    Found the following apparent S3 methods exported but not registered:
     as.hi.logical keyorder.default keysort.default mergeorder.default
     mergesort.default radixorder.default radixsort.default
     ramorder.default ramsort.default shellorder.default shellsort.default
    See section ‘Registering S3 methods’ in the ‘Writing R Extensions’
    manual.
Flavors: r-devel-linux-x86_64-debian-clang, r-devel-linux-x86_64-debian-gcc, r-devel-linux-x86_64-fedora-clang, r-devel-linux-x86_64-fedora-gcc, r-devel-osx-x86_64-clang