CRAN Package Check Results for Package ff

Last updated on 2020-02-18 18:51:25 CET.

Flavor Version Tinstall Tcheck Ttotal Status Flags
r-devel-linux-x86_64-debian-clang 2.2-14 44.13 88.90 133.03 NOTE
r-devel-linux-x86_64-debian-gcc 2.2-14 33.69 67.33 101.02 NOTE
r-devel-linux-x86_64-fedora-clang 2.2-14 164.43 WARN
r-devel-linux-x86_64-fedora-gcc 2.2-14 160.57 NOTE
r-devel-windows-ix86+x86_64 2.2-14 91.00 124.00 215.00 NOTE
r-devel-windows-ix86+x86_64-gcc8 2.2-14 126.00 168.00 294.00 NOTE
r-patched-linux-x86_64 2.2-14 37.66 79.89 117.55 NOTE
r-patched-solaris-x86 2.2-14 215.30 NOTE
r-release-linux-x86_64 2.2-14 37.62 80.82 118.44 NOTE
r-release-windows-ix86+x86_64 2.2-14 95.00 110.00 205.00 NOTE
r-release-osx-x86_64 2.2-14 OK
r-oldrel-windows-ix86+x86_64 2.2-14 90.00 154.00 244.00 NOTE
r-oldrel-osx-x86_64 2.2-14 OK

Check Details

Version: 2.2-14
Check: dependencies in R code
Result: NOTE
    Unexported object imported by a ':::' call: 'bit:::R_bit_as_hi'
     See the note in ?`:::` about the use of this operator.
Flavors: r-devel-linux-x86_64-debian-clang, r-devel-linux-x86_64-debian-gcc, r-devel-linux-x86_64-fedora-clang, r-devel-linux-x86_64-fedora-gcc, r-devel-windows-ix86+x86_64, r-devel-windows-ix86+x86_64-gcc8, r-patched-linux-x86_64, r-patched-solaris-x86, r-release-linux-x86_64, r-release-windows-ix86+x86_64, r-oldrel-windows-ix86+x86_64

Version: 2.2-14
Check: package dependencies
Result: WARN
    Requires orphaned package: ‘bit’
Flavor: r-devel-linux-x86_64-fedora-clang

Version: 2.2-14
Check: compiled code
Result: NOTE
    File ‘ff/libs/ff.so’:
     Found no call to: ‘R_useDynamicSymbols’
    
    It is good practice to register native routines and to disable symbol
    search.
    
    See ‘Writing portable packages’ in the ‘Writing R Extensions’ manual.
Flavors: r-devel-linux-x86_64-fedora-clang, r-devel-linux-x86_64-fedora-gcc