CRAN Package Check Results for Package ff

Last updated on 2015-06-30 19:47:45.

Flavor Version Tinstall Tcheck Ttotal Status Flags
r-devel-linux-x86_64-debian-clang 2.2-13 19.27 47.92 67.18 WARN
r-devel-linux-x86_64-debian-gcc 2.2-13 26.65 44.20 70.85 NOTE
r-devel-linux-x86_64-fedora-clang 2.2-13 123.95 WARN
r-devel-linux-x86_64-fedora-gcc 2.2-13 124.57 NOTE
r-devel-osx-x86_64-clang 2.2-13 121.07 WARN
r-devel-windows-ix86+x86_64 2.2-13 104.00 87.00 191.00 NOTE
r-patched-linux-x86_64 2.2-13 27.03 45.08 72.10 NOTE
r-patched-solaris-sparc 2.2-13 777.90 NOTE
r-patched-solaris-x86 2.2-13 196.90 NOTE
r-release-linux-x86_64 2.2-13 26.35 44.54 70.89 NOTE
r-release-osx-x86_64-mavericks 2.2-13 OK
r-release-windows-ix86+x86_64 2.2-13 104.00 94.00 198.00 OK
r-oldrel-windows-ix86+x86_64 2.2-13 103.00 92.00 195.00 OK

Check Details

Version: 2.2-13
Check: whether package can be installed
Result: WARN
    Found the following significant warnings:
     ff.cpp:256:16: warning: 'long long' is a C++11 extension [-Wc++11-long-long]
     ff.cpp:256:54: warning: 'long long' is a C++11 extension [-Wc++11-long-long]
Flavors: r-devel-linux-x86_64-debian-clang, r-devel-linux-x86_64-fedora-clang, r-devel-osx-x86_64-clang

Version: 2.2-13
Check: S3 generic/method consistency
Result: NOTE
    Found the following apparent S3 methods exported but not registered:
     as.hi.logical keyorder.default keysort.default mergeorder.default
     mergesort.default radixorder.default radixsort.default
     ramorder.default ramsort.default shellorder.default shellsort.default
    See section ‘Registering S3 methods’ in the ‘Writing R Extensions’
    manual.
Flavors: r-devel-linux-x86_64-debian-clang, r-devel-linux-x86_64-debian-gcc, r-devel-linux-x86_64-fedora-clang, r-devel-linux-x86_64-fedora-gcc, r-devel-osx-x86_64-clang, r-patched-linux-x86_64, r-patched-solaris-sparc, r-patched-solaris-x86, r-release-linux-x86_64

Version: 2.2-13
Check: R code for possible problems
Result: NOTE
    bigsample.default: no visible global function definition for ‘runif’
    cmedian: no visible binding for global variable ‘median’
    cquantile: no visible binding for global variable ‘quantile’
    read.table.ffdf: no visible binding for global variable ‘read.fwf’
    read.table.ffdf: no visible binding for global variable ‘read.table’
    regtest.fforder: no visible global function definition for ‘runif’
    str.ff: no visible global function definition for ‘str’
    str.ffdf: no visible global function definition for ‘str’
    str.hi: no visible global function definition for ‘str’
    write.csv: no visible binding for global variable ‘write.table’
    write.csv2: no visible binding for global variable ‘write.table’
Flavors: r-devel-linux-x86_64-debian-clang, r-devel-linux-x86_64-debian-gcc, r-devel-linux-x86_64-fedora-clang, r-devel-windows-ix86+x86_64