CRAN Package Check Results for Package ff

Last updated on 2016-07-30 14:49:39.

Flavor Version Tinstall Tcheck Ttotal Status Flags
r-devel-linux-x86_64-debian-clang 2.2-13 25.13 46.31 71.44 ERROR
r-devel-linux-x86_64-debian-gcc 2.2-13 27.58 45.51 73.09 ERROR
r-devel-linux-x86_64-fedora-clang 2.2-13 129.26 ERROR
r-devel-linux-x86_64-fedora-gcc 2.2-13 119.44 ERROR
r-devel-osx-x86_64-clang 2.2-13 108.47 ERROR
r-devel-windows-ix86+x86_64 2.2-13 85.00 87.00 172.00 ERROR
r-patched-linux-x86_64 2.2-13 26.13 45.53 71.66 NOTE
r-patched-solaris-sparc 2.2-13 751.60 NOTE
r-patched-solaris-x86 2.2-13 179.60 NOTE
r-release-linux-x86_64 2.2-13 29.10 51.48 80.58 NOTE
r-release-osx-x86_64-mavericks 2.2-13 NOTE
r-release-windows-ix86+x86_64 2.2-13 118.00 113.00 231.00 NOTE
r-oldrel-windows-ix86+x86_64 2.2-13 101.00 132.00 233.00 OK

Check Details

Version: 2.2-13
Check: S3 generic/method consistency
Result: NOTE
    Found the following apparent S3 methods exported but not registered:
     as.hi.logical keyorder.default keysort.default mergeorder.default
     mergesort.default radixorder.default radixsort.default
     ramorder.default ramsort.default shellorder.default shellsort.default
    See section ‘Registering S3 methods’ in the ‘Writing R Extensions’
    manual.
Flavors: r-devel-linux-x86_64-debian-clang, r-devel-linux-x86_64-debian-gcc, r-devel-linux-x86_64-fedora-clang, r-devel-linux-x86_64-fedora-gcc, r-devel-osx-x86_64-clang, r-patched-linux-x86_64, r-patched-solaris-sparc, r-patched-solaris-x86, r-release-linux-x86_64

Version: 2.2-13
Check: R code for possible problems
Result: NOTE
    bigsample.default: no visible global function definition for ‘runif’
    cmedian: no visible binding for global variable ‘median’
    cquantile: no visible binding for global variable ‘quantile’
    read.table.ffdf: no visible binding for global variable ‘read.fwf’
    read.table.ffdf: no visible binding for global variable ‘read.table’
    regtest.fforder: no visible global function definition for ‘runif’
    str.ff: no visible global function definition for ‘str’
    str.ffdf: no visible global function definition for ‘str’
    str.hi: no visible global function definition for ‘str’
    write.csv: no visible binding for global variable ‘write.table’
    write.csv2: no visible binding for global variable ‘write.table’
    Undefined global functions or variables:
     median quantile read.fwf read.table runif str write.table
    Consider adding
     importFrom("stats", "median", "quantile", "runif")
     importFrom("utils", "read.fwf", "read.table", "str", "write.table")
    to your NAMESPACE file.
Flavors: r-devel-linux-x86_64-debian-clang, r-devel-linux-x86_64-debian-gcc, r-devel-linux-x86_64-fedora-clang, r-devel-linux-x86_64-fedora-gcc, r-devel-osx-x86_64-clang, r-devel-windows-ix86+x86_64, r-patched-linux-x86_64, r-patched-solaris-sparc, r-patched-solaris-x86, r-release-linux-x86_64, r-release-osx-x86_64-mavericks, r-release-windows-ix86+x86_64

Version: 2.2-13
Check: examples
Result: ERROR
    Running examples in ‘ff-Ex.R’ failed
    The error most likely occurred in:
    
    > ### Name: regtest.fforder
    > ### Title: Sorting: regression tests
    > ### Aliases: regtest.fforder
    > ### Keywords: univar manip arith
    >
    > ### ** Examples
    >
    > regtest.fforder()
    Error: identical(order(x), i) is not TRUE
    Execution halted
Flavors: r-devel-linux-x86_64-debian-clang, r-devel-linux-x86_64-debian-gcc, r-devel-linux-x86_64-fedora-clang, r-devel-linux-x86_64-fedora-gcc, r-devel-osx-x86_64-clang

Version: 2.2-13
Check: whether package can be installed
Result: WARN
    Found the following significant warnings:
     ff.cpp:256:16: warning: 'long long' is a C++11 extension [-Wc++11-long-long]
     ff.cpp:256:54: warning: 'long long' is a C++11 extension [-Wc++11-long-long]
Flavors: r-devel-linux-x86_64-fedora-clang, r-devel-osx-x86_64-clang

Version: 2.2-13
Check: running examples for arch ‘i386’
Result: ERROR
    Running examples in 'ff-Ex.R' failed
    The error most likely occurred in:
    
    > ### Name: regtest.fforder
    > ### Title: Sorting: regression tests
    > ### Aliases: regtest.fforder
    > ### Keywords: univar manip arith
    >
    > ### ** Examples
    >
    > regtest.fforder()
    Error: identical(order(x), i) is not TRUE
    Execution halted
Flavor: r-devel-windows-ix86+x86_64

Version: 2.2-13
Check: running examples for arch ‘x64’
Result: ERROR
    Running examples in 'ff-Ex.R' failed
    The error most likely occurred in:
    
    > ### Name: regtest.fforder
    > ### Title: Sorting: regression tests
    > ### Aliases: regtest.fforder
    > ### Keywords: univar manip arith
    >
    > ### ** Examples
    >
    > regtest.fforder()
    Error: identical(order(x), i) is not TRUE
    Execution halted
Flavor: r-devel-windows-ix86+x86_64