CRAN Package Check Results for Package ff

Last updated on 2014-11-01 08:48:15.

Flavor Version Tinstall Tcheck Ttotal Status Flags
r-devel-linux-x86_64-debian-clang 2.2-13 17.74 46.20 63.94 WARN
r-devel-linux-x86_64-debian-gcc 2.2-13 26.68 44.90 71.59 OK
r-devel-linux-x86_64-fedora-clang 2.2-13 130.91 WARN
r-devel-linux-x86_64-fedora-gcc 2.2-13 132.54 OK
r-devel-osx-x86_64-clang 2.2-13 117.94 WARN
r-devel-windows-ix86+x86_64 2.2-13 69.00 80.00 149.00 OK
r-patched-linux-x86_64 2.2-13 26.99 49.46 76.45 OK
r-patched-solaris-sparc 2.2-13 781.60 OK
r-patched-solaris-x86 2.2-13 207.00 OK
r-release-linux-ix86 2.2-13 32.69 58.67 91.36 OK
r-release-linux-x86_64 2.2-13 28.87 47.97 76.84 OK
r-release-osx-x86_64-mavericks 2.2-13 OK
r-release-osx-x86_64-snowleopard 2.2-13 OK
r-release-windows-ix86+x86_64 2.2-13 73.00 88.00 161.00 OK
r-oldrel-windows-ix86+x86_64 2.2-13 71.00 87.00 158.00 OK

Check Details

Version: 2.2-13
Check: whether package can be installed
Result: WARN
    Found the following significant warnings:
     ff.cpp:256:16: warning: 'long long' is a C++11 extension [-Wc++11-long-long]
     ff.cpp:256:54: warning: 'long long' is a C++11 extension [-Wc++11-long-long]
Flavors: r-devel-linux-x86_64-debian-clang, r-devel-linux-x86_64-fedora-clang, r-devel-osx-x86_64-clang