Last updated on 2023-11-30 10:48:47 CET.
Flavor | Version | Tinstall | Tcheck | Ttotal | Status | Flags |
---|---|---|---|---|---|---|
r-devel-linux-x86_64-debian-clang | 4.0.9 | 46.32 | 120.03 | 166.35 | WARN | |
r-devel-linux-x86_64-debian-gcc | 4.0.9 | 42.44 | 89.93 | 132.37 | OK | |
r-devel-linux-x86_64-fedora-clang | 4.0.9 | 209.56 | WARN | |||
r-devel-linux-x86_64-fedora-gcc | 4.0.9 | 218.51 | OK | |||
r-devel-windows-x86_64 | 4.0.9 | 42.00 | 140.00 | 182.00 | OK | |
r-patched-linux-x86_64 | 4.0.9 | 53.40 | 117.26 | 170.66 | OK | |
r-release-linux-x86_64 | 4.0.9 | 49.00 | 115.95 | 164.95 | OK | |
r-release-macos-arm64 | 4.0.9 | 63.00 | OK | |||
r-release-macos-x86_64 | 4.0.9 | 108.00 | OK | |||
r-release-windows-x86_64 | 4.0.9 | 51.00 | 167.00 | 218.00 | OK | |
r-oldrel-macos-arm64 | 4.0.9 | 61.00 | OK | |||
r-oldrel-macos-x86_64 | 4.0.9 | 74.00 | OK | |||
r-oldrel-windows-x86_64 | 4.0.9 | 61.00 | 213.00 | 274.00 | OK |
Version: 4.0.9
Check: whether package can be installed
Result: WARN
Found the following significant warnings:
r_ff.c:472:11: warning: format string is not a string literal (potentially insecure) [-Wformat-security]
r_ff.c:642:11: warning: format string is not a string literal (potentially insecure) [-Wformat-security]
See ‘/home/hornik/tmp/R.check/r-devel-clang/Work/PKGS/ff.Rcheck/00install.out’ for details.
* used C compiler: ‘Debian clang version 17.0.5 (1)’
* used C++ compiler: ‘Debian clang version 17.0.5 (1)’
Flavor: r-devel-linux-x86_64-debian-clang
Version: 4.0.9
Check: whether package can be installed
Result: WARN
Found the following significant warnings:
r_ff.c:472:11: warning: format string is not a string literal (potentially insecure) [-Wformat-security]
r_ff.c:642:11: warning: format string is not a string literal (potentially insecure) [-Wformat-security]
See ‘/data/gannet/ripley/R/packages/tests-clang/ff.Rcheck/00install.out’ for details.
* used C compiler: ‘clang version 17.0.5’
* used C++ compiler: ‘clang version 17.0.5’
Flavor: r-devel-linux-x86_64-fedora-clang