CRAN Package Check Results for Package ffbase

Last updated on 2015-02-01 16:46:57.

Flavor Version Tinstall Tcheck Ttotal Status Flags
r-devel-linux-x86_64-debian-clang 0.11.3 1.98 25.73 27.71 NOTE
r-devel-linux-x86_64-debian-gcc 0.11.3 2.63 23.32 25.94 NOTE
r-devel-linux-x86_64-fedora-clang 0.11.3 53.68 NOTE
r-devel-linux-x86_64-fedora-gcc 0.11.3 49.18 NOTE
r-devel-osx-x86_64-clang 0.11.3 61.50 NOTE
r-devel-windows-ix86+x86_64 0.11.3 21.00 54.00 75.00 NOTE
r-patched-linux-x86_64 0.11.3 2.06 28.91 30.96 NOTE
r-patched-solaris-sparc 0.11.3 359.60 NOTE
r-patched-solaris-x86 0.11.3 78.10 NOTE
r-release-linux-ix86 0.11.3 2.82 36.23 39.05 NOTE
r-release-linux-x86_64 0.11.3 2.14 27.31 29.45 NOTE
r-release-osx-x86_64-mavericks 0.11.3 NOTE
r-release-osx-x86_64-snowleopard 0.11.3 OK
r-release-windows-ix86+x86_64 0.11.3 13.00 68.00 81.00 NOTE
r-oldrel-windows-ix86+x86_64 0.11.3 13.00 69.00 82.00 OK

Check Details

Version: 0.11.3
Check: dependencies in R code
Result: NOTE
    'library' or 'require' calls in package code:
     ‘LaF’ ‘biglm’
     Please use :: or requireNamespace() instead.
     See section 'Suggested packages' in the 'Writing R Extensions' manual.
Flavors: r-devel-linux-x86_64-debian-clang, r-devel-linux-x86_64-debian-gcc, r-devel-linux-x86_64-fedora-clang, r-devel-linux-x86_64-fedora-gcc, r-devel-osx-x86_64-clang, r-devel-windows-ix86+x86_64

Version: 0.11.3
Check: S3 generic/method consistency
Result: NOTE
    Found the following apparent S3 methods exported but not registered:
     duplicated.ff duplicated.ffdf is.na<-.ff subset.ff subset.ffdf
     transform.ffdf unique.ff unique.ffdf is.na.ff cumsum.ff cumprod.ff
     cummax.ff cummin.ff sum.ff max.ff min.ff range.ff
    See section ‘Registering S3 methods’ in the ‘Writing R Extensions’
    manual.
Flavors: r-devel-linux-x86_64-debian-clang, r-devel-linux-x86_64-debian-gcc, r-devel-linux-x86_64-fedora-clang, r-devel-linux-x86_64-fedora-gcc, r-devel-osx-x86_64-clang

Version: 0.11.3
Check: R code for possible problems
Result: NOTE
    addfforder: no visible global function definition for ‘is.sorted<-’
    bigglm.ffdf: no visible global function definition for ‘bigglm’
    checkRange: no visible global function definition for ‘ri’
    compact.ffdf: no visible global function definition for ‘physical’
    droplevels.ffdf: no visible global function definition for ‘physical’
    ffappend: no visible global function definition for ‘as.which’
    ffdfappend: no visible global function definition for ‘physical’
    ffdfdply: no visible global function definition for ‘ri’
    ffrep.int: no visible global function definition for ‘ri’
    ffsorted: no visible global function definition for ‘is.sorted<-’
    laf_to_ffdf: no visible global function definition for ‘begin’
    laf_to_ffdf: no visible global function definition for ‘next_block’
    load.ffdf: no visible global function definition for ‘physical’
    load.ffdf: no visible global function definition for ‘physical<-’
    move.ffdf: no visible global function definition for ‘physical’
    move.ffdf: no visible global function definition for ‘physical<-’
    save.ffdf: no visible global function definition for ‘physical’
Flavors: r-devel-linux-x86_64-debian-clang, r-devel-linux-x86_64-debian-gcc, r-devel-linux-x86_64-fedora-clang, r-devel-linux-x86_64-fedora-gcc, r-devel-osx-x86_64-clang, r-devel-windows-ix86+x86_64, r-patched-linux-x86_64, r-patched-solaris-sparc, r-patched-solaris-x86, r-release-linux-ix86, r-release-linux-x86_64, r-release-osx-x86_64-mavericks, r-release-windows-ix86+x86_64