CRAN Package Check Results for Package ffbase

Last updated on 2017-04-28 17:47:33.

Flavor Version Tinstall Tcheck Ttotal Status Flags
r-devel-linux-x86_64-debian-clang 0.12.3 2.48 39.01 41.50 NOTE
r-devel-linux-x86_64-debian-gcc 0.12.3 2.10 38.60 40.71 NOTE
r-devel-linux-x86_64-fedora-clang 0.12.3 75.61 NOTE --no-stop-on-test-error
r-devel-linux-x86_64-fedora-gcc 0.12.3 72.92 NOTE --no-stop-on-test-error
r-devel-windows-ix86+x86_64 0.12.3 13.00 150.00 163.00 OK
r-patched-linux-x86_64 0.12.3 2.05 38.72 40.77 NOTE
r-patched-solaris-sparc 0.12.3 454.00 OK
r-patched-solaris-x86 0.12.3 96.60 OK
r-release-linux-x86_64 0.12.3 2.01 38.39 40.40 NOTE
r-release-windows-ix86+x86_64 0.12.3 16.00 115.00 131.00 OK
r-release-osx-x86_64 0.12.3 OK
r-oldrel-windows-ix86+x86_64 0.12.3 17.00 96.00 113.00 OK
r-oldrel-osx-x86_64 0.12.3 OK

Check Details

Version: 0.12.3
Check: compiled code
Result: NOTE
    File ‘ffbase/libs/ffbase.so’:
     Found no calls to: ‘R_registerRoutines’, ‘R_useDynamicSymbols’
    
    It is good practice to register native routines and to disable symbol
    search.
    
    See ‘Writing portable packages’ in the ‘Writing R Extensions’ manual.
Flavors: r-devel-linux-x86_64-debian-clang, r-devel-linux-x86_64-debian-gcc, r-patched-linux-x86_64, r-release-linux-x86_64

Version: 0.12.3
Flags: --no-stop-on-test-error
Check: compiled code
Result: NOTE
    File ‘ffbase/libs/ffbase.so’:
     Found no calls to: ‘R_registerRoutines’, ‘R_useDynamicSymbols’
    
    It is good practice to register native routines and to disable symbol
    search.
    
    See ‘Writing portable packages’ in the ‘Writing R Extensions’ manual.
Flavors: r-devel-linux-x86_64-fedora-clang, r-devel-linux-x86_64-fedora-gcc