CRAN Package Check Results for Package ffbase

Last updated on 2016-02-11 07:47:26.

Flavor Version Tinstall Tcheck Ttotal Status Flags
r-devel-linux-x86_64-debian-gcc 0.12.1 1.96 32.66 34.62 NOTE
r-devel-linux-x86_64-fedora-clang 0.12.1 64.14 NOTE
r-devel-linux-x86_64-fedora-gcc 0.12.1 62.69 NOTE
r-devel-osx-x86_64-clang 0.12.1 85.64 NOTE
r-devel-windows-ix86+x86_64 0.12.1 18.00 114.00 132.00 NOTE
r-patched-linux-x86_64 0.12.1 1.97 34.07 36.04 OK
r-patched-solaris-sparc 0.12.1 408.50 OK
r-patched-solaris-x86 0.12.1 84.70 OK
r-release-linux-x86_64 0.12.1 2.14 34.23 36.37 OK
r-release-osx-x86_64-mavericks 0.12.1 OK
r-release-windows-ix86+x86_64 0.12.1 20.00 93.00 113.00 OK
r-oldrel-windows-ix86+x86_64 0.12.1 20.00 117.00 137.00 OK

Check Details

Version: 0.12.1
Check: R code for possible problems
Result: NOTE
    bigglm.ffdf: no visible global function definition for ‘gaussian’
    cummax.ff: no visible global function definition for ‘tail’
    cummin.ff: no visible global function definition for ‘tail’
    cumprod.ff: no visible global function definition for ‘tail’
    cumsum.ff: no visible global function definition for ‘tail’
    diff.ff: no visible global function definition for ‘tail’
    duplicated.ff: no visible global function definition for ‘head’
    duplicated.ff: no visible global function definition for ‘tail’
    duplicated.ffdf: no visible global function definition for ‘head’
    duplicated.ffdf: no visible global function definition for ‘tail’
    ffdfrbind.fill: no visible global function definition for ‘tail’
    ffrandom: no visible binding for global variable ‘runif’
    hist2d.ff: no visible global function definition for ‘image’
    pack.ffdf: no visible global function definition for ‘zip’
    pack.ffdf: no visible global function definition for ‘tar’
    rbind.ffdf: no visible global function definition for ‘tail’
    tabulate.ff: no visible global function definition for ‘na.omit’
    unpack.ffdf: no visible global function definition for ‘unzip’
    unpack.ffdf: no visible global function definition for ‘untar’
    Undefined global functions or variables:
     gaussian head image na.omit runif tail tar untar unzip zip
    Consider adding
     importFrom("graphics", "image")
     importFrom("stats", "gaussian", "na.omit", "runif")
     importFrom("utils", "head", "tail", "tar", "untar", "unzip", "zip")
    to your NAMESPACE file.
Flavors: r-devel-linux-x86_64-debian-gcc, r-devel-linux-x86_64-fedora-clang, r-devel-linux-x86_64-fedora-gcc, r-devel-osx-x86_64-clang, r-devel-windows-ix86+x86_64