CRAN Package Check Results for Package ffbase

Last updated on 2017-12-13 07:48:23 CET.

Flavor Version Tinstall Tcheck Ttotal Status Flags
r-devel-linux-x86_64-debian-clang 0.12.3 2.90 57.56 60.46 NOTE
r-devel-linux-x86_64-debian-gcc 0.12.3 2.69 48.66 51.35 NOTE
r-devel-linux-x86_64-fedora-clang 0.12.3 69.36 NOTE
r-devel-linux-x86_64-fedora-gcc 0.12.3 70.84 NOTE
r-devel-windows-ix86+x86_64 0.12.3 29.00 145.00 174.00 OK
r-patched-linux-x86_64 0.12.3 2.52 60.55 63.07 NOTE
r-patched-solaris-x86 0.12.3 93.50 OK
r-release-linux-x86_64 0.12.3 2.54 62.65 65.19 NOTE
r-release-windows-ix86+x86_64 0.12.3 12.00 160.00 172.00 OK
r-release-osx-x86_64 0.12.3 OK
r-oldrel-windows-ix86+x86_64 0.12.3 19.00 137.00 156.00 OK
r-oldrel-osx-x86_64 0.12.3 OK

Check Details

Version: 0.12.3
Check: compiled code
Result: NOTE
    File ‘ffbase/libs/ffbase.so’:
     Found no calls to: ‘R_registerRoutines’, ‘R_useDynamicSymbols’
    
    It is good practice to register native routines and to disable symbol
    search.
    
    See ‘Writing portable packages’ in the ‘Writing R Extensions’ manual.
Flavors: r-devel-linux-x86_64-debian-clang, r-devel-linux-x86_64-debian-gcc, r-devel-linux-x86_64-fedora-clang, r-devel-linux-x86_64-fedora-gcc, r-patched-linux-x86_64, r-release-linux-x86_64