CRAN Package Check Results for Package ffbase

Last updated on 2014-09-02 05:46:32.

Flavor Version Tinstall Tcheck Ttotal Status Flags
r-devel-linux-x86_64-debian-clang 0.11.3 2.06 25.88 27.94 NOTE
r-devel-linux-x86_64-debian-gcc 0.11.3 2.04 25.58 27.62 NOTE
r-devel-linux-x86_64-fedora-clang 0.11.3 58.09 NOTE
r-devel-linux-x86_64-fedora-gcc 0.11.3 53.00 NOTE
r-devel-osx-x86_64-clang 0.11.3 55.47 NOTE
r-devel-windows-ix86+x86_64 0.11.3 12.00 56.00 68.00 NOTE
r-patched-linux-x86_64 0.11.3 2.28 27.56 29.84 OK
r-patched-solaris-sparc 0.11.3 334.90 OK
r-patched-solaris-x86 0.11.3 76.80 OK
r-release-linux-ix86 0.11.3 2.89 36.94 39.84 OK
r-release-linux-x86_64 0.11.3 2.02 28.05 30.08 OK
r-release-osx-x86_64-mavericks 0.11.3 OK
r-release-osx-x86_64-snowleopard 0.11.3 OK
r-release-windows-ix86+x86_64 0.11.3 18.00 86.00 104.00 OK
r-oldrel-windows-ix86+x86_64 0.11.3 11.00 62.00 73.00 OK

Check Details

Version: 0.11.3
Check: R code for possible problems
Result: NOTE
    addfforder: no visible global function definition for ‘is.sorted<-’
    bigglm.ffdf: no visible global function definition for ‘bigglm’
    checkRange: no visible global function definition for ‘ri’
    compact.ffdf: no visible global function definition for ‘physical’
    droplevels.ffdf: no visible global function definition for ‘physical’
    ffappend: no visible global function definition for ‘as.which’
    ffdfappend: no visible global function definition for ‘physical’
    ffdfdply: no visible global function definition for ‘ri’
    ffrep.int: no visible global function definition for ‘ri’
    ffsorted: no visible global function definition for ‘is.sorted<-’
    laf_to_ffdf: no visible global function definition for ‘begin’
    laf_to_ffdf: no visible global function definition for ‘next_block’
    load.ffdf: no visible global function definition for ‘physical’
    load.ffdf: no visible global function definition for ‘physical<-’
    move.ffdf: no visible global function definition for ‘physical’
    move.ffdf: no visible global function definition for ‘physical<-’
    save.ffdf: no visible global function definition for ‘physical’
Flavors: r-devel-linux-x86_64-debian-clang, r-devel-linux-x86_64-debian-gcc, r-devel-linux-x86_64-fedora-clang, r-devel-linux-x86_64-fedora-gcc, r-devel-osx-x86_64-clang, r-devel-windows-ix86+x86_64