CRAN Package Check Results for Package ffbase

Last updated on 2017-06-29 01:46:36.

Flavor Version Tinstall Tcheck Ttotal Status Flags
r-devel-linux-x86_64-debian-clang 0.12.3 2.37 39.89 42.25 NOTE
r-devel-linux-x86_64-debian-gcc 0.12.3 2.22 39.44 41.66 NOTE
r-devel-linux-x86_64-fedora-clang 0.12.3 74.84 NOTE
r-devel-linux-x86_64-fedora-gcc 0.12.3 72.89 NOTE
r-devel-windows-ix86+x86_64 0.12.3 11.00 101.00 112.00 OK
r-patched-linux-x86_64 0.12.3 2.10 38.58 40.68 NOTE
r-patched-solaris-sparc 0.12.3 454.00 OK
r-patched-solaris-x86 0.12.3 97.30 OK
r-release-linux-x86_64 0.12.3 2.26 38.73 40.99 NOTE
r-release-windows-ix86+x86_64 0.12.3 18.00 108.00 126.00 OK
r-release-osx-x86_64 0.12.3 OK
r-oldrel-windows-ix86+x86_64 0.12.3 16.00 149.00 165.00 OK
r-oldrel-osx-x86_64 0.12.3 OK

Check Details

Version: 0.12.3
Check: compiled code
Result: NOTE
    File ‘ffbase/libs/ffbase.so’:
     Found no calls to: ‘R_registerRoutines’, ‘R_useDynamicSymbols’
    
    It is good practice to register native routines and to disable symbol
    search.
    
    See ‘Writing portable packages’ in the ‘Writing R Extensions’ manual.
Flavors: r-devel-linux-x86_64-debian-clang, r-devel-linux-x86_64-debian-gcc, r-devel-linux-x86_64-fedora-clang, r-devel-linux-x86_64-fedora-gcc, r-patched-linux-x86_64, r-release-linux-x86_64