CRAN Package Check Results for Package ffbase

Last updated on 2017-08-17 09:46:56.

Flavor Version Tinstall Tcheck Ttotal Status Flags
r-devel-linux-x86_64-debian-clang 0.12.3 2.31 40.66 42.97 NOTE
r-devel-linux-x86_64-debian-gcc 0.12.3 2.15 39.80 41.95 NOTE
r-devel-linux-x86_64-fedora-clang 0.12.3 75.33 NOTE
r-devel-linux-x86_64-fedora-gcc 0.12.3 73.25 NOTE
r-devel-windows-ix86+x86_64 0.12.3 11.00 114.00 125.00 OK
r-patched-linux-x86_64 0.12.3 2.02 41.01 43.02 NOTE
r-patched-solaris-x86 0.12.3 95.80 OK
r-release-linux-x86_64 0.12.3 2.15 39.93 42.08 NOTE
r-release-windows-ix86+x86_64 0.12.3 12.00 114.00 126.00 OK
r-release-osx-x86_64 0.12.3 OK
r-oldrel-windows-ix86+x86_64 0.12.3 25.00 99.00 124.00 OK
r-oldrel-osx-x86_64 0.12.3 OK

Check Details

Version: 0.12.3
Check: compiled code
Result: NOTE
    File ‘ffbase/libs/ffbase.so’:
     Found no calls to: ‘R_registerRoutines’, ‘R_useDynamicSymbols’
    
    It is good practice to register native routines and to disable symbol
    search.
    
    See ‘Writing portable packages’ in the ‘Writing R Extensions’ manual.
Flavors: r-devel-linux-x86_64-debian-clang, r-devel-linux-x86_64-debian-gcc, r-devel-linux-x86_64-fedora-clang, r-devel-linux-x86_64-fedora-gcc, r-patched-linux-x86_64, r-release-linux-x86_64