CRAN Package Check Results for Package ffbase

Last updated on 2017-10-19 12:49:25.

Flavor Version Tinstall Tcheck Ttotal Status Flags
r-devel-linux-x86_64-debian-clang 0.12.3 2.24 40.40 42.64 NOTE
r-devel-linux-x86_64-debian-gcc 0.12.3 2.72 50.24 52.96 NOTE
r-devel-linux-x86_64-fedora-clang 0.12.3 78.79 NOTE
r-devel-linux-x86_64-fedora-gcc 0.12.3 77.57 NOTE
r-devel-windows-ix86+x86_64 0.12.3 12.00 111.00 123.00 OK
r-patched-linux-x86_64 0.12.3 2.14 39.06 41.20 NOTE
r-patched-solaris-x86 0.12.3 101.10 OK
r-release-linux-x86_64 0.12.3 2.12 39.63 41.75 NOTE
r-release-windows-ix86+x86_64 0.12.3 21.00 107.00 128.00 OK
r-release-osx-x86_64 0.12.3 OK
r-oldrel-windows-ix86+x86_64 0.12.3 16.00 133.00 149.00 OK
r-oldrel-osx-x86_64 0.12.3 OK

Check Details

Version: 0.12.3
Check: compiled code
Result: NOTE
    File ‘ffbase/libs/ffbase.so’:
     Found no calls to: ‘R_registerRoutines’, ‘R_useDynamicSymbols’
    
    It is good practice to register native routines and to disable symbol
    search.
    
    See ‘Writing portable packages’ in the ‘Writing R Extensions’ manual.
Flavors: r-devel-linux-x86_64-debian-clang, r-devel-linux-x86_64-debian-gcc, r-devel-linux-x86_64-fedora-clang, r-devel-linux-x86_64-fedora-gcc, r-patched-linux-x86_64, r-release-linux-x86_64