CRAN Package Check Results for Package ffbase

Last updated on 2015-05-28 17:47:47.

Flavor Version Tinstall Tcheck Ttotal Status Flags
r-devel-linux-x86_64-debian-clang 0.12.0 1.90 35.41 37.31 OK
r-devel-linux-x86_64-debian-gcc 0.12.0 1.86 34.18 36.04 OK
r-devel-linux-x86_64-fedora-clang 0.12.0 72.56 OK
r-devel-linux-x86_64-fedora-gcc 0.12.0 37.43 OK
r-devel-osx-x86_64-clang 0.12.0 49.10 OK
r-devel-windows-ix86+x86_64 0.12.0 14.00 91.00 105.00 OK
r-patched-linux-x86_64 0.12.0 2.04 33.81 35.85 OK
r-patched-solaris-sparc 0.12.0 384.60 OK
r-patched-solaris-x86 0.12.0 92.20 OK
r-release-linux-x86_64 0.12.0 2.03 34.52 36.54 OK
r-release-osx-x86_64-mavericks 0.12.0 OK
r-release-osx-x86_64-snowleopard 0.11.3 NOTE
r-release-windows-ix86+x86_64 0.12.0 15.00 85.00 100.00 OK
r-oldrel-windows-ix86+x86_64 0.12.0 16.00 119.00 135.00 OK

Check Details

Version: 0.11.3
Check: DESCRIPTION meta-information
Result: NOTE
    Malformed Description field: should contain one or more complete sentences.
Flavor: r-release-osx-x86_64-snowleopard

Version: 0.11.3
Check: dependencies in R code
Result: NOTE
    'library' or 'require' calls in package code:
     ‘LaF’ ‘biglm’
     Please use :: or requireNamespace() instead.
     See section 'Suggested packages' in the 'Writing R Extensions' manual.
Flavor: r-release-osx-x86_64-snowleopard

Version: 0.11.3
Check: R code for possible problems
Result: NOTE
    addfforder: no visible global function definition for ‘is.sorted<-’
    bigglm.ffdf: no visible global function definition for ‘bigglm’
    checkRange: no visible global function definition for ‘ri’
    compact.ffdf: no visible global function definition for ‘physical’
    droplevels.ffdf: no visible global function definition for ‘physical’
    ffappend: no visible global function definition for ‘as.which’
    ffdfappend: no visible global function definition for ‘physical’
    ffdfdply: no visible global function definition for ‘ri’
    ffrep.int: no visible global function definition for ‘ri’
    ffsorted: no visible global function definition for ‘is.sorted<-’
    laf_to_ffdf: no visible global function definition for ‘begin’
    laf_to_ffdf: no visible global function definition for ‘next_block’
    load.ffdf: no visible global function definition for ‘physical’
    load.ffdf: no visible global function definition for ‘physical<-’
    move.ffdf: no visible global function definition for ‘physical’
    move.ffdf: no visible global function definition for ‘physical<-’
    save.ffdf: no visible global function definition for ‘physical’
Flavor: r-release-osx-x86_64-snowleopard