CRAN Package Check Results for Package ffbase

Last updated on 2014-04-23 17:47:44.

Flavor Version Tinstall Tcheck Ttotal Status Flags
r-devel-linux-x86_64-debian-clang 0.11.3 2.29 28.28 30.57 OK
r-devel-linux-x86_64-debian-gcc 0.11.3 2.10 28.27 30.37 OK
r-devel-linux-x86_64-fedora-clang 0.11.3 59.69 OK
r-devel-linux-x86_64-fedora-gcc 0.11.3 56.79 OK
r-devel-osx-x86_64-clang 0.11.3 55.33 OK
r-devel-osx-x86_64-gcc 0.11.3 OK
r-devel-windows-ix86+x86_64 0.11.3 13.00 58.00 71.00 OK
r-patched-linux-x86_64 0.11.3 2.08 28.42 30.50 OK
r-patched-solaris-sparc 0.11.3 307.70 OK
r-patched-solaris-x86 0.11.3 75.50 OK
r-release-linux-ix86 0.11.3 4.00 52.00 56.00 OK
r-release-linux-x86_64 0.11.3 2.17 28.80 30.97 OK
r-release-osx-x86_64-mavericks 0.11.3 WARN
r-release-osx-x86_64-snowleopard 0.11.3 OK
r-release-windows-ix86+x86_64 0.11.3 14.00 65.00 79.00 OK
r-oldrel-windows-ix86+x86_64 0.11.3 13.00 66.00 79.00 OK

Check Details

Version: 0.11.3
Check: PDF version of manual
Result: WARNING
    LaTeX errors when creating PDF version.
    This typically indicates Rd problems.
    LaTeX errors found:
    ! LaTeX Error: File `upquote.sty' not found.
    
    Type X to quit or <RETURN> to proceed,
    or enter new name. (Default extension: sty)
    
    e9c156/Rd2.tex:8: ==> Fatal error occurred, no output PDF file produced!
Flavor: r-release-osx-x86_64-mavericks