CRAN Package Check Results for Package ffbase

Last updated on 2014-11-23 12:46:30.

Flavor Version Tinstall Tcheck Ttotal Status Flags
r-devel-linux-x86_64-debian-clang 0.11.3 2.04 27.08 29.12 NOTE
r-devel-linux-x86_64-debian-gcc 0.11.3 2.00 26.87 28.87 NOTE
r-devel-linux-x86_64-fedora-clang 0.11.3 57.62 NOTE
r-devel-linux-x86_64-fedora-gcc 0.11.3 53.37 NOTE
r-devel-osx-x86_64-clang 0.11.3 59.76 NOTE
r-devel-windows-ix86+x86_64 0.11.3 12.00 57.00 69.00 NOTE
r-patched-linux-x86_64 0.11.3 2.26 27.76 30.02 NOTE
r-patched-solaris-sparc 0.11.3 323.30 NOTE
r-patched-solaris-x86 0.11.3 77.70 NOTE
r-release-linux-ix86 0.11.3 2.77 35.05 37.82 NOTE
r-release-linux-x86_64 0.11.3 2.02 27.58 29.60 NOTE
r-release-osx-x86_64-mavericks 0.11.3 OK
r-release-osx-x86_64-snowleopard 0.11.3 OK
r-release-windows-ix86+x86_64 0.11.3 13.00 55.00 68.00 NOTE
r-oldrel-windows-ix86+x86_64 0.11.3 11.00 62.00 73.00 OK

Check Details

Version: 0.11.3
Check: R code for possible problems
Result: NOTE
    addfforder: no visible global function definition for ‘is.sorted<-’
    bigglm.ffdf: no visible global function definition for ‘bigglm’
    checkRange: no visible global function definition for ‘ri’
    compact.ffdf: no visible global function definition for ‘physical’
    droplevels.ffdf: no visible global function definition for ‘physical’
    ffappend: no visible global function definition for ‘as.which’
    ffdfappend: no visible global function definition for ‘physical’
    ffdfdply: no visible global function definition for ‘ri’
    ffrep.int: no visible global function definition for ‘ri’
    ffsorted: no visible global function definition for ‘is.sorted<-’
    laf_to_ffdf: no visible global function definition for ‘begin’
    laf_to_ffdf: no visible global function definition for ‘next_block’
    load.ffdf: no visible global function definition for ‘physical’
    load.ffdf: no visible global function definition for ‘physical<-’
    move.ffdf: no visible global function definition for ‘physical’
    move.ffdf: no visible global function definition for ‘physical<-’
    save.ffdf: no visible global function definition for ‘physical’
Flavors: r-devel-linux-x86_64-debian-clang, r-devel-linux-x86_64-debian-gcc, r-devel-linux-x86_64-fedora-clang, r-devel-linux-x86_64-fedora-gcc, r-devel-osx-x86_64-clang, r-devel-windows-ix86+x86_64, r-patched-linux-x86_64, r-patched-solaris-sparc, r-patched-solaris-x86, r-release-linux-ix86, r-release-linux-x86_64, r-release-windows-ix86+x86_64