CRAN Package Check Results for Package ffbase

Last updated on 2017-03-01 19:48:31.

Flavor Version Tinstall Tcheck Ttotal Status Flags
r-devel-linux-x86_64-debian-clang 0.12.3 2.33 39.86 42.19 NOTE
r-devel-linux-x86_64-debian-gcc 0.12.3 2.13 39.82 41.95 NOTE
r-devel-linux-x86_64-fedora-clang 0.12.3 73.96 NOTE --no-stop-on-test-error
r-devel-linux-x86_64-fedora-gcc 0.12.3 72.68 NOTE --no-stop-on-test-error
r-devel-macos-x86_64-clang 0.12.3 64.21 NOTE --no-stop-on-test-error
r-devel-windows-ix86+x86_64 0.12.3 13.00 148.00 161.00 OK
r-patched-linux-x86_64 0.12.3 1.86 34.36 36.22 OK
r-patched-solaris-sparc 0.12.3 422.20 OK
r-patched-solaris-x86 0.12.3 85.90 OK
r-release-linux-x86_64 0.12.3 1.97 34.80 36.77 OK
r-release-osx-x86_64-mavericks 0.12.3 OK
r-release-windows-ix86+x86_64 0.12.3 23.00 216.00 239.00 OK
r-oldrel-windows-ix86+x86_64 0.12.3 25.00 151.00 176.00 OK

Check Details

Version: 0.12.3
Check: compiled code
Result: NOTE
    File ‘ffbase/libs/ffbase.so’:
     Found no calls to: ‘R_registerRoutines’, ‘R_useDynamicSymbols’
    
    It is good practice to register native routines and to disable symbol
    search.
    
    See ‘Writing portable packages’ in the ‘Writing R Extensions’ manual.
Flavors: r-devel-linux-x86_64-debian-clang, r-devel-linux-x86_64-debian-gcc

Version: 0.12.3
Flags: --no-stop-on-test-error
Check: compiled code
Result: NOTE
    File ‘ffbase/libs/ffbase.so’:
     Found no calls to: ‘R_registerRoutines’, ‘R_useDynamicSymbols’
    
    It is good practice to register native routines and to disable symbol
    search.
    
    See ‘Writing portable packages’ in the ‘Writing R Extensions’ manual.
Flavors: r-devel-linux-x86_64-fedora-clang, r-devel-linux-x86_64-fedora-gcc, r-devel-macos-x86_64-clang