CRAN Package Check Results for Package ffbase

Last updated on 2015-09-03 03:48:24.

Flavor Version Tinstall Tcheck Ttotal Status Flags
r-devel-linux-x86_64-debian-clang 0.12.1 2.06 33.74 35.81 NOTE
r-devel-linux-x86_64-debian-gcc 0.12.1 1.88 34.82 36.70 NOTE
r-devel-linux-x86_64-fedora-clang 0.12.1 67.36 NOTE
r-devel-linux-x86_64-fedora-gcc 0.12.1 63.23 NOTE
r-devel-osx-x86_64-clang 0.12.1 72.44 OK
r-devel-windows-ix86+x86_64 0.12.1 15.00 96.00 111.00 NOTE
r-patched-linux-x86_64 0.12.1 2.08 35.98 38.07 OK
r-patched-solaris-sparc 0.12.1 437.30 OK
r-patched-solaris-x86 0.12.1 92.80 OK
r-release-linux-x86_64 0.12.1 2.04 35.35 37.39 OK
r-release-osx-x86_64-mavericks 0.12.1 OK
r-release-windows-ix86+x86_64 0.12.1 20.00 99.00 119.00 OK
r-oldrel-windows-ix86+x86_64 0.12.1 21.00 115.00 136.00 OK

Check Details

Version: 0.12.1
Check: R code for possible problems
Result: NOTE
    bigglm.ffdf: no visible global function definition for ‘gaussian’
    cummax.ff: no visible global function definition for ‘tail’
    cummin.ff: no visible global function definition for ‘tail’
    cumprod.ff: no visible global function definition for ‘tail’
    cumsum.ff: no visible global function definition for ‘tail’
    diff.ff: no visible global function definition for ‘tail’
    duplicated.ff: no visible global function definition for ‘head’
    duplicated.ff: no visible global function definition for ‘tail’
    duplicated.ffdf: no visible global function definition for ‘head’
    duplicated.ffdf: no visible global function definition for ‘tail’
    ffdfrbind.fill: no visible global function definition for ‘tail’
    ffrandom: no visible binding for global variable ‘runif’
    hist2d.ff: no visible global function definition for ‘image’
    pack.ffdf: no visible global function definition for ‘zip’
    pack.ffdf: no visible global function definition for ‘tar’
    rbind.ffdf: no visible global function definition for ‘tail’
    tabulate.ff: no visible global function definition for ‘na.omit’
    unpack.ffdf: no visible global function definition for ‘unzip’
    unpack.ffdf: no visible global function definition for ‘untar’
    Undefined global functions or variables:
     gaussian head image na.omit runif tail tar untar unzip zip
    Consider adding
     importFrom("graphics", "image")
     importFrom("stats", "gaussian", "na.omit", "runif")
     importFrom("utils", "head", "tail", "tar", "untar", "unzip", "zip")
    to your NAMESPACE.
Flavors: r-devel-linux-x86_64-debian-clang, r-devel-linux-x86_64-debian-gcc, r-devel-linux-x86_64-fedora-clang, r-devel-linux-x86_64-fedora-gcc, r-devel-windows-ix86+x86_64