CRAN Package Check Results for Package ffbase

Last updated on 2015-07-06 06:46:40.

Flavor Version Tinstall Tcheck Ttotal Status Flags
r-devel-linux-x86_64-debian-clang 0.12.1 1.91 33.76 35.67 NOTE
r-devel-linux-x86_64-debian-gcc 0.12.1 1.84 33.39 35.23 NOTE
r-devel-linux-x86_64-fedora-clang 0.12.1 68.15 NOTE
r-devel-linux-x86_64-fedora-gcc 0.12.1 64.88 NOTE
r-devel-osx-x86_64-clang 0.12.1 70.49 OK
r-devel-windows-ix86+x86_64 0.12.1 20.00 88.00 108.00 NOTE
r-patched-linux-x86_64 0.12.1 1.88 34.00 35.89 OK
r-patched-solaris-sparc 0.12.1 388.10 OK
r-patched-solaris-x86 0.12.1 92.90 OK
r-release-linux-x86_64 0.12.1 1.87 33.79 35.66 OK
r-release-osx-x86_64-mavericks 0.12.1 OK
r-release-windows-ix86+x86_64 0.12.1 22.00 85.00 107.00 OK
r-oldrel-windows-ix86+x86_64 0.12.1 18.00 102.00 120.00 OK

Check Details

Version: 0.12.1
Check: R code for possible problems
Result: NOTE
    bigglm.ffdf: Error while checking: invalid ‘envir’ argument
    cummax.ff: no visible global function definition for ‘tail’
    cummin.ff: no visible global function definition for ‘tail’
    cumprod.ff: no visible global function definition for ‘tail’
    cumsum.ff: no visible global function definition for ‘tail’
    diff.ff: no visible global function definition for ‘tail’
    duplicated.ff: no visible global function definition for ‘head’
    duplicated.ff: no visible global function definition for ‘tail’
    duplicated.ffdf: no visible global function definition for ‘head’
    duplicated.ffdf: no visible global function definition for ‘tail’
    ffdfrbind.fill: no visible global function definition for ‘tail’
    ffrandom: no visible binding for global variable ‘runif’
    hist2d.ff: no visible global function definition for ‘image’
    pack.ffdf: no visible global function definition for ‘zip’
    pack.ffdf: no visible global function definition for ‘tar’
    rbind.ffdf: no visible global function definition for ‘tail’
    tabulate.ff: no visible global function definition for ‘na.omit’
    unpack.ffdf: no visible global function definition for ‘unzip’
    unpack.ffdf: no visible global function definition for ‘untar’
    Undefined global functions or variables:
     head image na.omit runif tail tar untar unzip zip
Flavors: r-devel-linux-x86_64-debian-clang, r-devel-linux-x86_64-debian-gcc, r-devel-linux-x86_64-fedora-clang, r-devel-linux-x86_64-fedora-gcc

Version: 0.12.1
Check: R code for possible problems
Result: NOTE
    bigglm.ffdf: no visible global function definition for 'gaussian'
    cummax.ff: no visible global function definition for 'tail'
    cummin.ff: no visible global function definition for 'tail'
    cumprod.ff: no visible global function definition for 'tail'
    cumsum.ff: no visible global function definition for 'tail'
    diff.ff: no visible global function definition for 'tail'
    duplicated.ff: no visible global function definition for 'head'
    duplicated.ff: no visible global function definition for 'tail'
    duplicated.ffdf: no visible global function definition for 'head'
    duplicated.ffdf: no visible global function definition for 'tail'
    ffdfrbind.fill: no visible global function definition for 'tail'
    ffrandom: no visible binding for global variable 'runif'
    hist2d.ff: no visible global function definition for 'image'
    pack.ffdf: no visible global function definition for 'zip'
    pack.ffdf: no visible global function definition for 'tar'
    rbind.ffdf: no visible global function definition for 'tail'
    tabulate.ff: no visible global function definition for 'na.omit'
    unpack.ffdf: no visible global function definition for 'unzip'
    unpack.ffdf: no visible global function definition for 'untar'
    Undefined global functions or variables:
     gaussian head image na.omit runif tail tar untar unzip zip
Flavor: r-devel-windows-ix86+x86_64