CRAN Package Check Results for Package ffbase

Last updated on 2015-04-19 19:51:47.

Flavor Version Tinstall Tcheck Ttotal Status Flags
r-devel-linux-x86_64-debian-clang 0.11.3 2.16 25.15 27.31 NOTE
r-devel-linux-x86_64-debian-gcc 0.11.3 1.87 23.71 25.58 NOTE
r-devel-linux-x86_64-fedora-clang 0.11.3 49.59 NOTE
r-devel-linux-x86_64-fedora-gcc 0.11.3 47.34 NOTE
r-devel-osx-x86_64-clang 0.11.3 53.34 NOTE
r-devel-windows-ix86+x86_64 0.11.3 15.00 53.00 68.00 NOTE
r-patched-linux-x86_64 0.11.3 2.22 24.52 26.74 NOTE
r-patched-solaris-sparc 0.11.3 306.80 NOTE
r-patched-solaris-x86 0.11.3 66.20 NOTE
r-release-linux-x86_64 0.11.3 2.00 24.91 26.90 NOTE
r-release-osx-x86_64-mavericks 0.11.3 NOTE
r-release-osx-x86_64-snowleopard 0.11.3 NOTE
r-release-windows-ix86+x86_64 0.11.3 10.00 47.00 57.00 NOTE
r-oldrel-windows-ix86+x86_64 0.11.3 9.00 54.00 63.00 NOTE

Check Details

Version: 0.11.3
Check: DESCRIPTION meta-information
Result: NOTE
    Malformed Description field: should contain one or more complete sentences.
Flavors: r-devel-linux-x86_64-debian-clang, r-devel-linux-x86_64-debian-gcc, r-devel-linux-x86_64-fedora-clang, r-devel-linux-x86_64-fedora-gcc, r-devel-osx-x86_64-clang, r-devel-windows-ix86+x86_64, r-patched-linux-x86_64, r-patched-solaris-sparc, r-patched-solaris-x86, r-release-linux-x86_64, r-release-osx-x86_64-mavericks, r-release-osx-x86_64-snowleopard, r-release-windows-ix86+x86_64

Version: 0.11.3
Check: dependencies in R code
Result: NOTE
    'library' or 'require' calls in package code:
     ‘LaF’ ‘biglm’
     Please use :: or requireNamespace() instead.
     See section 'Suggested packages' in the 'Writing R Extensions' manual.
Flavors: r-devel-linux-x86_64-debian-clang, r-devel-linux-x86_64-debian-gcc, r-devel-linux-x86_64-fedora-clang, r-devel-linux-x86_64-fedora-gcc, r-devel-osx-x86_64-clang, r-devel-windows-ix86+x86_64, r-patched-linux-x86_64, r-patched-solaris-sparc, r-patched-solaris-x86, r-release-linux-x86_64, r-release-osx-x86_64-mavericks, r-release-osx-x86_64-snowleopard, r-release-windows-ix86+x86_64, r-oldrel-windows-ix86+x86_64

Version: 0.11.3
Check: S3 generic/method consistency
Result: NOTE
    Found the following apparent S3 methods exported but not registered:
     cummax.ff cummin.ff cumprod.ff cumsum.ff duplicated.ff
     duplicated.ffdf is.na.ff is.na<-.ff max.ff min.ff range.ff subset.ff
     subset.ffdf sum.ff transform.ffdf unique.ff unique.ffdf
    See section ‘Registering S3 methods’ in the ‘Writing R Extensions’
    manual.
Flavors: r-devel-linux-x86_64-debian-clang, r-devel-linux-x86_64-debian-gcc, r-devel-linux-x86_64-fedora-clang, r-devel-linux-x86_64-fedora-gcc, r-devel-osx-x86_64-clang, r-patched-linux-x86_64, r-release-linux-x86_64

Version: 0.11.3
Check: R code for possible problems
Result: NOTE
    addfforder: no visible global function definition for ‘is.sorted<-’
    bigglm.ffdf: no visible global function definition for ‘bigglm’
    checkRange: no visible global function definition for ‘ri’
    compact.ffdf: no visible global function definition for ‘physical’
    droplevels.ffdf: no visible global function definition for ‘physical’
    ffappend: no visible global function definition for ‘as.which’
    ffdfappend: no visible global function definition for ‘physical’
    ffdfdply: no visible global function definition for ‘ri’
    ffrep.int: no visible global function definition for ‘ri’
    ffsorted: no visible global function definition for ‘is.sorted<-’
    laf_to_ffdf: no visible global function definition for ‘begin’
    laf_to_ffdf: no visible global function definition for ‘next_block’
    load.ffdf: no visible global function definition for ‘physical’
    load.ffdf: no visible global function definition for ‘physical<-’
    move.ffdf: no visible global function definition for ‘physical’
    move.ffdf: no visible global function definition for ‘physical<-’
    save.ffdf: no visible global function definition for ‘physical’
Flavors: r-devel-linux-x86_64-debian-clang, r-devel-linux-x86_64-debian-gcc, r-devel-linux-x86_64-fedora-clang, r-devel-linux-x86_64-fedora-gcc, r-devel-osx-x86_64-clang, r-devel-windows-ix86+x86_64, r-patched-linux-x86_64, r-patched-solaris-sparc, r-patched-solaris-x86, r-release-linux-x86_64, r-release-osx-x86_64-mavericks, r-release-osx-x86_64-snowleopard, r-release-windows-ix86+x86_64, r-oldrel-windows-ix86+x86_64