CRAN Package Check Results for Package fftw

Last updated on 2016-02-06 22:47:00.

Flavor Version Tinstall Tcheck Ttotal Status Flags
r-devel-linux-x86_64-debian-gcc 1.0-3 1.70 7.19 8.90 NOTE
r-devel-linux-x86_64-fedora-clang 1.0-3 14.97 NOTE
r-devel-linux-x86_64-fedora-gcc 1.0-3 13.93 NOTE
r-devel-osx-x86_64-clang 1.0-3 20.75 OK
r-devel-windows-ix86+x86_64 1.0-3 8.00 27.00 35.00 OK
r-patched-linux-x86_64 1.0-3 1.54 7.71 9.25 NOTE
r-patched-solaris-sparc 1.0-3 99.30 OK
r-patched-solaris-x86 1.0-3 21.90 OK
r-release-linux-x86_64 1.0-3 1.56 8.07 9.63 NOTE
r-release-osx-x86_64-mavericks 1.0-3 OK
r-release-windows-ix86+x86_64 1.0-3 6.00 21.00 27.00 OK
r-oldrel-windows-ix86+x86_64 1.0-3 9.00 25.00 34.00 OK

Check Details

Version: 1.0-3
Check: top-level files
Result: NOTE
    Non-standard file/directory found at top level:
     ‘aclocal.m4’
Flavors: r-devel-linux-x86_64-debian-gcc, r-devel-linux-x86_64-fedora-clang, r-devel-linux-x86_64-fedora-gcc, r-patched-linux-x86_64, r-release-linux-x86_64