CRAN Package Check Results for Package fftw

Last updated on 2016-07-25 15:48:29.

Flavor Version Tinstall Tcheck Ttotal Status Flags
r-devel-linux-x86_64-debian-clang 1.0-3 2.12 9.73 11.84 NOTE
r-devel-linux-x86_64-debian-gcc 1.0-3 1.78 10.27 12.05 NOTE
r-devel-linux-x86_64-fedora-clang 1.0-3 15.14 NOTE
r-devel-linux-x86_64-fedora-gcc 1.0-3 14.17 NOTE
r-devel-osx-x86_64-clang 1.0-3 15.31 OK
r-devel-windows-ix86+x86_64 1.0-3 6.00 23.00 29.00 OK
r-patched-linux-x86_64 1.0-3 1.76 9.55 11.31 NOTE
r-patched-solaris-sparc 1.0-3 88.60 OK
r-patched-solaris-x86 1.0-3 21.20 OK
r-release-linux-x86_64 1.0-3 1.81 9.97 11.78 NOTE
r-release-osx-x86_64-mavericks 1.0-3 OK
r-release-windows-ix86+x86_64 1.0-3 7.00 53.00 60.00 OK
r-oldrel-windows-ix86+x86_64 1.0-3 6.00 21.00 27.00 OK

Check Details

Version: 1.0-3
Check: top-level files
Result: NOTE
    Non-standard file/directory found at top level:
     ‘aclocal.m4’
Flavors: r-devel-linux-x86_64-debian-clang, r-devel-linux-x86_64-debian-gcc, r-devel-linux-x86_64-fedora-clang, r-devel-linux-x86_64-fedora-gcc, r-patched-linux-x86_64, r-release-linux-x86_64