CRAN Package Check Results for Package fftw

Last updated on 2017-02-26 10:47:55.

Flavor Version Tinstall Tcheck Ttotal Status Flags
r-devel-linux-x86_64-debian-clang 1.0-3 2.04 10.12 12.16 WARN
r-devel-linux-x86_64-debian-gcc 1.0-3 1.53 10.23 11.76 WARN
r-devel-linux-x86_64-fedora-clang 1.0-3 19.96 WARN --no-stop-on-test-error
r-devel-linux-x86_64-fedora-gcc 1.0-3 18.13 WARN --no-stop-on-test-error
r-devel-macos-x86_64-clang 1.0-3 19.15 WARN --no-stop-on-test-error
r-devel-windows-ix86+x86_64 1.0-3 9.00 39.00 48.00 WARN
r-patched-linux-x86_64 1.0-3 1.42 8.24 9.66 NOTE
r-patched-solaris-sparc 1.0-3 92.50 OK
r-patched-solaris-x86 1.0-3 22.30 OK
r-release-linux-x86_64 1.0-3 1.43 8.21 9.64 NOTE
r-release-osx-x86_64-mavericks 1.0-3 OK
r-release-windows-ix86+x86_64 1.0-3 9.00 25.00 34.00 OK
r-oldrel-windows-ix86+x86_64 1.0-3 9.00 27.00 36.00 OK

Check Details

Version: 1.0-3
Check: top-level files
Result: NOTE
    Non-standard file/directory found at top level:
     ‘aclocal.m4’
Flavors: r-devel-linux-x86_64-debian-clang, r-devel-linux-x86_64-debian-gcc, r-patched-linux-x86_64, r-release-linux-x86_64

Version: 1.0-3
Check: compiled code
Result: NOTE
    File ‘fftw/libs/fftw.so’:
     Found no calls to: ‘R_registerRoutines’, ‘R_useDynamicSymbols’
    
    It is good practice to register native routines and to disable symbol
    search.
    
    See ‘Writing portable packages’ in the ‘Writing R Extensions’ manual.
Flavors: r-devel-linux-x86_64-debian-clang, r-devel-linux-x86_64-debian-gcc

Version: 1.0-3
Check: for unstated dependencies in ‘tests’
Result: WARN
    'library' or 'require' call not declared from: ‘RUnit’
Flavors: r-devel-linux-x86_64-debian-clang, r-devel-linux-x86_64-debian-gcc, r-devel-windows-ix86+x86_64

Version: 1.0-3
Flags: --no-stop-on-test-error
Check: top-level files
Result: NOTE
    Non-standard file/directory found at top level:
     ‘aclocal.m4’
Flavors: r-devel-linux-x86_64-fedora-clang, r-devel-linux-x86_64-fedora-gcc

Version: 1.0-3
Flags: --no-stop-on-test-error
Check: compiled code
Result: NOTE
    File ‘fftw/libs/fftw.so’:
     Found no calls to: ‘R_registerRoutines’, ‘R_useDynamicSymbols’
    
    It is good practice to register native routines and to disable symbol
    search.
    
    See ‘Writing portable packages’ in the ‘Writing R Extensions’ manual.
Flavors: r-devel-linux-x86_64-fedora-clang, r-devel-linux-x86_64-fedora-gcc, r-devel-macos-x86_64-clang

Version: 1.0-3
Flags: --no-stop-on-test-error
Check: for unstated dependencies in ‘tests’
Result: WARN
    'library' or 'require' call not declared from: ‘RUnit’
Flavors: r-devel-linux-x86_64-fedora-clang, r-devel-linux-x86_64-fedora-gcc, r-devel-macos-x86_64-clang