CRAN Package Check Results for Package fftw

Last updated on 2015-02-28 12:51:11.

Flavor Version Tinstall Tcheck Ttotal Status Flags
r-devel-linux-x86_64-debian-clang 1.0-3 1.50 8.02 9.52 NOTE
r-devel-linux-x86_64-debian-gcc 1.0-3 1.29 7.92 9.21 NOTE
r-devel-linux-x86_64-fedora-clang 1.0-3 18.39 NOTE
r-devel-linux-x86_64-fedora-gcc 1.0-3 16.96 NOTE
r-devel-osx-x86_64-clang 1.0-3 23.39 OK
r-devel-windows-ix86+x86_64 1.0-3 7.00 22.00 29.00 OK
r-patched-linux-x86_64 1.0-3 1.46 8.43 9.90 NOTE
r-patched-solaris-sparc 1.0-3 132.50 OK
r-patched-solaris-x86 1.0-3 29.60 OK
r-release-linux-ix86 1.0-3 2.52 14.74 17.26 NOTE
r-release-linux-x86_64 1.0-3 1.40 8.50 9.91 NOTE
r-release-osx-x86_64-mavericks 1.0-3 ERROR
r-release-windows-ix86+x86_64 1.0-3 6.00 35.00 41.00 OK
r-oldrel-windows-ix86+x86_64 1.0-3 7.00 30.00 37.00 OK

Check Details

Version: 1.0-3
Check: top-level files
Result: NOTE
    Non-standard file/directory found at top level:
     ‘aclocal.m4’
Flavors: r-devel-linux-x86_64-debian-clang, r-devel-linux-x86_64-debian-gcc, r-devel-linux-x86_64-fedora-clang, r-devel-linux-x86_64-fedora-gcc, r-patched-linux-x86_64, r-release-linux-ix86, r-release-linux-x86_64

Version: 1.0-3
Check: whether package can be installed
Result: ERROR
    Installation failed.
Flavor: r-release-osx-x86_64-mavericks