CRAN Package Check Results for Package fftw

Last updated on 2015-08-01 06:47:52.

Flavor Version Tinstall Tcheck Ttotal Status Flags
r-devel-linux-x86_64-debian-clang 1.0-3 1.50 7.71 9.21 NOTE
r-devel-linux-x86_64-debian-gcc 1.0-3 1.27 7.41 8.68 NOTE
r-devel-linux-x86_64-fedora-clang 1.0-3 17.08 NOTE
r-devel-linux-x86_64-fedora-gcc 1.0-3 15.32 NOTE
r-devel-osx-x86_64-clang 1.0-3 19.50 OK
r-devel-windows-ix86+x86_64 1.0-3 6.00 22.00 28.00 OK
r-patched-linux-x86_64 1.0-3 1.34 8.16 9.50 NOTE
r-patched-solaris-sparc 1.0-3 118.50 OK
r-patched-solaris-x86 1.0-3 26.50 OK
r-release-linux-x86_64 1.0-3 1.38 8.05 9.43 NOTE
r-release-osx-x86_64-mavericks 1.0-3 OK
r-release-windows-ix86+x86_64 1.0-3 6.00 24.00 30.00 OK
r-oldrel-windows-ix86+x86_64 1.0-3 9.00 25.00 34.00 OK

Check Details

Version: 1.0-3
Check: top-level files
Result: NOTE
    Non-standard file/directory found at top level:
     ‘aclocal.m4’
Flavors: r-devel-linux-x86_64-debian-clang, r-devel-linux-x86_64-debian-gcc, r-devel-linux-x86_64-fedora-clang, r-devel-linux-x86_64-fedora-gcc, r-patched-linux-x86_64, r-release-linux-x86_64