CRAN Package Check Results for Package fftw

Last updated on 2014-12-19 05:47:43.

Flavor Version Tinstall Tcheck Ttotal Status Flags
r-devel-linux-x86_64-debian-clang 1.0-3 1.55 8.76 10.31 NOTE
r-devel-linux-x86_64-debian-gcc 1.0-3 1.40 8.96 10.36 NOTE
r-devel-linux-x86_64-fedora-clang 1.0-3 20.67 NOTE
r-devel-linux-x86_64-fedora-gcc 1.0-3 18.54 NOTE
r-devel-osx-x86_64-clang 1.0-3 24.41 OK
r-devel-windows-ix86+x86_64 1.0-3 7.00 32.00 39.00 OK
r-patched-linux-x86_64 1.0-3 1.42 8.62 10.04 NOTE
r-patched-solaris-sparc 1.0-3 119.40 OK
r-patched-solaris-x86 1.0-3 30.00 OK
r-release-linux-ix86 1.0-3 2.38 14.02 16.40 OK
r-release-linux-x86_64 1.0-3 1.38 9.86 11.24 NOTE
r-release-osx-x86_64-mavericks 1.0-3 ERROR
r-release-windows-ix86+x86_64 1.0-3 6.00 35.00 41.00 OK
r-oldrel-windows-ix86+x86_64 1.0-3 7.00 30.00 37.00 OK

Check Details

Version: 1.0-3
Check: top-level files
Result: NOTE
    Non-standard file/directory found at top level:
     ‘aclocal.m4’
Flavors: r-devel-linux-x86_64-debian-clang, r-devel-linux-x86_64-debian-gcc, r-devel-linux-x86_64-fedora-clang, r-devel-linux-x86_64-fedora-gcc, r-patched-linux-x86_64, r-release-linux-x86_64

Version: 1.0-3
Check: whether package can be installed
Result: ERROR
    Installation failed.
Flavor: r-release-osx-x86_64-mavericks