CRAN Package Check Results for Package fftw

Last updated on 2014-04-24 17:49:43.

Flavor Version Tinstall Tcheck Ttotal Status Flags
r-devel-linux-x86_64-debian-clang 1.0-3 1.50 8.65 10.15 OK
r-devel-linux-x86_64-debian-gcc 1.0-3 1.31 9.00 10.31 OK
r-devel-linux-x86_64-fedora-clang 1.0-3 19.38 NOTE
r-devel-linux-x86_64-fedora-gcc 1.0-3 18.39 NOTE
r-devel-osx-x86_64-clang 1.0-3 23.88 OK
r-devel-osx-x86_64-gcc 1.0-3 OK
r-devel-windows-ix86+x86_64 1.0-3 5.00 23.00 28.00 OK
r-patched-linux-x86_64 1.0-3 1.36 8.78 10.14 OK
r-patched-solaris-sparc 1.0-3 112.80 OK
r-patched-solaris-x86 1.0-3 28.90 OK
r-release-linux-ix86 1.0-3 4.00 21.00 25.00 OK
r-release-linux-x86_64 1.0-3 1.32 8.75 10.07 OK
r-release-osx-x86_64-mavericks 1.0-3 ERROR
r-release-windows-ix86+x86_64 1.0-3 11.00 29.00 40.00 OK
r-oldrel-windows-ix86+x86_64 1.0-3 4.00 23.00 27.00 OK

Check Details

Version: 1.0-3
Check: top-level files
Result: NOTE
    Non-standard file/directory found at top level:
     ‘aclocal.m4’
Flavors: r-devel-linux-x86_64-fedora-clang, r-devel-linux-x86_64-fedora-gcc

Version: 1.0-3
Check: whether package can be installed
Result: ERROR
    Installation failed.
    See ‘/Builds/CRAN-QA-Simon/packages/mavericks-x86_64/results/3.1/fftw.Rcheck/00install.out’ for details.
Flavor: r-release-osx-x86_64-mavericks