CRAN Package Check Results for Package fftw

Last updated on 2015-09-05 11:47:13.

Flavor Version Tinstall Tcheck Ttotal Status Flags
r-devel-linux-x86_64-debian-clang 1.0-3 1.50 7.42 8.92 NOTE
r-devel-linux-x86_64-debian-gcc 1.0-3 1.29 7.86 9.15 NOTE
r-devel-linux-x86_64-fedora-clang 1.0-3 16.68 NOTE
r-devel-linux-x86_64-fedora-gcc 1.0-3 14.91 NOTE
r-devel-osx-x86_64-clang 1.0-3 19.40 OK
r-devel-windows-ix86+x86_64 1.0-3 6.00 35.00 41.00 OK
r-patched-linux-x86_64 1.0-3 1.34 7.95 9.29 NOTE
r-patched-solaris-sparc 1.0-3 118.50 OK
r-patched-solaris-x86 1.0-3 26.60 OK
r-release-linux-x86_64 1.0-3 1.42 8.28 9.70 NOTE
r-release-osx-x86_64-mavericks 1.0-3 OK
r-release-windows-ix86+x86_64 1.0-3 7.00 24.00 31.00 OK
r-oldrel-windows-ix86+x86_64 1.0-3 9.00 25.00 34.00 OK

Check Details

Version: 1.0-3
Check: top-level files
Result: NOTE
    Non-standard file/directory found at top level:
     ‘aclocal.m4’
Flavors: r-devel-linux-x86_64-debian-clang, r-devel-linux-x86_64-debian-gcc, r-devel-linux-x86_64-fedora-clang, r-devel-linux-x86_64-fedora-gcc, r-patched-linux-x86_64, r-release-linux-x86_64