CRAN Package Check Results for Package fftw

Last updated on 2017-03-22 23:53:10.

Flavor Version Tinstall Tcheck Ttotal Status Flags
r-devel-linux-x86_64-debian-clang 1.0-3 2.02 10.65 12.67 WARN
r-devel-linux-x86_64-debian-gcc 1.0-3 1.58 10.11 11.69 WARN
r-devel-linux-x86_64-fedora-clang 1.0-3 19.25 WARN --no-stop-on-test-error
r-devel-linux-x86_64-fedora-gcc 1.0-3 18.48 WARN --no-stop-on-test-error
r-devel-macos-x86_64-clang 1.0-3 18.75 WARN --no-stop-on-test-error
r-devel-windows-ix86+x86_64 1.0-3 10.00 29.00 39.00 WARN
r-patched-linux-x86_64 1.0-3 1.34 8.55 9.89 NOTE
r-patched-solaris-sparc 1.0-3 117.60 WARN
r-patched-solaris-x86 1.0-3 28.40 WARN
r-release-linux-x86_64 1.0-3 1.42 8.16 9.58 NOTE
r-release-osx-x86_64-mavericks 1.0-3 OK
r-release-windows-ix86+x86_64 1.0-3 9.00 25.00 34.00 OK
r-oldrel-windows-ix86+x86_64 1.0-3 9.00 27.00 36.00 OK

Check Details

Version: 1.0-3
Check: top-level files
Result: NOTE
    Non-standard file/directory found at top level:
     ‘aclocal.m4’
Flavors: r-devel-linux-x86_64-debian-clang, r-devel-linux-x86_64-debian-gcc, r-patched-linux-x86_64, r-release-linux-x86_64

Version: 1.0-3
Check: compiled code
Result: NOTE
    File ‘fftw/libs/fftw.so’:
     Found no calls to: ‘R_registerRoutines’, ‘R_useDynamicSymbols’
    
    It is good practice to register native routines and to disable symbol
    search.
    
    See ‘Writing portable packages’ in the ‘Writing R Extensions’ manual.
Flavors: r-devel-linux-x86_64-debian-clang, r-devel-linux-x86_64-debian-gcc

Version: 1.0-3
Check: for unstated dependencies in ‘tests’
Result: WARN
    'library' or 'require' call not declared from: ‘RUnit’
Flavors: r-devel-linux-x86_64-debian-clang, r-devel-linux-x86_64-debian-gcc, r-devel-windows-ix86+x86_64, r-patched-solaris-sparc, r-patched-solaris-x86

Version: 1.0-3
Flags: --no-stop-on-test-error
Check: top-level files
Result: NOTE
    Non-standard file/directory found at top level:
     ‘aclocal.m4’
Flavors: r-devel-linux-x86_64-fedora-clang, r-devel-linux-x86_64-fedora-gcc

Version: 1.0-3
Flags: --no-stop-on-test-error
Check: compiled code
Result: NOTE
    File ‘fftw/libs/fftw.so’:
     Found no calls to: ‘R_registerRoutines’, ‘R_useDynamicSymbols’
    
    It is good practice to register native routines and to disable symbol
    search.
    
    See ‘Writing portable packages’ in the ‘Writing R Extensions’ manual.
Flavors: r-devel-linux-x86_64-fedora-clang, r-devel-linux-x86_64-fedora-gcc, r-devel-macos-x86_64-clang

Version: 1.0-3
Flags: --no-stop-on-test-error
Check: for unstated dependencies in ‘tests’
Result: WARN
    'library' or 'require' call not declared from: ‘RUnit’
Flavors: r-devel-linux-x86_64-fedora-clang, r-devel-linux-x86_64-fedora-gcc, r-devel-macos-x86_64-clang