CRAN Package Check Results for Package fftw

Last updated on 2015-05-26 17:47:08.

Flavor Version Tinstall Tcheck Ttotal Status Flags
r-devel-linux-x86_64-debian-clang 1.0-3 1.58 8.06 9.64 NOTE
r-devel-linux-x86_64-debian-gcc 1.0-3 1.37 7.92 9.29 NOTE
r-devel-linux-x86_64-fedora-clang 1.0-3 18.27 NOTE
r-devel-linux-x86_64-fedora-gcc 1.0-3 17.43 NOTE
r-devel-osx-x86_64-clang 1.0-3 23.65 OK
r-devel-windows-ix86+x86_64 1.0-3 6.00 24.00 30.00 OK
r-patched-linux-x86_64 1.0-3 1.34 8.59 9.93 NOTE
r-patched-solaris-sparc 1.0-3 120.40 OK
r-patched-solaris-x86 1.0-3 26.20 OK
r-release-linux-x86_64 1.0-3 1.35 8.06 9.41 NOTE
r-release-osx-x86_64-mavericks 1.0-3 OK
r-release-osx-x86_64-snowleopard 1.0-3 OK
r-release-windows-ix86+x86_64 1.0-3 4.00 22.00 26.00 OK
r-oldrel-windows-ix86+x86_64 1.0-3 9.00 25.00 34.00 OK

Check Details

Version: 1.0-3
Check: top-level files
Result: NOTE
    Non-standard file/directory found at top level:
     ‘aclocal.m4’
Flavors: r-devel-linux-x86_64-debian-clang, r-devel-linux-x86_64-debian-gcc, r-devel-linux-x86_64-fedora-clang, r-devel-linux-x86_64-fedora-gcc, r-patched-linux-x86_64, r-release-linux-x86_64