CRAN Package Check Results for Package fftw

Last updated on 2014-07-23 15:47:45.

Flavor Version Tinstall Tcheck Ttotal Status Flags
r-devel-linux-x86_64-debian-clang 1.0-3 1.42 8.26 9.68 OK
r-devel-linux-x86_64-debian-gcc 1.0-3 1.28 8.49 9.77 OK
r-devel-linux-x86_64-fedora-clang 1.0-3 20.08 NOTE
r-devel-linux-x86_64-fedora-gcc 1.0-3 18.93 NOTE
r-devel-osx-x86_64-clang 1.0-3 25.77 OK
r-devel-windows-ix86+x86_64 1.0-3 6.00 23.00 29.00 OK
r-patched-linux-x86_64 1.0-3 1.29 8.39 9.68 OK
r-patched-solaris-sparc 1.0-3 109.90 OK
r-patched-solaris-x86 1.0-3 28.20 OK
r-release-linux-ix86 1.0-3 2.36 14.55 16.91 OK
r-release-linux-x86_64 1.0-3 1.32 8.70 10.01 OK
r-release-osx-x86_64-mavericks 1.0-3 ERROR
r-release-windows-ix86+x86_64 1.0-3 8.00 36.00 44.00 OK
r-oldrel-windows-ix86+x86_64 1.0-3 7.00 30.00 37.00 OK

Check Details

Version: 1.0-3
Check: top-level files
Result: NOTE
    Non-standard file/directory found at top level:
     ‘aclocal.m4’
Flavors: r-devel-linux-x86_64-fedora-clang, r-devel-linux-x86_64-fedora-gcc

Version: 1.0-3
Check: whether package can be installed
Result: ERROR
    Installation failed.
    See ‘/Builds/CRAN-QA-Simon/packages/mavericks-x86_64/results/3.1/fftw.Rcheck/00install.out’ for details.
Flavor: r-release-osx-x86_64-mavericks