CRAN Package Check Results for Package fftw

Last updated on 2017-04-28 23:52:17.

Flavor Version Tinstall Tcheck Ttotal Status Flags
r-devel-linux-x86_64-debian-clang 1.0-3 2.06 10.35 12.41 WARN
r-devel-linux-x86_64-debian-gcc 1.0-3 1.61 10.36 11.97 WARN
r-devel-linux-x86_64-fedora-clang 1.0-3 19.30 WARN --no-stop-on-test-error
r-devel-linux-x86_64-fedora-gcc 1.0-3 18.53 WARN --no-stop-on-test-error
r-devel-windows-ix86+x86_64 1.0-3 12.00 33.00 45.00 WARN
r-patched-linux-x86_64 1.0-3 1.74 10.27 12.01 WARN
r-patched-solaris-sparc 1.0-3 117.60 WARN
r-patched-solaris-x86 1.0-3 28.50 WARN
r-release-linux-x86_64 1.0-3 1.57 10.57 12.13 WARN
r-release-windows-ix86+x86_64 1.0-3 8.00 28.00 36.00 WARN
r-release-osx-x86_64 1.0-3 WARN
r-oldrel-windows-ix86+x86_64 1.0-3 9.00 25.00 34.00 OK
r-oldrel-osx-x86_64 1.0-3 OK

Check Details

Version: 1.0-3
Check: top-level files
Result: NOTE
    Non-standard file/directory found at top level:
     ‘aclocal.m4’
Flavors: r-devel-linux-x86_64-debian-clang, r-devel-linux-x86_64-debian-gcc, r-patched-linux-x86_64, r-release-linux-x86_64

Version: 1.0-3
Check: compiled code
Result: NOTE
    File ‘fftw/libs/fftw.so’:
     Found no calls to: ‘R_registerRoutines’, ‘R_useDynamicSymbols’
    
    It is good practice to register native routines and to disable symbol
    search.
    
    See ‘Writing portable packages’ in the ‘Writing R Extensions’ manual.
Flavors: r-devel-linux-x86_64-debian-clang, r-devel-linux-x86_64-debian-gcc, r-patched-linux-x86_64, r-release-linux-x86_64

Version: 1.0-3
Check: for unstated dependencies in ‘tests’
Result: WARN
    'library' or 'require' call not declared from: ‘RUnit’
Flavors: r-devel-linux-x86_64-debian-clang, r-devel-linux-x86_64-debian-gcc, r-devel-windows-ix86+x86_64, r-patched-linux-x86_64, r-patched-solaris-sparc, r-patched-solaris-x86, r-release-linux-x86_64, r-release-windows-ix86+x86_64, r-release-osx-x86_64

Version: 1.0-3
Flags: --no-stop-on-test-error
Check: top-level files
Result: NOTE
    Non-standard file/directory found at top level:
     ‘aclocal.m4’
Flavors: r-devel-linux-x86_64-fedora-clang, r-devel-linux-x86_64-fedora-gcc

Version: 1.0-3
Flags: --no-stop-on-test-error
Check: compiled code
Result: NOTE
    File ‘fftw/libs/fftw.so’:
     Found no calls to: ‘R_registerRoutines’, ‘R_useDynamicSymbols’
    
    It is good practice to register native routines and to disable symbol
    search.
    
    See ‘Writing portable packages’ in the ‘Writing R Extensions’ manual.
Flavors: r-devel-linux-x86_64-fedora-clang, r-devel-linux-x86_64-fedora-gcc

Version: 1.0-3
Flags: --no-stop-on-test-error
Check: for unstated dependencies in ‘tests’
Result: WARN
    'library' or 'require' call not declared from: ‘RUnit’
Flavors: r-devel-linux-x86_64-fedora-clang, r-devel-linux-x86_64-fedora-gcc