CRAN Package Check Results for Package fftw

Last updated on 2014-11-01 11:49:02.

Flavor Version Tinstall Tcheck Ttotal Status Flags
r-devel-linux-x86_64-debian-clang 1.0-3 1.58 9.56 11.14 NOTE
r-devel-linux-x86_64-debian-gcc 1.0-3 1.43 8.24 9.67 NOTE
r-devel-linux-x86_64-fedora-clang 1.0-3 20.61 NOTE
r-devel-linux-x86_64-fedora-gcc 1.0-3 18.55 NOTE
r-devel-osx-x86_64-clang 1.0-3 24.70 OK
r-devel-windows-ix86+x86_64 1.0-3 6.00 23.00 29.00 OK
r-patched-linux-x86_64 1.0-3 1.40 9.37 10.77 NOTE
r-patched-solaris-sparc 1.0-3 119.40 OK
r-patched-solaris-x86 1.0-3 29.40 OK
r-release-linux-ix86 1.0-3 2.39 14.73 17.12 OK
r-release-linux-x86_64 1.0-3 1.33 8.88 10.21 NOTE
r-release-osx-x86_64-mavericks 1.0-3 ERROR
r-release-windows-ix86+x86_64 1.0-3 8.00 36.00 44.00 OK
r-oldrel-windows-ix86+x86_64 1.0-3 7.00 30.00 37.00 OK

Check Details

Version: 1.0-3
Check: top-level files
Result: NOTE
    Non-standard file/directory found at top level:
     ‘aclocal.m4’
Flavors: r-devel-linux-x86_64-debian-clang, r-devel-linux-x86_64-debian-gcc, r-devel-linux-x86_64-fedora-clang, r-devel-linux-x86_64-fedora-gcc, r-patched-linux-x86_64, r-release-linux-x86_64

Version: 1.0-3
Check: whether package can be installed
Result: ERROR
    Installation failed.
Flavor: r-release-osx-x86_64-mavericks