CRAN Package Check Results for Package fftw

Last updated on 2017-01-20 13:46:57.

Flavor Version Tinstall Tcheck Ttotal Status Flags
r-devel-linux-x86_64-debian-clang 1.0-3 2.14 9.84 11.98 WARN
r-devel-linux-x86_64-debian-gcc 1.0-3 1.48 9.88 11.36 WARN
r-devel-linux-x86_64-fedora-clang 1.0-3 18.94 WARN --no-stop-on-test-error
r-devel-linux-x86_64-fedora-gcc 1.0-3 17.95 WARN --no-stop-on-test-error
r-devel-macos-x86_64-clang 1.0-3 18.15 WARN --no-stop-on-test-error
r-devel-windows-ix86+x86_64 1.0-3 14.00 28.00 42.00 WARN
r-patched-linux-x86_64 1.0-3 1.34 8.03 9.37 NOTE
r-patched-solaris-sparc 1.0-3 92.50 OK
r-patched-solaris-x86 1.0-3 22.20 OK
r-release-linux-x86_64 1.0-3 1.41 8.09 9.50 NOTE
r-release-osx-x86_64-mavericks 1.0-3 OK
r-release-windows-ix86+x86_64 1.0-3 9.00 25.00 34.00 OK
r-oldrel-windows-ix86+x86_64 1.0-3 9.00 27.00 36.00 OK

Check Details

Version: 1.0-3
Check: top-level files
Result: NOTE
    Non-standard file/directory found at top level:
     ‘aclocal.m4’
Flavors: r-devel-linux-x86_64-debian-clang, r-devel-linux-x86_64-debian-gcc, r-patched-linux-x86_64, r-release-linux-x86_64

Version: 1.0-3
Check: for unstated dependencies in ‘tests’
Result: WARN
    'library' or 'require' call not declared from: ‘RUnit’
Flavors: r-devel-linux-x86_64-debian-clang, r-devel-linux-x86_64-debian-gcc, r-devel-windows-ix86+x86_64

Version: 1.0-3
Flags: --no-stop-on-test-error
Check: top-level files
Result: NOTE
    Non-standard file/directory found at top level:
     ‘aclocal.m4’
Flavors: r-devel-linux-x86_64-fedora-clang, r-devel-linux-x86_64-fedora-gcc

Version: 1.0-3
Flags: --no-stop-on-test-error
Check: for unstated dependencies in ‘tests’
Result: WARN
    'library' or 'require' call not declared from: ‘RUnit’
Flavors: r-devel-linux-x86_64-fedora-clang, r-devel-linux-x86_64-fedora-gcc, r-devel-macos-x86_64-clang