CRAN Package Check Results for Package fftw

Last updated on 2016-05-03 23:46:49.

Flavor Version Tinstall Tcheck Ttotal Status Flags
r-devel-linux-x86_64-debian-gcc 1.0-3 1.45 8.06 9.51 NOTE
r-devel-linux-x86_64-fedora-clang 1.0-3 15.50 NOTE
r-devel-linux-x86_64-fedora-gcc 1.0-3 14.17 NOTE
r-devel-osx-x86_64-clang 1.0-3 21.58 OK
r-devel-windows-ix86+x86_64 1.0-3 7.00 23.00 30.00 OK
r-patched-linux-x86_64 1.0-3 1.32 8.09 9.41 NOTE
r-patched-solaris-sparc 1.0-3 89.80 OK
r-patched-solaris-x86 1.0-3 21.00 OK
r-release-linux-x86_64 1.0-3 1.45 8.95 10.39 NOTE
r-release-osx-x86_64-mavericks 1.0-3 OK
r-release-windows-ix86+x86_64 1.0-3 6.00 21.00 27.00 OK
r-oldrel-windows-ix86+x86_64 1.0-3 9.00 25.00 34.00 OK

Check Details

Version: 1.0-3
Check: top-level files
Result: NOTE
    Non-standard file/directory found at top level:
     ‘aclocal.m4’
Flavors: r-devel-linux-x86_64-debian-gcc, r-devel-linux-x86_64-fedora-clang, r-devel-linux-x86_64-fedora-gcc, r-patched-linux-x86_64, r-release-linux-x86_64