CRAN Package Check Results for Package fftw

Last updated on 2015-04-02 05:49:35.

Flavor Version Tinstall Tcheck Ttotal Status Flags
r-devel-linux-x86_64-debian-clang 1.0-3 1.56 7.93 9.48 NOTE
r-devel-linux-x86_64-debian-gcc 1.0-3 1.38 8.06 9.45 NOTE
r-devel-linux-x86_64-fedora-clang 1.0-3 18.16 NOTE
r-devel-linux-x86_64-fedora-gcc 1.0-3 17.89 NOTE
r-devel-osx-x86_64-clang 1.0-3 27.52 OK
r-prerel-windows-ix86+x86_64 1.0-3 10.00 22.00 32.00 OK
r-prerel-linux-x86_64 1.0-3 1.36 8.09 9.45 NOTE
r-prerel-solaris-sparc 1.0-3 117.80 OK
r-prerel-solaris-x86 1.0-3 26.40 OK
r-release-linux-x86_64 1.0-3 1.39 8.68 10.06 NOTE
r-release-osx-x86_64-mavericks 1.0-3 ERROR
r-release-windows-ix86+x86_64 1.0-3 9.00 25.00 34.00 OK
r-oldrel-windows-ix86+x86_64 1.0-3 7.00 30.00 37.00 OK

Check Details

Version: 1.0-3
Check: top-level files
Result: NOTE
    Non-standard file/directory found at top level:
     ‘aclocal.m4’
Flavors: r-devel-linux-x86_64-debian-clang, r-devel-linux-x86_64-debian-gcc, r-devel-linux-x86_64-fedora-clang, r-devel-linux-x86_64-fedora-gcc, r-prerel-linux-x86_64, r-release-linux-x86_64

Version: 1.0-3
Check: whether package can be installed
Result: ERROR
    Installation failed.
Flavor: r-release-osx-x86_64-mavericks