CRAN Package Check Results for Package fftw

Last updated on 2014-09-02 20:48:49.

Flavor Version Tinstall Tcheck Ttotal Status Flags
r-devel-linux-x86_64-debian-clang 1.0-3 1.41 8.65 10.06 OK
r-devel-linux-x86_64-debian-gcc 1.0-3 1.27 8.16 9.43 OK
r-devel-linux-x86_64-fedora-clang 1.0-3 19.47 NOTE
r-devel-linux-x86_64-fedora-gcc 1.0-3 17.52 NOTE
r-devel-osx-x86_64-clang 1.0-3 24.64 OK
r-devel-windows-ix86+x86_64 1.0-3 5.00 23.00 28.00 OK
r-patched-linux-x86_64 1.0-3 1.35 8.35 9.70 OK
r-patched-solaris-sparc 1.0-3 119.40 OK
r-patched-solaris-x86 1.0-3 29.30 OK
r-release-linux-ix86 1.0-3 2.39 14.70 17.08 OK
r-release-linux-x86_64 1.0-3 1.44 8.79 10.23 OK
r-release-osx-x86_64-mavericks 1.0-3 ERROR
r-release-windows-ix86+x86_64 1.0-3 8.00 36.00 44.00 OK
r-oldrel-windows-ix86+x86_64 1.0-3 7.00 30.00 37.00 OK

Check Details

Version: 1.0-3
Check: top-level files
Result: NOTE
    Non-standard file/directory found at top level:
     ‘aclocal.m4’
Flavors: r-devel-linux-x86_64-fedora-clang, r-devel-linux-x86_64-fedora-gcc

Version: 1.0-3
Check: whether package can be installed
Result: ERROR
    Installation failed.
Flavor: r-release-osx-x86_64-mavericks