CRAN Package Check Results for Package fftw

Last updated on 2016-09-27 23:49:03.

Flavor Version Tinstall Tcheck Ttotal Status Flags
r-devel-linux-x86_64-debian-clang 1.0-3 1.92 8.45 10.37 WARN
r-devel-linux-x86_64-debian-gcc 1.0-3 1.54 8.23 9.77 WARN
r-devel-linux-x86_64-fedora-clang 1.0-3 16.77 WARN
r-devel-linux-x86_64-fedora-gcc 1.0-3 15.39 WARN
r-devel-macos-x86_64-clang 1.0-3 16.40 WARN
r-devel-windows-ix86+x86_64 1.0-3 13.00 37.00 50.00 WARN
r-patched-linux-x86_64 1.0-3 1.37 8.21 9.59 NOTE
r-patched-solaris-sparc 1.0-3 88.60 OK
r-patched-solaris-x86 1.0-3 20.30 OK
r-release-linux-x86_64 1.0-3 1.43 8.23 9.65 NOTE
r-release-osx-x86_64-mavericks 1.0-3 OK
r-release-windows-ix86+x86_64 1.0-3 6.00 24.00 30.00 OK
r-oldrel-windows-ix86+x86_64 1.0-3 6.00 21.00 27.00 OK

Check Details

Version: 1.0-3
Check: top-level files
Result: NOTE
    Non-standard file/directory found at top level:
     ‘aclocal.m4’
Flavors: r-devel-linux-x86_64-debian-clang, r-devel-linux-x86_64-debian-gcc, r-devel-linux-x86_64-fedora-clang, r-devel-linux-x86_64-fedora-gcc, r-patched-linux-x86_64, r-release-linux-x86_64

Version: 1.0-3
Check: for unstated dependencies in ‘tests’
Result: WARN
    'library' or 'require' call not declared from: ‘RUnit’
Flavors: r-devel-linux-x86_64-debian-clang, r-devel-linux-x86_64-debian-gcc, r-devel-linux-x86_64-fedora-clang, r-devel-linux-x86_64-fedora-gcc, r-devel-macos-x86_64-clang, r-devel-windows-ix86+x86_64