CRAN Package Check Results for Package fftw

Last updated on 2014-08-23 13:47:55.

Flavor Version Tinstall Tcheck Ttotal Status Flags
r-devel-linux-x86_64-debian-clang 1.0-3 1.42 8.30 9.72 OK
r-devel-linux-x86_64-debian-gcc 1.0-3 1.26 8.08 9.34 OK
r-devel-linux-x86_64-fedora-clang 1.0-3 18.81 NOTE
r-devel-linux-x86_64-fedora-gcc 1.0-3 18.63 NOTE
r-devel-osx-x86_64-clang 1.0-3 25.42 OK
r-devel-windows-ix86+x86_64 1.0-3 6.00 23.00 29.00 OK
r-patched-linux-x86_64 1.0-3 1.30 8.26 9.56 OK
r-patched-solaris-sparc 1.0-3 119.40 OK
r-patched-solaris-x86 1.0-3 29.70 OK
r-release-linux-ix86 1.0-3 2.37 14.53 16.90 OK
r-release-linux-x86_64 1.0-3 1.39 8.38 9.77 OK
r-release-osx-x86_64-mavericks 1.0-3 ERROR
r-release-windows-ix86+x86_64 1.0-3 8.00 36.00 44.00 OK
r-oldrel-windows-ix86+x86_64 1.0-3 7.00 30.00 37.00 OK

Check Details

Version: 1.0-3
Check: top-level files
Result: NOTE
    Non-standard file/directory found at top level:
     ‘aclocal.m4’
Flavors: r-devel-linux-x86_64-fedora-clang, r-devel-linux-x86_64-fedora-gcc

Version: 1.0-3
Check: whether package can be installed
Result: ERROR
    Installation failed.
Flavor: r-release-osx-x86_64-mavericks