CRAN Package Check Results for Package fftwtools

Last updated on 2015-03-02 19:52:14.

Flavor Version Tinstall Tcheck Ttotal Status Flags
r-devel-linux-x86_64-debian-clang 0.9-6 0.95 10.57 11.52 OK
r-devel-linux-x86_64-debian-gcc 0.9-6 0.91 10.24 11.15 OK
r-devel-linux-x86_64-fedora-clang 0.9-6 22.14 OK
r-devel-linux-x86_64-fedora-gcc 0.9-6 20.78 OK
r-devel-osx-x86_64-clang 0.9-6 29.86 OK
r-devel-windows-ix86+x86_64 0.9-6 7.00 27.00 34.00 OK
r-patched-linux-x86_64 0.9-6 0.96 11.42 12.38 OK
r-patched-solaris-sparc 0.9-6 176.80 OK
r-patched-solaris-x86 0.9-6 35.50 OK
r-release-linux-ix86 0.9-6 1.44 19.06 20.50 OK
r-release-linux-x86_64 0.9-6 1.00 11.02 12.01 OK
r-release-osx-x86_64-mavericks 0.9-6 ERROR
r-release-osx-x86_64-snowleopard 0.9-6 OK
r-release-windows-ix86+x86_64 0.9-6 7.00 44.00 51.00 OK
r-oldrel-windows-ix86+x86_64 0.9-6 8.00 41.00 49.00 OK

Check Details

Version: 0.9-6
Check: package dependencies
Result: NOTE
    Package suggested but not available for checking: ‘fftw’
Flavor: r-release-osx-x86_64-mavericks

Version: 0.9-6
Check: whether package can be installed
Result: ERROR
    Installation failed.
Flavor: r-release-osx-x86_64-mavericks