CRAN Package Check Results for Package fftwtools

Last updated on 2017-06-26 03:52:36.

Flavor Version Tinstall Tcheck Ttotal Status Flags
r-devel-linux-x86_64-debian-clang 0.9-8 1.27 12.83 14.09 OK
r-devel-linux-x86_64-debian-gcc 0.9-8 1.14 12.45 13.59 OK
r-devel-linux-x86_64-fedora-clang 0.9-8 23.08 OK
r-devel-linux-x86_64-fedora-gcc 0.9-8 21.86 OK
r-devel-windows-ix86+x86_64 0.9-8 15.00 53.00 68.00 OK
r-patched-linux-x86_64 0.9-8 1.11 12.37 13.48 OK
r-patched-solaris-sparc 0.9-8 131.70 OK
r-patched-solaris-x86 0.9-8 34.30 OK
r-release-linux-x86_64 0.9-8 1.11 12.45 13.56 OK
r-release-windows-ix86+x86_64 0.9-8 13.00 56.00 69.00 OK
r-release-osx-x86_64 0.9-8 NOTE
r-oldrel-windows-ix86+x86_64 0.9-8 10.00 43.00 53.00 OK
r-oldrel-osx-x86_64 0.9-8 OK

Check Details

Version: 0.9-8
Check: re-building of vignette outputs
Result: NOTE
    Error in re-building vignettes:
     ...
    Error in texi2dvi(file = file, pdf = TRUE, clean = clean, quiet = quiet, :
     Running 'texi2dvi' on 'testTimeAndSimpleUse.tex' failed.
    LaTeX errors:
    ! LaTeX Error: File `fullpage.sty' not found.
    
    Type X to quit or <RETURN> to proceed,
    or enter new name. (Default extension: sty)
    
    ! Emergency stop.
    <read *>
    
    l.9 \usepackage
     [utf8]{inputenc}^^M
    ! ==> Fatal error occurred, no output PDF file produced!
    Calls: buildVignettes -> texi2pdf -> texi2dvi
    Execution halted
Flavor: r-release-osx-x86_64