CRAN Package Check Results for Package fftwtools

Last updated on 2017-03-24 04:47:25.

Flavor Version Tinstall Tcheck Ttotal Status Flags
r-devel-linux-x86_64-debian-clang 0.9-7 1.08 13.14 14.22 NOTE
r-devel-linux-x86_64-debian-gcc 0.9-7 1.07 12.63 13.69 NOTE
r-devel-linux-x86_64-fedora-clang 0.9-7 23.63 NOTE --no-stop-on-test-error
r-devel-linux-x86_64-fedora-gcc 0.9-7 22.85 NOTE --no-stop-on-test-error
r-devel-macos-x86_64-clang 0.9-7 22.19 NOTE --no-stop-on-test-error
r-devel-windows-ix86+x86_64 0.9-7 9.00 40.00 49.00 OK
r-patched-linux-x86_64 0.9-7 0.95 11.25 12.19 OK
r-patched-solaris-sparc 0.9-7 144.30 OK
r-patched-solaris-x86 0.9-7 34.30 OK
r-release-linux-x86_64 0.9-7 0.97 11.23 12.20 OK
r-release-osx-x86_64-mavericks 0.9-7 OK
r-release-windows-ix86+x86_64 0.9-7 12.00 35.00 47.00 OK
r-oldrel-windows-ix86+x86_64 0.9-7 15.00 38.00 53.00 OK

Check Details

Version: 0.9-7
Check: compiled code
Result: NOTE
    File ‘fftwtools/libs/fftwtools.so’:
     Found no calls to: ‘R_registerRoutines’, ‘R_useDynamicSymbols’
    
    It is good practice to register native routines and to disable symbol
    search.
    
    See ‘Writing portable packages’ in the ‘Writing R Extensions’ manual.
Flavors: r-devel-linux-x86_64-debian-clang, r-devel-linux-x86_64-debian-gcc

Version: 0.9-7
Flags: --no-stop-on-test-error
Check: compiled code
Result: NOTE
    File ‘fftwtools/libs/fftwtools.so’:
     Found no calls to: ‘R_registerRoutines’, ‘R_useDynamicSymbols’
    
    It is good practice to register native routines and to disable symbol
    search.
    
    See ‘Writing portable packages’ in the ‘Writing R Extensions’ manual.
Flavors: r-devel-linux-x86_64-fedora-clang, r-devel-linux-x86_64-fedora-gcc, r-devel-macos-x86_64-clang