CRAN Package Check Results for Package fftwtools

Last updated on 2014-07-24 14:48:41.

Flavor Version Tinstall Tcheck Ttotal Status Flags
r-devel-linux-x86_64-debian-clang 0.9-6 0.93 9.95 10.88 OK
r-devel-linux-x86_64-debian-gcc 0.9-6 0.90 9.88 10.78 OK
r-devel-linux-x86_64-fedora-clang 0.9-6 23.48 OK
r-devel-linux-x86_64-fedora-gcc 0.9-6 23.43 OK
r-devel-osx-x86_64-clang 0.9-6 28.81 OK
r-devel-windows-ix86+x86_64 0.9-6 6.00 28.00 34.00 OK
r-patched-linux-x86_64 0.9-6 0.92 9.96 10.88 OK
r-patched-solaris-sparc 0.9-6 127.20 OK
r-patched-solaris-x86 0.9-6 33.50 OK
r-release-linux-ix86 0.9-6 1.41 17.62 19.03 OK
r-release-linux-x86_64 0.9-6 0.97 10.48 11.46 OK
r-release-osx-x86_64-mavericks 0.9-6 ERROR
r-release-osx-x86_64-snowleopard 0.9-6 OK
r-release-windows-ix86+x86_64 0.9-6 8.00 44.00 52.00 OK
r-oldrel-windows-ix86+x86_64 0.9-6 8.00 41.00 49.00 OK

Check Details

Version: 0.9-6
Check: package dependencies
Result: NOTE
    Package suggested but not available for checking: ‘fftw’
Flavor: r-release-osx-x86_64-mavericks

Version: 0.9-6
Check: whether package can be installed
Result: ERROR
    Installation failed.
    See ‘/Builds/CRAN-QA-Simon/packages/mavericks-x86_64/results/3.1/fftwtools.Rcheck/00install.out’ for details.
Flavor: r-release-osx-x86_64-mavericks