CRAN Package Check Results for Package fftwtools

Last updated on 2014-08-30 15:48:35.

Flavor Version Tinstall Tcheck Ttotal Status Flags
r-devel-linux-x86_64-debian-clang 0.9-6 0.87 9.99 10.86 OK
r-devel-linux-x86_64-debian-gcc 0.9-6 0.85 10.14 10.98 OK
r-devel-linux-x86_64-fedora-clang 0.9-6 23.64 OK
r-devel-linux-x86_64-fedora-gcc 0.9-6 21.37 OK
r-devel-osx-x86_64-clang 0.9-6 28.45 OK
r-devel-windows-ix86+x86_64 0.9-6 6.00 29.00 35.00 OK
r-patched-linux-x86_64 0.9-6 0.92 10.14 11.06 OK
r-patched-solaris-sparc 0.9-6 142.40 OK
r-patched-solaris-x86 0.9-6 35.70 OK
r-release-linux-ix86 0.9-6 1.40 17.84 19.24 OK
r-release-linux-x86_64 0.9-6 0.98 10.63 11.61 OK
r-release-osx-x86_64-mavericks 0.9-6 ERROR
r-release-osx-x86_64-snowleopard 0.9-6 OK
r-release-windows-ix86+x86_64 0.9-6 8.00 44.00 52.00 OK
r-oldrel-windows-ix86+x86_64 0.9-6 8.00 41.00 49.00 OK

Check Details

Version: 0.9-6
Check: package dependencies
Result: NOTE
    Package suggested but not available for checking: ‘fftw’
Flavor: r-release-osx-x86_64-mavericks

Version: 0.9-6
Check: whether package can be installed
Result: ERROR
    Installation failed.
Flavor: r-release-osx-x86_64-mavericks