CRAN Package Check Results for Package fftwtools

Last updated on 2017-08-18 02:48:58.

Flavor Version Tinstall Tcheck Ttotal Status Flags
r-devel-linux-x86_64-debian-clang 0.9-8 1.24 13.14 14.38 OK
r-devel-linux-x86_64-debian-gcc 0.9-8 1.27 12.90 14.17 OK
r-devel-linux-x86_64-fedora-clang 0.9-8 22.90 OK
r-devel-linux-x86_64-fedora-gcc 0.9-8 22.25 OK
r-devel-windows-ix86+x86_64 0.9-8 14.00 56.00 70.00 OK
r-patched-linux-x86_64 0.9-8 1.23 12.56 13.79 OK
r-patched-solaris-x86 0.9-8 33.40 OK
r-release-linux-x86_64 0.9-8 1.15 12.85 13.99 OK
r-release-windows-ix86+x86_64 0.9-8 9.00 41.00 50.00 OK
r-release-osx-x86_64 0.9-8 NOTE
r-oldrel-windows-ix86+x86_64 0.9-8 10.00 43.00 53.00 OK
r-oldrel-osx-x86_64 0.9-8 OK

Check Details

Version: 0.9-8
Check: re-building of vignette outputs
Result: NOTE
    Error in re-building vignettes:
     ...
    Error in texi2dvi(file = file, pdf = TRUE, clean = clean, quiet = quiet, :
     Running 'texi2dvi' on 'testTimeAndSimpleUse.tex' failed.
    LaTeX errors:
    ! LaTeX Error: File `fullpage.sty' not found.
    
    Type X to quit or <RETURN> to proceed,
    or enter new name. (Default extension: sty)
    
    ! Emergency stop.
    <read *>
    
    l.9 \usepackage
     [utf8]{inputenc}^^M
    ! ==> Fatal error occurred, no output PDF file produced!
    Calls: buildVignettes -> texi2pdf -> texi2dvi
    Execution halted
Flavor: r-release-osx-x86_64