CRAN Package Check Results for Package fftwtools

Last updated on 2014-12-19 19:00:12.

Flavor Version Tinstall Tcheck Ttotal Status Flags
r-devel-linux-x86_64-debian-clang 0.9-6 1.00 11.14 12.14 OK
r-devel-linux-x86_64-debian-gcc 0.9-6 0.91 10.70 11.61 OK
r-devel-linux-x86_64-fedora-clang 0.9-6 24.77 OK
r-devel-linux-x86_64-fedora-gcc 0.9-6 23.05 OK
r-devel-osx-x86_64-clang 0.9-6 30.10 OK
r-devel-windows-ix86+x86_64 0.9-6 7.00 39.00 46.00 OK
r-patched-linux-x86_64 0.9-6 0.96 11.02 11.99 OK
r-patched-solaris-sparc 0.9-6 142.40 OK
r-patched-solaris-x86 0.9-6 35.70 OK
r-release-linux-ix86 0.9-6 1.39 17.78 19.17 OK
r-release-linux-x86_64 0.9-6 1.02 10.95 11.97 OK
r-release-osx-x86_64-mavericks 0.9-6 ERROR
r-release-osx-x86_64-snowleopard 0.9-6 OK
r-release-windows-ix86+x86_64 0.9-6 7.00 44.00 51.00 OK
r-oldrel-windows-ix86+x86_64 0.9-6 8.00 41.00 49.00 OK

Check Details

Version: 0.9-6
Check: package dependencies
Result: NOTE
    Package suggested but not available for checking: ‘fftw’
Flavor: r-release-osx-x86_64-mavericks

Version: 0.9-6
Check: whether package can be installed
Result: ERROR
    Installation failed.
Flavor: r-release-osx-x86_64-mavericks