CRAN Package Check Results for Package fftwtools

Last updated on 2017-02-21 15:50:20.

Flavor Version Tinstall Tcheck Ttotal Status Flags
r-devel-linux-x86_64-debian-clang 0.9-7 1.09 12.89 13.99 NOTE
r-devel-linux-x86_64-debian-gcc 0.9-7 1.08 12.95 14.03 NOTE
r-devel-linux-x86_64-fedora-clang 0.9-7 23.16 NOTE --no-stop-on-test-error
r-devel-linux-x86_64-fedora-gcc 0.9-7 22.35 NOTE --no-stop-on-test-error
r-devel-macos-x86_64-clang 0.9-7 23.11 NOTE --no-stop-on-test-error
r-devel-windows-ix86+x86_64 0.9-7 9.00 54.00 63.00 OK
r-patched-linux-x86_64 0.9-7 1.12 11.23 12.35 OK
r-patched-solaris-sparc 0.9-7 111.20 OK
r-patched-solaris-x86 0.9-7 28.90 OK
r-release-linux-x86_64 0.9-7 1.12 10.82 11.95 OK
r-release-osx-x86_64-mavericks 0.9-7 OK
r-release-windows-ix86+x86_64 0.9-7 12.00 35.00 47.00 OK
r-oldrel-windows-ix86+x86_64 0.9-7 15.00 38.00 53.00 OK

Check Details

Version: 0.9-7
Check: compiled code
Result: NOTE
    File ‘fftwtools/libs/fftwtools.so’:
     Found no calls to: ‘R_registerRoutines’, ‘R_useDynamicSymbols’
    
    It is good practice to register native routines and to disable symbol
    search.
    
    See ‘Writing portable packages’ in the ‘Writing R Extensions’ manual.
Flavors: r-devel-linux-x86_64-debian-clang, r-devel-linux-x86_64-debian-gcc

Version: 0.9-7
Flags: --no-stop-on-test-error
Check: compiled code
Result: NOTE
    File ‘fftwtools/libs/fftwtools.so’:
     Found no calls to: ‘R_registerRoutines’, ‘R_useDynamicSymbols’
    
    It is good practice to register native routines and to disable symbol
    search.
    
    See ‘Writing portable packages’ in the ‘Writing R Extensions’ manual.
Flavors: r-devel-linux-x86_64-fedora-clang, r-devel-linux-x86_64-fedora-gcc, r-devel-macos-x86_64-clang