CRAN Package Check Results for Package fftwtools

Last updated on 2014-11-28 12:46:46.

Flavor Version Tinstall Tcheck Ttotal Status Flags
r-devel-linux-x86_64-debian-clang 0.9-6 0.93 11.47 12.40 OK
r-devel-linux-x86_64-debian-gcc 0.9-6 0.94 10.94 11.88 OK
r-devel-linux-x86_64-fedora-clang 0.9-6 25.35 OK
r-devel-linux-x86_64-fedora-gcc 0.9-6 26.24 OK
r-devel-osx-x86_64-clang 0.9-6 30.48 OK
r-devel-windows-ix86+x86_64 0.9-6 6.00 28.00 34.00 OK
r-patched-linux-x86_64 0.9-6 0.96 10.86 11.83 OK
r-patched-solaris-sparc 0.9-6 142.40 OK
r-patched-solaris-x86 0.9-6 36.10 OK
r-release-linux-ix86 0.9-6 1.39 17.62 19.01 OK
r-release-linux-x86_64 0.9-6 1.01 10.87 11.88 OK
r-release-osx-x86_64-mavericks 0.9-6 ERROR
r-release-osx-x86_64-snowleopard 0.9-6 OK
r-release-windows-ix86+x86_64 0.9-6 7.00 44.00 51.00 OK
r-oldrel-windows-ix86+x86_64 0.9-6 8.00 41.00 49.00 OK

Check Details

Version: 0.9-6
Check: package dependencies
Result: NOTE
    Package suggested but not available for checking: ‘fftw’
Flavor: r-release-osx-x86_64-mavericks

Version: 0.9-6
Check: whether package can be installed
Result: ERROR
    Installation failed.
Flavor: r-release-osx-x86_64-mavericks