CRAN Package Check Results for Package fftwtools

Last updated on 2015-04-02 03:48:53.

Flavor Version Tinstall Tcheck Ttotal Status Flags
r-devel-linux-x86_64-debian-clang 0.9-7 0.91 10.94 11.84 OK
r-devel-linux-x86_64-debian-gcc 0.9-7 0.93 10.49 11.42 OK
r-devel-linux-x86_64-fedora-clang 0.9-7 23.04 OK
r-devel-linux-x86_64-fedora-gcc 0.9-7 22.29 OK
r-devel-osx-x86_64-clang 0.9-7 36.25 OK
r-prerel-windows-ix86+x86_64 0.9-7 10.00 29.00 39.00 OK
r-prerel-linux-x86_64 0.9-7 0.92 10.78 11.71 OK
r-prerel-solaris-sparc 0.9-7 114.90 OK
r-prerel-solaris-x86 0.9-7 33.00 OK
r-release-linux-x86_64 0.9-7 1.03 11.28 12.31 OK
r-release-osx-x86_64-mavericks 0.9-7 ERROR
r-release-osx-x86_64-snowleopard 0.9-7 OK
r-release-windows-ix86+x86_64 0.9-7 7.00 33.00 40.00 OK
r-oldrel-windows-ix86+x86_64 0.9-7 10.00 51.00 61.00 OK

Check Details

Version: 0.9-7
Check: package dependencies
Result: NOTE
    Package suggested but not available for checking: ‘fftw’
Flavor: r-release-osx-x86_64-mavericks

Version: 0.9-7
Check: whether package can be installed
Result: ERROR
    Installation failed.
Flavor: r-release-osx-x86_64-mavericks