CRAN Package Check Results for Package fftwtools

Last updated on 2014-09-20 03:48:40.

Flavor Version Tinstall Tcheck Ttotal Status Flags
r-devel-linux-x86_64-debian-clang 0.9-6 0.92 10.68 11.61 OK
r-devel-linux-x86_64-debian-gcc 0.9-6 0.90 10.39 11.29 OK
r-devel-linux-x86_64-fedora-clang 0.9-6 23.38 OK
r-devel-linux-x86_64-fedora-gcc 0.9-6 21.87 OK
r-devel-osx-x86_64-clang 0.9-6 30.85 OK
r-devel-windows-ix86+x86_64 0.9-6 6.00 30.00 36.00 OK
r-patched-linux-x86_64 0.9-6 0.96 10.94 11.90 OK
r-patched-solaris-sparc 0.9-6 142.40 OK
r-patched-solaris-x86 0.9-6 34.30 OK
r-release-linux-ix86 0.9-6 1.42 17.90 19.32 OK
r-release-linux-x86_64 0.9-6 0.99 11.10 12.09 OK
r-release-osx-x86_64-mavericks 0.9-6 ERROR
r-release-osx-x86_64-snowleopard 0.9-6 OK
r-release-windows-ix86+x86_64 0.9-6 8.00 44.00 52.00 OK
r-oldrel-windows-ix86+x86_64 0.9-6 8.00 41.00 49.00 OK

Check Details

Version: 0.9-6
Check: package dependencies
Result: NOTE
    Package suggested but not available for checking: ‘fftw’
Flavor: r-release-osx-x86_64-mavericks

Version: 0.9-6
Check: whether package can be installed
Result: ERROR
    Installation failed.
Flavor: r-release-osx-x86_64-mavericks