CRAN Package Check Results for Package fgac

Last updated on 2016-08-30 22:47:31.

Flavor Version Tinstall Tcheck Ttotal Status Flags
r-devel-linux-x86_64-debian-clang 0.6-1 0.82 13.17 13.99 NOTE
r-devel-linux-x86_64-debian-gcc 0.6-1 0.87 13.25 14.12 NOTE
r-devel-linux-x86_64-fedora-clang 0.6-1 23.95 NOTE
r-devel-linux-x86_64-fedora-gcc 0.6-1 21.89 NOTE
r-devel-osx-x86_64-clang 0.6-1 21.93 NOTE
r-devel-windows-ix86+x86_64 0.6-1 6.00 37.00 43.00 NOTE
r-patched-linux-x86_64 0.6-1 0.78 13.29 14.07 NOTE
r-patched-solaris-sparc 0.6-1 151.50 NOTE
r-patched-solaris-x86 0.6-1 32.00 NOTE
r-release-linux-x86_64 0.6-1 0.79 13.16 13.95 NOTE
r-release-osx-x86_64-mavericks 0.6-1 NOTE
r-release-windows-ix86+x86_64 0.6-1 3.00 78.00 81.00 NOTE
r-oldrel-windows-ix86+x86_64 0.6-1 4.00 22.00 26.00 OK

Check Details

Version: 0.6-1
Check: R code for possible problems
Result: NOTE
    ftest: no visible global function definition for ‘wilcox.test’
    ftest: no visible global function definition for ‘t.test’
    Undefined global functions or variables:
     t.test wilcox.test
    Consider adding
     importFrom("stats", "t.test", "wilcox.test")
    to your NAMESPACE file.
Flavors: r-devel-linux-x86_64-debian-clang, r-devel-linux-x86_64-debian-gcc, r-devel-linux-x86_64-fedora-clang, r-devel-linux-x86_64-fedora-gcc, r-devel-osx-x86_64-clang, r-devel-windows-ix86+x86_64, r-patched-linux-x86_64, r-patched-solaris-sparc, r-patched-solaris-x86, r-release-linux-x86_64, r-release-osx-x86_64-mavericks, r-release-windows-ix86+x86_64