CRAN Package Check Results for Package fgac

Last updated on 2020-06-01 04:46:56 CEST.

Flavor Version Tinstall Tcheck Ttotal Status Flags
r-devel-linux-x86_64-debian-clang 0.6-1 3.89 26.39 30.28 NOTE
r-devel-linux-x86_64-debian-gcc 0.6-1 3.03 20.71 23.74 NOTE
r-devel-linux-x86_64-fedora-clang 0.6-1 45.33 NOTE
r-devel-linux-x86_64-fedora-gcc 0.6-1 35.77 NOTE
r-devel-windows-ix86+x86_64 0.6-1 10.00 49.00 59.00 NOTE
r-patched-linux-x86_64 0.6-1 3.40 26.50 29.90 NOTE
r-patched-solaris-x86 0.6-1 50.70 NOTE
r-release-linux-x86_64 0.6-1 3.81 26.56 30.37 NOTE
r-release-osx-x86_64 0.6-1 NOTE
r-release-windows-ix86+x86_64 0.6-1 6.00 40.00 46.00 NOTE
r-oldrel-osx-x86_64 0.6-1 NOTE
r-oldrel-windows-ix86+x86_64 0.6-1 5.00 50.00 55.00 NOTE

Check Details

Version: 0.6-1
Check: R code for possible problems
Result: NOTE
    ftest: no visible global function definition for 'wilcox.test'
    ftest: no visible global function definition for 't.test'
    Undefined global functions or variables:
     t.test wilcox.test
    Consider adding
     importFrom("stats", "t.test", "wilcox.test")
    to your NAMESPACE file.
Flavors: r-devel-linux-x86_64-debian-clang, r-devel-linux-x86_64-debian-gcc, r-devel-linux-x86_64-fedora-clang, r-devel-linux-x86_64-fedora-gcc, r-devel-windows-ix86+x86_64, r-patched-linux-x86_64, r-patched-solaris-x86, r-release-linux-x86_64, r-release-osx-x86_64, r-release-windows-ix86+x86_64, r-oldrel-osx-x86_64, r-oldrel-windows-ix86+x86_64