CRAN Package Check Results for Package fgac

Last updated on 2016-05-29 23:47:36.

Flavor Version Tinstall Tcheck Ttotal Status Flags
r-devel-linux-x86_64-debian-gcc 0.6-1 0.76 13.15 13.91 NOTE
r-devel-linux-x86_64-fedora-clang 0.6-1 24.64 NOTE
r-devel-linux-x86_64-fedora-gcc 0.6-1 21.37 NOTE
r-devel-osx-x86_64-clang 0.6-1 28.65 NOTE
r-devel-windows-ix86+x86_64 0.6-1 3.00 32.00 35.00 NOTE
r-patched-linux-x86_64 0.6-1 0.76 12.93 13.69 NOTE
r-patched-solaris-sparc 0.6-1 150.90 NOTE
r-patched-solaris-x86 0.6-1 33.50 NOTE
r-release-linux-x86_64 0.6-1 0.83 12.65 13.49 NOTE
r-release-osx-x86_64-mavericks 0.6-1 NOTE
r-release-windows-ix86+x86_64 0.6-1 3.00 78.00 81.00 NOTE
r-oldrel-windows-ix86+x86_64 0.6-1 4.00 22.00 26.00 OK

Check Details

Version: 0.6-1
Check: R code for possible problems
Result: NOTE
    ftest: no visible global function definition for ‘wilcox.test’
    ftest: no visible global function definition for ‘t.test’
    Undefined global functions or variables:
     t.test wilcox.test
    Consider adding
     importFrom("stats", "t.test", "wilcox.test")
    to your NAMESPACE file.
Flavors: r-devel-linux-x86_64-debian-gcc, r-devel-linux-x86_64-fedora-clang, r-devel-linux-x86_64-fedora-gcc, r-devel-osx-x86_64-clang, r-devel-windows-ix86+x86_64, r-patched-linux-x86_64, r-patched-solaris-sparc, r-patched-solaris-x86, r-release-linux-x86_64, r-release-osx-x86_64-mavericks, r-release-windows-ix86+x86_64