CRAN Package Check Results for Package fgac

Last updated on 2017-01-24 23:49:46.

Flavor Version Tinstall Tcheck Ttotal Status Flags
r-devel-linux-x86_64-debian-clang 0.6-1 0.85 14.89 15.73 NOTE
r-devel-linux-x86_64-debian-gcc 0.6-1 0.84 14.46 15.30 NOTE
r-devel-linux-x86_64-fedora-clang 0.6-1 25.70 NOTE --no-stop-on-test-error
r-devel-linux-x86_64-fedora-gcc 0.6-1 24.40 NOTE --no-stop-on-test-error
r-devel-macos-x86_64-clang 0.6-1 23.84 NOTE --no-stop-on-test-error
r-devel-windows-ix86+x86_64 0.6-1 4.00 32.00 36.00 NOTE
r-patched-linux-x86_64 0.6-1 0.74 13.46 14.20 NOTE
r-patched-solaris-sparc 0.6-1 154.60 NOTE
r-patched-solaris-x86 0.6-1 31.10 NOTE
r-release-linux-x86_64 0.6-1 0.75 13.33 14.09 NOTE
r-release-osx-x86_64-mavericks 0.6-1 NOTE
r-release-windows-ix86+x86_64 0.6-1 3.00 31.00 34.00 NOTE
r-oldrel-windows-ix86+x86_64 0.6-1 4.00 29.00 33.00 OK

Check Details

Version: 0.6-1
Check: R code for possible problems
Result: NOTE
    ftest: no visible global function definition for ‘wilcox.test’
    ftest: no visible global function definition for ‘t.test’
    Undefined global functions or variables:
     t.test wilcox.test
    Consider adding
     importFrom("stats", "t.test", "wilcox.test")
    to your NAMESPACE file.
Flavors: r-devel-linux-x86_64-debian-clang, r-devel-linux-x86_64-debian-gcc, r-devel-windows-ix86+x86_64, r-patched-linux-x86_64, r-patched-solaris-sparc, r-patched-solaris-x86, r-release-linux-x86_64, r-release-osx-x86_64-mavericks, r-release-windows-ix86+x86_64

Version: 0.6-1
Flags: --no-stop-on-test-error
Check: R code for possible problems
Result: NOTE
    ftest: no visible global function definition for ‘wilcox.test’
    ftest: no visible global function definition for ‘t.test’
    Undefined global functions or variables:
     t.test wilcox.test
    Consider adding
     importFrom("stats", "t.test", "wilcox.test")
    to your NAMESPACE file.
Flavors: r-devel-linux-x86_64-fedora-clang, r-devel-linux-x86_64-fedora-gcc, r-devel-macos-x86_64-clang