CRAN Package Check Results for Package fgac

Last updated on 2016-02-09 06:49:44.

Flavor Version Tinstall Tcheck Ttotal Status Flags
r-devel-linux-x86_64-debian-gcc 0.6-1 0.73 12.01 12.74 NOTE
r-devel-linux-x86_64-fedora-clang 0.6-1 22.94 NOTE
r-devel-linux-x86_64-fedora-gcc 0.6-1 21.20 NOTE
r-devel-osx-x86_64-clang 0.6-1 28.72 NOTE
r-devel-windows-ix86+x86_64 0.6-1 4.00 25.00 29.00 NOTE
r-patched-linux-x86_64 0.6-1 0.85 12.82 13.67 OK
r-patched-solaris-sparc 0.6-1 147.10 OK
r-patched-solaris-x86 0.6-1 31.50 OK
r-release-linux-x86_64 0.6-1 0.86 12.83 13.69 OK
r-release-osx-x86_64-mavericks 0.6-1 OK
r-release-windows-ix86+x86_64 0.6-1 4.00 22.00 26.00 OK
r-oldrel-windows-ix86+x86_64 0.6-1 5.00 23.00 28.00 OK

Check Details

Version: 0.6-1
Check: R code for possible problems
Result: NOTE
    ftest: no visible global function definition for ‘wilcox.test’
    ftest: no visible global function definition for ‘t.test’
    Undefined global functions or variables:
     t.test wilcox.test
    Consider adding
     importFrom("stats", "t.test", "wilcox.test")
    to your NAMESPACE file.
Flavors: r-devel-linux-x86_64-debian-gcc, r-devel-linux-x86_64-fedora-clang, r-devel-linux-x86_64-fedora-gcc, r-devel-osx-x86_64-clang, r-devel-windows-ix86+x86_64