CRAN Package Check Results for Package fgac

Last updated on 2015-08-28 06:47:16.

Flavor Version Tinstall Tcheck Ttotal Status Flags
r-devel-linux-x86_64-debian-clang 0.6-1 0.89 12.55 13.44 NOTE
r-devel-linux-x86_64-debian-gcc 0.6-1 0.74 11.84 12.58 NOTE
r-devel-linux-x86_64-fedora-clang 0.6-1 24.75 NOTE
r-devel-linux-x86_64-fedora-gcc 0.6-1 22.53 NOTE
r-devel-osx-x86_64-clang 0.6-1 25.53 OK
r-devel-windows-ix86+x86_64 0.6-1 6.00 35.00 41.00 NOTE
r-patched-linux-x86_64 0.6-1 0.79 12.43 13.22 OK
r-patched-solaris-sparc 0.6-1 169.40 OK
r-patched-solaris-x86 0.6-1 36.30 OK
r-release-linux-x86_64 0.6-1 0.80 13.14 13.93 OK
r-release-osx-x86_64-mavericks 0.6-1 OK
r-release-windows-ix86+x86_64 0.6-1 4.00 24.00 28.00 OK
r-oldrel-windows-ix86+x86_64 0.6-1 5.00 23.00 28.00 OK

Check Details

Version: 0.6-1
Check: R code for possible problems
Result: NOTE
    ftest: no visible global function definition for ‘wilcox.test’
    ftest: no visible global function definition for ‘t.test’
    Undefined global functions or variables:
     t.test wilcox.test
    Consider adding
     importFrom("stats", "t.test", "wilcox.test")
    to your NAMESPACE.
Flavors: r-devel-linux-x86_64-debian-clang, r-devel-linux-x86_64-debian-gcc, r-devel-linux-x86_64-fedora-clang, r-devel-linux-x86_64-fedora-gcc, r-devel-windows-ix86+x86_64