CRAN Package Check Results for Package fgac

Last updated on 2017-07-25 03:49:21.

Flavor Version Tinstall Tcheck Ttotal Status Flags
r-devel-linux-x86_64-debian-clang 0.6-1 0.88 23.28 24.16 NOTE
r-devel-linux-x86_64-debian-gcc 0.6-1 0.78 22.96 23.74 NOTE
r-devel-linux-x86_64-fedora-clang 0.6-1 25.70 NOTE
r-devel-linux-x86_64-fedora-gcc 0.6-1 24.81 NOTE
r-devel-windows-ix86+x86_64 0.6-1 5.00 40.00 45.00 NOTE
r-patched-linux-x86_64 0.6-1 0.84 23.06 23.90 NOTE
r-patched-solaris-x86 0.6-1 34.90 NOTE
r-release-linux-x86_64 0.6-1 0.86 22.79 23.65 NOTE
r-release-windows-ix86+x86_64 0.6-1 3.00 33.00 36.00 NOTE
r-release-osx-x86_64 0.6-1 NOTE
r-oldrel-windows-ix86+x86_64 0.6-1 3.00 31.00 34.00 NOTE
r-oldrel-osx-x86_64 0.6-1 NOTE

Check Details

Version: 0.6-1
Check: R code for possible problems
Result: NOTE
    ftest: no visible global function definition for ‘wilcox.test’
    ftest: no visible global function definition for ‘t.test’
    Undefined global functions or variables:
     t.test wilcox.test
    Consider adding
     importFrom("stats", "t.test", "wilcox.test")
    to your NAMESPACE file.
Flavors: r-devel-linux-x86_64-debian-clang, r-devel-linux-x86_64-debian-gcc, r-devel-linux-x86_64-fedora-clang, r-devel-linux-x86_64-fedora-gcc, r-devel-windows-ix86+x86_64, r-patched-linux-x86_64, r-patched-solaris-x86, r-release-linux-x86_64, r-release-windows-ix86+x86_64, r-release-osx-x86_64, r-oldrel-windows-ix86+x86_64, r-oldrel-osx-x86_64