CRAN Package Check Results for Package fgac

Last updated on 2018-06-20 07:47:39 CEST.

Flavor Version Tinstall Tcheck Ttotal Status Flags
r-devel-linux-x86_64-debian-clang 0.6-1 2.34 23.98 26.32 NOTE
r-devel-linux-x86_64-debian-gcc 0.6-1 2.00 19.54 21.54 NOTE
r-devel-linux-x86_64-fedora-clang 0.6-1 30.93 NOTE
r-devel-linux-x86_64-fedora-gcc 0.6-1 29.35 NOTE
r-devel-windows-ix86+x86_64 0.6-1 6.00 35.00 41.00 NOTE
r-patched-linux-x86_64 0.6-1 2.05 22.87 24.92 NOTE
r-patched-solaris-x86 0.6-1 42.50 NOTE
r-release-linux-x86_64 0.6-1 2.72 22.83 25.55 NOTE
r-release-windows-ix86+x86_64 0.6-1 7.00 37.00 44.00 NOTE
r-release-osx-x86_64 0.6-1 NOTE
r-oldrel-windows-ix86+x86_64 0.6-1 3.00 33.00 36.00 NOTE
r-oldrel-osx-x86_64 0.6-1 NOTE

Check Details

Version: 0.6-1
Check: R code for possible problems
Result: NOTE
    ftest: no visible global function definition for ‘wilcox.test’
    ftest: no visible global function definition for ‘t.test’
    Undefined global functions or variables:
     t.test wilcox.test
    Consider adding
     importFrom("stats", "t.test", "wilcox.test")
    to your NAMESPACE file.
Flavors: r-devel-linux-x86_64-debian-clang, r-devel-linux-x86_64-debian-gcc, r-devel-linux-x86_64-fedora-clang, r-devel-linux-x86_64-fedora-gcc, r-devel-windows-ix86+x86_64, r-patched-linux-x86_64, r-patched-solaris-x86, r-release-linux-x86_64, r-release-windows-ix86+x86_64, r-release-osx-x86_64, r-oldrel-windows-ix86+x86_64, r-oldrel-osx-x86_64