CRAN Package Check Results for Package fgac

Last updated on 2016-04-29 11:48:28.

Flavor Version Tinstall Tcheck Ttotal Status Flags
r-devel-linux-x86_64-debian-gcc 0.6-1 0.80 12.96 13.76 NOTE
r-devel-linux-x86_64-fedora-clang 0.6-1 22.77 NOTE
r-devel-linux-x86_64-fedora-gcc 0.6-1 21.06 NOTE
r-devel-osx-x86_64-clang 0.6-1 28.00 NOTE
r-devel-windows-ix86+x86_64 0.6-1 3.00 30.00 33.00 NOTE
r-patched-linux-x86_64 0.6-1 0.73 12.74 13.47 NOTE
r-patched-solaris-sparc 0.6-1 150.20 NOTE
r-patched-solaris-x86 0.6-1 33.40 NOTE
r-release-linux-x86_64 0.6-1 0.94 13.28 14.22 OK
r-release-osx-x86_64-mavericks 0.6-1 OK
r-release-windows-ix86+x86_64 0.6-1 4.00 22.00 26.00 OK
r-oldrel-windows-ix86+x86_64 0.6-1 5.00 23.00 28.00 OK

Check Details

Version: 0.6-1
Check: R code for possible problems
Result: NOTE
    ftest: no visible global function definition for ‘wilcox.test’
    ftest: no visible global function definition for ‘t.test’
    Undefined global functions or variables:
     t.test wilcox.test
    Consider adding
     importFrom("stats", "t.test", "wilcox.test")
    to your NAMESPACE file.
Flavors: r-devel-linux-x86_64-debian-gcc, r-devel-linux-x86_64-fedora-clang, r-devel-linux-x86_64-fedora-gcc, r-devel-osx-x86_64-clang, r-devel-windows-ix86+x86_64, r-patched-linux-x86_64, r-patched-solaris-sparc, r-patched-solaris-x86