CRAN Package Check Results for Package fgac

Last updated on 2017-05-26 06:46:40.

Flavor Version Tinstall Tcheck Ttotal Status Flags
r-devel-linux-x86_64-debian-clang 0.6-1 0.86 15.02 15.87 NOTE
r-devel-linux-x86_64-debian-gcc 0.6-1 0.85 15.04 15.89 NOTE
r-devel-linux-x86_64-fedora-clang 0.6-1 25.95 NOTE --no-stop-on-test-error
r-devel-linux-x86_64-fedora-gcc 0.6-1 24.76 NOTE --no-stop-on-test-error
r-devel-windows-ix86+x86_64 0.6-1 6.00 44.00 50.00 NOTE
r-patched-linux-x86_64 0.6-1 0.86 14.74 15.60 NOTE
r-patched-solaris-sparc 0.6-1 159.00 NOTE
r-patched-solaris-x86 0.6-1 37.20 NOTE
r-release-linux-x86_64 0.6-1 1.03 14.95 15.98 NOTE
r-release-windows-ix86+x86_64 0.6-1 3.00 33.00 36.00 NOTE
r-release-osx-x86_64 0.6-1 NOTE
r-oldrel-windows-ix86+x86_64 0.6-1 3.00 31.00 34.00 NOTE
r-oldrel-osx-x86_64 0.6-1 NOTE

Check Details

Version: 0.6-1
Check: R code for possible problems
Result: NOTE
    ftest: no visible global function definition for ‘wilcox.test’
    ftest: no visible global function definition for ‘t.test’
    Undefined global functions or variables:
     t.test wilcox.test
    Consider adding
     importFrom("stats", "t.test", "wilcox.test")
    to your NAMESPACE file.
Flavors: r-devel-linux-x86_64-debian-clang, r-devel-linux-x86_64-debian-gcc, r-devel-windows-ix86+x86_64, r-patched-linux-x86_64, r-patched-solaris-sparc, r-patched-solaris-x86, r-release-linux-x86_64, r-release-windows-ix86+x86_64, r-release-osx-x86_64, r-oldrel-windows-ix86+x86_64, r-oldrel-osx-x86_64

Version: 0.6-1
Flags: --no-stop-on-test-error
Check: R code for possible problems
Result: NOTE
    ftest: no visible global function definition for ‘wilcox.test’
    ftest: no visible global function definition for ‘t.test’
    Undefined global functions or variables:
     t.test wilcox.test
    Consider adding
     importFrom("stats", "t.test", "wilcox.test")
    to your NAMESPACE file.
Flavors: r-devel-linux-x86_64-fedora-clang, r-devel-linux-x86_64-fedora-gcc