CRAN Package Check Results for Package fgac

Last updated on 2017-03-28 23:50:21.

Flavor Version Tinstall Tcheck Ttotal Status Flags
r-devel-linux-x86_64-debian-clang 0.6-1 0.87 15.21 16.08 NOTE
r-devel-linux-x86_64-debian-gcc 0.6-1 0.87 14.73 15.61 NOTE
r-devel-linux-x86_64-fedora-clang 0.6-1 26.10 NOTE --no-stop-on-test-error
r-devel-linux-x86_64-fedora-gcc 0.6-1 24.93 NOTE --no-stop-on-test-error
r-devel-macos-x86_64-clang 0.6-1 24.00 NOTE --no-stop-on-test-error
r-devel-windows-ix86+x86_64 0.6-1 3.00 31.00 34.00 NOTE
r-patched-linux-x86_64 0.6-1 0.88 14.81 15.68 NOTE
r-patched-solaris-sparc 0.6-1 159.00 NOTE
r-patched-solaris-x86 0.6-1 35.00 NOTE
r-release-linux-x86_64 0.6-1 0.91 13.25 14.16 NOTE
r-release-osx-x86_64-mavericks 0.6-1 NOTE
r-release-windows-ix86+x86_64 0.6-1 3.00 31.00 34.00 NOTE
r-oldrel-windows-ix86+x86_64 0.6-1 4.00 29.00 33.00 OK

Check Details

Version: 0.6-1
Check: R code for possible problems
Result: NOTE
    ftest: no visible global function definition for ‘wilcox.test’
    ftest: no visible global function definition for ‘t.test’
    Undefined global functions or variables:
     t.test wilcox.test
    Consider adding
     importFrom("stats", "t.test", "wilcox.test")
    to your NAMESPACE file.
Flavors: r-devel-linux-x86_64-debian-clang, r-devel-linux-x86_64-debian-gcc, r-devel-windows-ix86+x86_64, r-patched-linux-x86_64, r-patched-solaris-sparc, r-patched-solaris-x86, r-release-linux-x86_64, r-release-osx-x86_64-mavericks, r-release-windows-ix86+x86_64

Version: 0.6-1
Flags: --no-stop-on-test-error
Check: R code for possible problems
Result: NOTE
    ftest: no visible global function definition for ‘wilcox.test’
    ftest: no visible global function definition for ‘t.test’
    Undefined global functions or variables:
     t.test wilcox.test
    Consider adding
     importFrom("stats", "t.test", "wilcox.test")
    to your NAMESPACE file.
Flavors: r-devel-linux-x86_64-fedora-clang, r-devel-linux-x86_64-fedora-gcc, r-devel-macos-x86_64-clang