CRAN Package Check Results for Package fgac

Last updated on 2015-07-03 07:47:56.

Flavor Version Tinstall Tcheck Ttotal Status Flags
r-devel-linux-x86_64-debian-clang 0.6-1 0.82 12.31 13.13 NOTE
r-devel-linux-x86_64-debian-gcc 0.6-1 0.76 11.78 12.54 NOTE
r-devel-linux-x86_64-fedora-clang 0.6-1 24.18 NOTE
r-devel-linux-x86_64-fedora-gcc 0.6-1 22.81 NOTE
r-devel-osx-x86_64-clang 0.6-1 26.88 OK
r-devel-windows-ix86+x86_64 0.6-1 7.00 23.00 30.00 OK
r-patched-linux-x86_64 0.6-1 0.79 12.55 13.34 OK
r-patched-solaris-sparc 0.6-1 171.70 OK
r-patched-solaris-x86 0.6-1 36.40 OK
r-release-linux-x86_64 0.6-1 0.78 13.01 13.79 OK
r-release-osx-x86_64-mavericks 0.6-1 OK
r-release-windows-ix86+x86_64 0.6-1 4.00 24.00 28.00 OK
r-oldrel-windows-ix86+x86_64 0.6-1 5.00 23.00 28.00 OK

Check Details

Version: 0.6-1
Check: R code for possible problems
Result: NOTE
    ftest: no visible global function definition for ‘wilcox.test’
    ftest: no visible global function definition for ‘t.test’
    Undefined global functions or variables:
     t.test wilcox.test
Flavors: r-devel-linux-x86_64-debian-clang, r-devel-linux-x86_64-debian-gcc, r-devel-linux-x86_64-fedora-clang, r-devel-linux-x86_64-fedora-gcc