CRAN Package Check Results for Package fgeo.analyze

Last updated on 2023-02-01 15:51:23 CET.

Flavor Version Tinstall Tcheck Ttotal Status Flags
r-devel-linux-x86_64-debian-clang 1.1.14 7.43 133.59 141.02 NOTE
r-devel-linux-x86_64-debian-gcc 1.1.14 5.75 97.80 103.55 NOTE
r-devel-linux-x86_64-fedora-clang 1.1.14 168.89 NOTE
r-devel-linux-x86_64-fedora-gcc 1.1.14 166.41 NOTE
r-devel-windows-x86_64 1.1.14 11.00 176.00 187.00 NOTE
r-patched-linux-x86_64 1.1.14 10.36 125.21 135.57 NOTE
r-release-linux-x86_64 1.1.14 6.09 127.32 133.41 NOTE
r-release-macos-arm64 1.1.14 43.00 NOTE
r-release-macos-x86_64 1.1.14 87.00 NOTE
r-release-windows-x86_64 1.1.14 99.00 175.00 274.00 NOTE
r-oldrel-macos-arm64 1.1.14 54.00 NOTE
r-oldrel-macos-x86_64 1.1.14 64.00 NOTE
r-oldrel-windows-ix86+x86_64 1.1.14 17.00 170.00 187.00 WARN

Check Details

Version: 1.1.14
Check: LazyData
Result: NOTE
     'LazyData' is specified without a 'data' directory
Flavors: r-devel-linux-x86_64-debian-clang, r-devel-linux-x86_64-debian-gcc, r-devel-linux-x86_64-fedora-clang, r-devel-linux-x86_64-fedora-gcc, r-devel-windows-x86_64, r-patched-linux-x86_64, r-release-linux-x86_64, r-release-macos-arm64, r-release-macos-x86_64, r-release-windows-x86_64, r-oldrel-macos-arm64, r-oldrel-macos-x86_64, r-oldrel-windows-ix86+x86_64

Version: 1.1.14
Check: for unstated dependencies in ‘tests’
Result: WARN
    Warning: unable to access index for repository https://bioconductor.org/packages/3.14/bioc/src/contrib:
     cannot open URL 'https://bioconductor.org/packages/3.14/bioc/src/contrib/PACKAGES'
    Warning: unable to access index for repository https://bioconductor.org/packages/3.14/data/annotation/src/contrib:
     cannot open URL 'https://bioconductor.org/packages/3.14/data/annotation/src/contrib/PACKAGES'
    Warning: unable to access index for repository https://bioconductor.org/packages/3.14/data/experiment/src/contrib:
     cannot open URL 'https://bioconductor.org/packages/3.14/data/experiment/src/contrib/PACKAGES'
Flavor: r-oldrel-windows-ix86+x86_64