CRAN Package Check Results for Package fgm

Last updated on 2022-01-26 08:51:17 CET.

Flavor Version Tinstall Tcheck Ttotal Status Flags
r-devel-linux-x86_64-debian-clang 1.0 12.15 108.15 120.30 NOTE
r-devel-linux-x86_64-debian-gcc 1.0 9.48 83.81 93.29 NOTE
r-devel-linux-x86_64-fedora-clang 1.0 142.44 NOTE
r-devel-linux-x86_64-fedora-gcc 1.0 133.83 NOTE
r-devel-windows-x86_64-new-UL 1.0 20.00 129.00 149.00 NOTE
r-devel-windows-x86_64-new-TK 1.0 NOTE
r-patched-linux-x86_64 1.0 8.49 99.79 108.28 NOTE
r-release-linux-x86_64 1.0 8.61 99.69 108.30 NOTE
r-release-macos-arm64 1.0 NOTE
r-release-macos-x86_64 1.0 NOTE
r-release-windows-ix86+x86_64 1.0 27.00 117.00 144.00 NOTE
r-oldrel-macos-x86_64 1.0 OK
r-oldrel-windows-ix86+x86_64 1.0 28.00 118.00 146.00 OK

Check Details

Version: 1.0
Check: LazyData
Result: NOTE
     'LazyData' is specified without a 'data' directory
Flavors: r-devel-linux-x86_64-debian-clang, r-devel-linux-x86_64-debian-gcc, r-devel-linux-x86_64-fedora-clang, r-devel-linux-x86_64-fedora-gcc, r-devel-windows-x86_64-new-UL, r-devel-windows-x86_64-new-TK, r-patched-linux-x86_64, r-release-linux-x86_64, r-release-macos-arm64, r-release-macos-x86_64, r-release-windows-ix86+x86_64