CRAN Package Check Results for Package fgof

Last updated on 2014-08-20 17:47:41.

Flavor Version Tinstall Tcheck Ttotal Status Flags
r-devel-linux-x86_64-debian-clang 0.2-1 0.49 19.88 20.37 NOTE
r-devel-linux-x86_64-debian-gcc 0.2-1 0.49 20.47 20.96 NOTE
r-devel-linux-x86_64-fedora-clang 0.2-1 41.53 NOTE
r-devel-linux-x86_64-fedora-gcc 0.2-1 40.06 NOTE
r-devel-osx-x86_64-clang 0.2-1 34.78 NOTE
r-devel-windows-ix86+x86_64 0.2-1 3.00 32.00 35.00 NOTE
r-patched-linux-x86_64 0.2-1 0.51 19.86 20.37 NOTE
r-patched-solaris-sparc 0.2-1 412.30 NOTE
r-patched-solaris-x86 0.2-1 51.20 NOTE
r-release-linux-ix86 0.2-1 0.84 30.67 31.51 NOTE
r-release-linux-x86_64 0.2-1 0.53 20.34 20.87 NOTE
r-release-osx-x86_64-mavericks 0.2-1 NOTE
r-release-windows-ix86+x86_64 0.2-1 3.00 49.00 52.00 NOTE
r-oldrel-windows-ix86+x86_64 0.2-1 3.00 29.00 32.00 NOTE

Check Details

Version: 0.2-1
Check: dependencies in R code
Result: NOTE
    Packages in Depends field not imported from:
     ‘mvtnorm’ ‘numDeriv’
     These packages need to be imported from (in the NAMESPACE file)
     for when this namespace is loaded but not attached.
    See the information on DESCRIPTION files in the chapter ‘Creating R
    packages’ of the ‘Writing R Extensions’ manual.
Flavors: r-devel-linux-x86_64-debian-clang, r-devel-linux-x86_64-debian-gcc, r-devel-linux-x86_64-fedora-clang, r-devel-linux-x86_64-fedora-gcc, r-devel-osx-x86_64-clang, r-devel-windows-ix86+x86_64, r-patched-linux-x86_64, r-patched-solaris-sparc, r-patched-solaris-x86, r-release-linux-ix86, r-release-linux-x86_64, r-release-osx-x86_64-mavericks, r-release-windows-ix86+x86_64, r-oldrel-windows-ix86+x86_64

Version: 0.2-1
Check: R code for possible problems
Result: NOTE
    gof.test : ecdf: no visible global function definition for ‘mecdf’
Flavors: r-devel-linux-x86_64-debian-clang, r-devel-linux-x86_64-debian-gcc, r-devel-windows-ix86+x86_64, r-patched-linux-x86_64, r-patched-solaris-sparc, r-patched-solaris-x86, r-release-linux-ix86, r-release-linux-x86_64, r-release-osx-x86_64-mavericks, r-release-windows-ix86+x86_64, r-oldrel-windows-ix86+x86_64

Version: 0.2-1
Check: R code for possible problems
Result: NOTE
    dmymvnorm: no visible global function definition for ‘dmvnorm’
    dmymvt: no visible global function definition for ‘dmvt’
    gof.test : ecdf: no visible global function definition for ‘mecdf’
    gof.test: no visible global function definition for ‘jacobian’
    gradCdfT: no visible global function definition for ‘pmvt’
    influFun: no visible global function definition for ‘jacobian’
    plackettFormula: no visible global function definition for ‘pmvt’
    pmymvnorm: no visible global function definition for ‘GenzBretz’
    pmymvnorm: no visible global function definition for ‘TVPACK’
    pmymvnorm : <anonymous>: no visible global function definition for
     ‘pmvnorm’
    pmymvt: no visible global function definition for ‘GenzBretz’
    pmymvt: no visible global function definition for ‘TVPACK’
    pmymvt : <anonymous>: no visible global function definition for ‘pmvt’
    rmymvnorm: no visible global function definition for ‘rmvnorm’
    rmymvt: no visible global function definition for ‘rmvt’
Flavors: r-devel-linux-x86_64-fedora-clang, r-devel-linux-x86_64-fedora-gcc, r-devel-osx-x86_64-clang