CRAN Package Check Results for Package fgof

Last updated on 2014-07-25 17:48:00.

Flavor Version Tinstall Tcheck Ttotal Status Flags
r-devel-linux-x86_64-debian-clang 0.2-1 0.56 19.77 20.33 NOTE
r-devel-linux-x86_64-debian-gcc 0.2-1 0.49 19.73 20.22 NOTE
r-devel-linux-x86_64-fedora-clang 0.2-1 42.33 NOTE
r-devel-linux-x86_64-fedora-gcc 0.2-1 39.70 NOTE
r-devel-osx-x86_64-clang 0.2-1 34.54 NOTE
r-devel-windows-ix86+x86_64 0.2-1 3.00 30.00 33.00 NOTE
r-patched-linux-x86_64 0.2-1 0.50 22.17 22.67 NOTE
r-patched-solaris-sparc 0.2-1 399.90 NOTE
r-patched-solaris-x86 0.2-1 51.30 NOTE
r-release-linux-ix86 0.2-1 0.84 30.68 31.52 NOTE
r-release-linux-x86_64 0.2-1 0.53 20.45 20.98 NOTE
r-release-osx-x86_64-mavericks 0.2-1 NOTE
r-release-windows-ix86+x86_64 0.2-1 3.00 49.00 52.00 NOTE
r-oldrel-windows-ix86+x86_64 0.2-1 3.00 29.00 32.00 NOTE

Check Details

Version: 0.2-1
Check: dependencies in R code
Result: NOTE
    Packages in Depends field not imported from:
     ‘mvtnorm’ ‘numDeriv’
     These packages need to be imported from (in the NAMESPACE file)
     for when this namespace is loaded but not attached.
    See the information on DESCRIPTION files in the chapter ‘Creating R
    packages’ of the ‘Writing R Extensions’ manual.
Flavors: r-devel-linux-x86_64-debian-clang, r-devel-linux-x86_64-debian-gcc, r-devel-linux-x86_64-fedora-clang, r-devel-linux-x86_64-fedora-gcc, r-devel-osx-x86_64-clang, r-devel-windows-ix86+x86_64, r-patched-linux-x86_64, r-patched-solaris-sparc, r-patched-solaris-x86, r-release-linux-ix86, r-release-linux-x86_64, r-release-osx-x86_64-mavericks, r-release-windows-ix86+x86_64, r-oldrel-windows-ix86+x86_64

Version: 0.2-1
Check: R code for possible problems
Result: NOTE
    gof.test : ecdf: no visible global function definition for ‘mecdf’
Flavors: r-devel-linux-x86_64-debian-clang, r-devel-linux-x86_64-debian-gcc, r-devel-linux-x86_64-fedora-clang, r-devel-linux-x86_64-fedora-gcc, r-devel-osx-x86_64-clang, r-devel-windows-ix86+x86_64, r-patched-linux-x86_64, r-patched-solaris-sparc, r-patched-solaris-x86, r-release-linux-ix86, r-release-linux-x86_64, r-release-osx-x86_64-mavericks, r-release-windows-ix86+x86_64, r-oldrel-windows-ix86+x86_64