CRAN Package Check Results for Package fgof

Last updated on 2016-12-10 23:48:36.

Flavor Version Tinstall Tcheck Ttotal Status Flags
r-devel-linux-x86_64-debian-clang 0.2-1 0.56 26.70 27.26 NOTE
r-devel-linux-x86_64-debian-gcc 0.2-1 0.58 25.14 25.72 NOTE
r-devel-linux-x86_64-fedora-clang 0.2-1 46.00 NOTE --no-stop-on-test-error
r-devel-linux-x86_64-fedora-gcc 0.2-1 43.18 NOTE --no-stop-on-test-error
r-devel-macos-x86_64-clang 0.2-1 29.78 NOTE --no-stop-on-test-error
r-devel-windows-ix86+x86_64 0.2-1 7.00 51.00 58.00 NOTE
r-patched-linux-x86_64 0.2-1 0.51 23.25 23.76 NOTE
r-patched-solaris-sparc 0.2-1 390.60 NOTE
r-patched-solaris-x86 0.2-1 43.60 NOTE
r-release-linux-x86_64 0.2-1 0.57 23.09 23.66 NOTE
r-release-osx-x86_64-mavericks 0.2-1 NOTE
r-release-windows-ix86+x86_64 0.2-1 2.00 41.00 43.00 NOTE
r-oldrel-windows-ix86+x86_64 0.2-1 2.00 38.00 40.00 NOTE

Check Details

Version: 0.2-1
Check: dependencies in R code
Result: NOTE
    Packages in Depends field not imported from:
     ‘mvtnorm’ ‘numDeriv’
     These packages need to be imported from (in the NAMESPACE file)
     for when this namespace is loaded but not attached.
Flavors: r-devel-linux-x86_64-debian-clang, r-devel-linux-x86_64-debian-gcc, r-devel-windows-ix86+x86_64, r-patched-linux-x86_64, r-patched-solaris-sparc, r-patched-solaris-x86, r-release-linux-x86_64, r-release-osx-x86_64-mavericks, r-release-windows-ix86+x86_64, r-oldrel-windows-ix86+x86_64

Version: 0.2-1
Check: R code for possible problems
Result: NOTE
    dmymvnorm: no visible global function definition for ‘dmvnorm’
    dmymvt: no visible global function definition for ‘dmvt’
    gof.test: no visible global function definition for ‘quantile’
    gof.test : ecdf: no visible global function definition for ‘mecdf’
    gof.test: no visible global function definition for ‘jacobian’
    gof.test: no visible global function definition for ‘var’
    gradCdfT: no visible global function definition for ‘dt’
    gradCdfT: no visible global function definition for ‘pt’
    gradCdfT: no visible global function definition for ‘pmvt’
    influFun: no visible global function definition for ‘jacobian’
    mult.sim: no visible global function definition for ‘rnorm’
    plackettFormula: no visible global function definition for ‘pt’
    plackettFormula: no visible global function definition for ‘pmvt’
    pmymvnorm: no visible global function definition for ‘GenzBretz’
    pmymvnorm: no visible global function definition for ‘TVPACK’
    pmymvnorm : <anonymous>: no visible global function definition for
     ‘pmvnorm’
    pmymvt: no visible global function definition for ‘GenzBretz’
    pmymvt: no visible global function definition for ‘TVPACK’
    pmymvt : <anonymous>: no visible global function definition for ‘pmvt’
    rmymvnorm: no visible global function definition for ‘rmvnorm’
    rmymvt: no visible global function definition for ‘rmvt’
    Undefined global functions or variables:
     GenzBretz TVPACK dmvnorm dmvt dt jacobian mecdf pmvnorm pmvt pt
     quantile rmvnorm rmvt rnorm var
    Consider adding
     importFrom("stats", "dt", "pt", "quantile", "rnorm", "var")
    to your NAMESPACE file.
Flavors: r-devel-linux-x86_64-debian-clang, r-devel-linux-x86_64-debian-gcc, r-devel-windows-ix86+x86_64, r-patched-linux-x86_64, r-patched-solaris-sparc, r-patched-solaris-x86, r-release-linux-x86_64, r-release-osx-x86_64-mavericks, r-release-windows-ix86+x86_64

Version: 0.2-1
Flags: --no-stop-on-test-error
Check: dependencies in R code
Result: NOTE
    Packages in Depends field not imported from:
     ‘mvtnorm’ ‘numDeriv’
     These packages need to be imported from (in the NAMESPACE file)
     for when this namespace is loaded but not attached.
Flavors: r-devel-linux-x86_64-fedora-clang, r-devel-linux-x86_64-fedora-gcc, r-devel-macos-x86_64-clang

Version: 0.2-1
Flags: --no-stop-on-test-error
Check: R code for possible problems
Result: NOTE
    dmymvnorm: no visible global function definition for ‘dmvnorm’
    dmymvt: no visible global function definition for ‘dmvt’
    gof.test: no visible global function definition for ‘quantile’
    gof.test : ecdf: no visible global function definition for ‘mecdf’
    gof.test: no visible global function definition for ‘jacobian’
    gof.test: no visible global function definition for ‘var’
    gradCdfT: no visible global function definition for ‘dt’
    gradCdfT: no visible global function definition for ‘pt’
    gradCdfT: no visible global function definition for ‘pmvt’
    influFun: no visible global function definition for ‘jacobian’
    mult.sim: no visible global function definition for ‘rnorm’
    plackettFormula: no visible global function definition for ‘pt’
    plackettFormula: no visible global function definition for ‘pmvt’
    pmymvnorm: no visible global function definition for ‘GenzBretz’
    pmymvnorm: no visible global function definition for ‘TVPACK’
    pmymvnorm : <anonymous>: no visible global function definition for
     ‘pmvnorm’
    pmymvt: no visible global function definition for ‘GenzBretz’
    pmymvt: no visible global function definition for ‘TVPACK’
    pmymvt : <anonymous>: no visible global function definition for ‘pmvt’
    rmymvnorm: no visible global function definition for ‘rmvnorm’
    rmymvt: no visible global function definition for ‘rmvt’
    Undefined global functions or variables:
     GenzBretz TVPACK dmvnorm dmvt dt jacobian mecdf pmvnorm pmvt pt
     quantile rmvnorm rmvt rnorm var
    Consider adding
     importFrom("stats", "dt", "pt", "quantile", "rnorm", "var")
    to your NAMESPACE file.
Flavors: r-devel-linux-x86_64-fedora-clang, r-devel-linux-x86_64-fedora-gcc, r-devel-macos-x86_64-clang

Version: 0.2-1
Check: R code for possible problems
Result: NOTE
    dmymvnorm: no visible global function definition for 'dmvnorm'
    dmymvt: no visible global function definition for 'dmvt'
    gof.test : ecdf: no visible global function definition for 'mecdf'
    gof.test: no visible global function definition for 'jacobian'
    gradCdfT: no visible global function definition for 'pmvt'
    influFun: no visible global function definition for 'jacobian'
    plackettFormula: no visible global function definition for 'pmvt'
    pmymvnorm: no visible global function definition for 'GenzBretz'
    pmymvnorm: no visible global function definition for 'TVPACK'
    pmymvnorm : <anonymous>: no visible global function definition for
     'pmvnorm'
    pmymvt: no visible global function definition for 'GenzBretz'
    pmymvt: no visible global function definition for 'TVPACK'
    pmymvt : <anonymous>: no visible global function definition for 'pmvt'
    rmymvnorm: no visible global function definition for 'rmvnorm'
    rmymvt: no visible global function definition for 'rmvt'
Flavor: r-oldrel-windows-ix86+x86_64