CRAN Package Check Results for Package fgof

Last updated on 2015-07-29 08:50:00.

Flavor Version Tinstall Tcheck Ttotal Status Flags
r-devel-linux-x86_64-debian-clang 0.2-1 0.51 19.07 19.58 NOTE
r-devel-linux-x86_64-debian-gcc 0.2-1 0.49 19.95 20.44 NOTE
r-devel-linux-x86_64-fedora-clang 0.2-1 38.02 NOTE
r-devel-linux-x86_64-fedora-gcc 0.2-1 35.86 NOTE
r-devel-osx-x86_64-clang 0.2-1 27.96 NOTE
r-devel-windows-ix86+x86_64 0.2-1 2.00 32.00 34.00 NOTE
r-patched-linux-x86_64 0.2-1 0.52 20.20 20.71 NOTE
r-patched-solaris-sparc 0.2-1 417.70 NOTE
r-patched-solaris-x86 0.2-1 49.70 NOTE
r-release-linux-x86_64 0.2-1 0.53 19.51 20.04 NOTE
r-release-osx-x86_64-mavericks 0.2-1 NOTE
r-release-windows-ix86+x86_64 0.2-1 4.00 27.00 31.00 NOTE
r-oldrel-windows-ix86+x86_64 0.2-1 4.00 33.00 37.00 NOTE

Check Details

Version: 0.2-1
Check: dependencies in R code
Result: NOTE
    Packages in Depends field not imported from:
     ‘mvtnorm’ ‘numDeriv’
     These packages need to be imported from (in the NAMESPACE file)
     for when this namespace is loaded but not attached.
Flavors: r-devel-linux-x86_64-debian-clang, r-devel-linux-x86_64-debian-gcc, r-devel-linux-x86_64-fedora-clang, r-devel-linux-x86_64-fedora-gcc, r-devel-osx-x86_64-clang, r-devel-windows-ix86+x86_64, r-patched-linux-x86_64, r-patched-solaris-sparc, r-patched-solaris-x86, r-release-linux-x86_64, r-release-osx-x86_64-mavericks, r-release-windows-ix86+x86_64, r-oldrel-windows-ix86+x86_64

Version: 0.2-1
Check: R code for possible problems
Result: NOTE
    dmymvnorm: no visible global function definition for ‘dmvnorm’
    dmymvt: no visible global function definition for ‘dmvt’
    gof.test: no visible global function definition for ‘quantile’
    gof.test : ecdf: no visible global function definition for ‘mecdf’
    gof.test: no visible global function definition for ‘jacobian’
    gof.test: no visible global function definition for ‘var’
    gradCdfT: no visible global function definition for ‘dt’
    gradCdfT: no visible global function definition for ‘pt’
    gradCdfT: no visible global function definition for ‘pmvt’
    influFun: no visible global function definition for ‘jacobian’
    mult.sim: no visible global function definition for ‘rnorm’
    plackettFormula: no visible global function definition for ‘pt’
    plackettFormula: no visible global function definition for ‘pmvt’
    pmymvnorm: no visible global function definition for ‘GenzBretz’
    pmymvnorm: no visible global function definition for ‘TVPACK’
    pmymvnorm : <anonymous>: no visible global function definition for
     ‘pmvnorm’
    pmymvt: no visible global function definition for ‘GenzBretz’
    pmymvt: no visible global function definition for ‘TVPACK’
    pmymvt : <anonymous>: no visible global function definition for ‘pmvt’
    rmymvnorm: no visible global function definition for ‘rmvnorm’
    rmymvt: no visible global function definition for ‘rmvt’
    Undefined global functions or variables:
     GenzBretz TVPACK dmvnorm dmvt dt jacobian mecdf pmvnorm pmvt pt
     quantile rmvnorm rmvt rnorm var
    Consider adding
     importFrom("stats", "dt", "pt", "quantile", "rnorm", "var")
    to your NAMESPACE.
Flavors: r-devel-linux-x86_64-debian-clang, r-devel-linux-x86_64-debian-gcc, r-devel-linux-x86_64-fedora-clang, r-devel-linux-x86_64-fedora-gcc, r-devel-windows-ix86+x86_64

Version: 0.2-1
Check: R code for possible problems
Result: NOTE
    dmymvnorm: no visible global function definition for ‘dmvnorm’
    dmymvt: no visible global function definition for ‘dmvt’
    gof.test : ecdf: no visible global function definition for ‘mecdf’
    gof.test: no visible global function definition for ‘jacobian’
    gradCdfT: no visible global function definition for ‘pmvt’
    influFun: no visible global function definition for ‘jacobian’
    plackettFormula: no visible global function definition for ‘pmvt’
    pmymvnorm: no visible global function definition for ‘GenzBretz’
    pmymvnorm: no visible global function definition for ‘TVPACK’
    pmymvnorm : <anonymous>: no visible global function definition for
     ‘pmvnorm’
    pmymvt: no visible global function definition for ‘GenzBretz’
    pmymvt: no visible global function definition for ‘TVPACK’
    pmymvt : <anonymous>: no visible global function definition for ‘pmvt’
    rmymvnorm: no visible global function definition for ‘rmvnorm’
    rmymvt: no visible global function definition for ‘rmvt’
    Undefined global functions or variables:
     GenzBretz TVPACK dmvnorm dmvt jacobian mecdf pmvnorm pmvt rmvnorm
     rmvt
Flavor: r-devel-osx-x86_64-clang

Version: 0.2-1
Check: R code for possible problems
Result: NOTE
    dmymvnorm: no visible global function definition for ‘dmvnorm’
    dmymvt: no visible global function definition for ‘dmvt’
    gof.test : ecdf: no visible global function definition for ‘mecdf’
    gof.test: no visible global function definition for ‘jacobian’
    gradCdfT: no visible global function definition for ‘pmvt’
    influFun: no visible global function definition for ‘jacobian’
    plackettFormula: no visible global function definition for ‘pmvt’
    pmymvnorm: no visible global function definition for ‘GenzBretz’
    pmymvnorm: no visible global function definition for ‘TVPACK’
    pmymvnorm : <anonymous>: no visible global function definition for
     ‘pmvnorm’
    pmymvt: no visible global function definition for ‘GenzBretz’
    pmymvt: no visible global function definition for ‘TVPACK’
    pmymvt : <anonymous>: no visible global function definition for ‘pmvt’
    rmymvnorm: no visible global function definition for ‘rmvnorm’
    rmymvt: no visible global function definition for ‘rmvt’
Flavors: r-patched-linux-x86_64, r-patched-solaris-sparc, r-patched-solaris-x86, r-release-linux-x86_64, r-release-osx-x86_64-mavericks, r-release-windows-ix86+x86_64, r-oldrel-windows-ix86+x86_64