CRAN Package Check Results for Package fgof

Last updated on 2017-05-27 14:47:00.

Flavor Version Tinstall Tcheck Ttotal Status Flags
r-devel-linux-x86_64-debian-clang 0.2-1 0.68 23.10 23.79 NOTE
r-devel-linux-x86_64-debian-gcc 0.2-1 0.66 21.85 22.51 NOTE
r-devel-linux-x86_64-fedora-clang 0.2-1 45.89 NOTE
r-devel-linux-x86_64-fedora-gcc 0.2-1 41.98 NOTE
r-devel-windows-ix86+x86_64 0.2-1 5.00 55.00 60.00 NOTE
r-patched-linux-x86_64 0.2-1 0.62 22.29 22.90 NOTE
r-patched-solaris-sparc 0.2-1 400.90 NOTE
r-patched-solaris-x86 0.2-1 52.40 NOTE
r-release-linux-x86_64 0.2-1 0.63 22.32 22.95 NOTE
r-release-windows-ix86+x86_64 0.2-1 2.00 40.00 42.00 NOTE
r-release-osx-x86_64 0.2-1 NOTE
r-oldrel-windows-ix86+x86_64 0.2-1 3.00 53.00 56.00 NOTE
r-oldrel-osx-x86_64 0.2-1 NOTE

Check Details

Version: 0.2-1
Check: dependencies in R code
Result: NOTE
    Packages in Depends field not imported from:
     ‘mvtnorm’ ‘numDeriv’
     These packages need to be imported from (in the NAMESPACE file)
     for when this namespace is loaded but not attached.
Flavors: r-devel-linux-x86_64-debian-clang, r-devel-linux-x86_64-debian-gcc, r-devel-linux-x86_64-fedora-clang, r-devel-linux-x86_64-fedora-gcc, r-devel-windows-ix86+x86_64, r-patched-linux-x86_64, r-patched-solaris-sparc, r-patched-solaris-x86, r-release-linux-x86_64, r-release-windows-ix86+x86_64, r-release-osx-x86_64, r-oldrel-windows-ix86+x86_64, r-oldrel-osx-x86_64

Version: 0.2-1
Check: R code for possible problems
Result: NOTE
    dmymvnorm: no visible global function definition for ‘dmvnorm’
    dmymvt: no visible global function definition for ‘dmvt’
    gof.test: no visible global function definition for ‘quantile’
    gof.test : ecdf: no visible global function definition for ‘mecdf’
    gof.test: no visible global function definition for ‘jacobian’
    gof.test: no visible global function definition for ‘var’
    gradCdfT: no visible global function definition for ‘dt’
    gradCdfT: no visible global function definition for ‘pt’
    gradCdfT: no visible global function definition for ‘pmvt’
    influFun: no visible global function definition for ‘jacobian’
    mult.sim: no visible global function definition for ‘rnorm’
    plackettFormula: no visible global function definition for ‘pt’
    plackettFormula: no visible global function definition for ‘pmvt’
    pmymvnorm: no visible global function definition for ‘GenzBretz’
    pmymvnorm: no visible global function definition for ‘TVPACK’
    pmymvnorm : <anonymous>: no visible global function definition for
     ‘pmvnorm’
    pmymvt: no visible global function definition for ‘GenzBretz’
    pmymvt: no visible global function definition for ‘TVPACK’
    pmymvt : <anonymous>: no visible global function definition for ‘pmvt’
    rmymvnorm: no visible global function definition for ‘rmvnorm’
    rmymvt: no visible global function definition for ‘rmvt’
    Undefined global functions or variables:
     GenzBretz TVPACK dmvnorm dmvt dt jacobian mecdf pmvnorm pmvt pt
     quantile rmvnorm rmvt rnorm var
    Consider adding
     importFrom("stats", "dt", "pt", "quantile", "rnorm", "var")
    to your NAMESPACE file.
Flavors: r-devel-linux-x86_64-debian-clang, r-devel-linux-x86_64-debian-gcc, r-devel-linux-x86_64-fedora-clang, r-devel-linux-x86_64-fedora-gcc, r-devel-windows-ix86+x86_64, r-patched-linux-x86_64, r-patched-solaris-sparc, r-patched-solaris-x86, r-release-linux-x86_64, r-release-windows-ix86+x86_64, r-release-osx-x86_64, r-oldrel-windows-ix86+x86_64, r-oldrel-osx-x86_64