CRAN Package Check Results for Package fgof

Last updated on 2014-04-24 17:49:43.

Flavor Version Tinstall Tcheck Ttotal Status Flags
r-devel-linux-x86_64-debian-clang 0.2-1 0.56 20.59 21.16 NOTE
r-devel-linux-x86_64-debian-gcc 0.2-1 0.58 20.60 21.18 NOTE
r-devel-linux-x86_64-fedora-clang 0.2-1 41.91 NOTE
r-devel-linux-x86_64-fedora-gcc 0.2-1 41.70 NOTE
r-devel-osx-x86_64-clang 0.2-1 32.92 NOTE
r-devel-osx-x86_64-gcc 0.2-1 NOTE
r-devel-windows-ix86+x86_64 0.2-1 2.00 33.00 35.00 NOTE
r-patched-linux-x86_64 0.2-1 0.57 20.64 21.22 NOTE
r-patched-solaris-sparc 0.2-1 399.90 NOTE
r-patched-solaris-x86 0.2-1 51.40 NOTE
r-release-linux-ix86 0.2-1 2.00 37.00 39.00 NOTE
r-release-linux-x86_64 0.2-1 0.57 20.64 21.20 NOTE
r-release-osx-x86_64-mavericks 0.2-1 NOTE
r-release-windows-ix86+x86_64 0.2-1 3.00 30.00 33.00 NOTE
r-oldrel-windows-ix86+x86_64 0.2-1 3.00 32.00 35.00 NOTE

Check Details

Version: 0.2-1
Check: dependencies in R code
Result: NOTE
    Packages in Depends field not imported from:
     ‘mvtnorm’ ‘numDeriv’
     These packages need to be imported from (in the NAMESPACE file)
     for when this namespace is loaded but not attached.
    See the information on DESCRIPTION files in the chapter ‘Creating R
    packages’ of the ‘Writing R Extensions’ manual.
Flavors: r-devel-linux-x86_64-debian-clang, r-devel-linux-x86_64-debian-gcc, r-devel-linux-x86_64-fedora-clang, r-devel-linux-x86_64-fedora-gcc, r-devel-osx-x86_64-clang, r-devel-osx-x86_64-gcc, r-devel-windows-ix86+x86_64, r-patched-linux-x86_64, r-patched-solaris-sparc, r-patched-solaris-x86, r-release-linux-ix86, r-release-linux-x86_64, r-release-osx-x86_64-mavericks, r-release-windows-ix86+x86_64, r-oldrel-windows-ix86+x86_64

Version: 0.2-1
Check: R code for possible problems
Result: NOTE
    gof.test : ecdf: no visible global function definition for ‘mecdf’
Flavors: r-devel-linux-x86_64-debian-clang, r-devel-linux-x86_64-debian-gcc, r-devel-linux-x86_64-fedora-clang, r-devel-linux-x86_64-fedora-gcc, r-devel-osx-x86_64-clang, r-devel-osx-x86_64-gcc, r-devel-windows-ix86+x86_64, r-patched-linux-x86_64, r-patched-solaris-sparc, r-patched-solaris-x86, r-release-linux-ix86, r-release-linux-x86_64, r-release-osx-x86_64-mavericks, r-release-windows-ix86+x86_64, r-oldrel-windows-ix86+x86_64