CRAN Package Check Results for Package fhidata

Last updated on 2020-08-05 21:48:57 CEST.

Flavor Version Tinstall Tcheck Ttotal Status Flags
r-devel-linux-x86_64-debian-clang 2019.8.27 12.04 57.27 69.31 NOTE
r-devel-linux-x86_64-debian-gcc 2019.8.27 11.05 44.06 55.11 NOTE
r-devel-linux-x86_64-fedora-clang 2019.8.27 96.59 NOTE
r-devel-linux-x86_64-fedora-gcc 2019.8.27 86.54 NOTE
r-devel-windows-ix86+x86_64 2019.8.27 24.00 97.00 121.00 NOTE
r-patched-linux-x86_64 2019.8.27 11.73 55.37 67.10 NOTE
r-patched-solaris-x86 2019.8.27 144.50 NOTE
r-release-linux-x86_64 2019.8.27 12.27 54.62 66.89 NOTE
r-release-macos-x86_64 2019.8.27 NOTE
r-release-windows-ix86+x86_64 2019.8.27 25.00 68.00 93.00 NOTE
r-oldrel-macos-x86_64 2019.8.27 NOTE
r-oldrel-windows-ix86+x86_64 2019.8.27 20.00 64.00 84.00 NOTE

Check Details

Version: 2019.8.27
Check: package dependencies
Result: NOTE
    Package suggested but not available for checking: 'SDMTools'
Flavors: r-devel-linux-x86_64-debian-clang, r-devel-linux-x86_64-debian-gcc, r-devel-linux-x86_64-fedora-clang, r-devel-linux-x86_64-fedora-gcc, r-patched-linux-x86_64, r-patched-solaris-x86, r-release-linux-x86_64, r-release-macos-x86_64

Version: 2019.8.27
Check: installed package size
Result: NOTE
     installed size is 6.7Mb
     sub-directories of 1Mb or more:
     data 6.3Mb
Flavors: r-devel-linux-x86_64-fedora-clang, r-devel-windows-ix86+x86_64, r-patched-solaris-x86, r-release-macos-x86_64, r-release-windows-ix86+x86_64, r-oldrel-macos-x86_64, r-oldrel-windows-ix86+x86_64

Version: 2019.8.27
Check: data for non-ASCII characters
Result: NOTE
     Note: found 5077 marked UTF-8 strings
Flavors: r-devel-linux-x86_64-fedora-clang, r-devel-linux-x86_64-fedora-gcc, r-patched-solaris-x86, r-release-macos-x86_64, r-oldrel-macos-x86_64