CRAN Package Check Results for Package fic

Last updated on 2021-11-27 14:51:19 CET.

Flavor Version Tinstall Tcheck Ttotal Status Flags
r-devel-linux-x86_64-debian-clang 1.0.0 OK
r-devel-linux-x86_64-debian-gcc 1.0.0 8.92 133.09 142.01 OK
r-devel-linux-x86_64-fedora-clang 1.0.0 257.22 WARN
r-devel-linux-x86_64-fedora-gcc 1.0.0 242.01 WARN
r-devel-windows-x86_64-new-UL 1.0.0 21.00 367.00 388.00 OK
r-devel-windows-x86_64-new-TK 1.0.0 WARN
r-devel-windows-x86_64-old 1.0.0 12.00 252.00 264.00 OK
r-patched-linux-x86_64 1.0.0 10.77 180.56 191.33 OK
r-patched-solaris-x86 1.0.0 343.00 NOTE
r-release-linux-x86_64 1.0.0 OK
r-release-macos-arm64 1.0.0 NOTE
r-release-macos-x86_64 1.0.0 NOTE
r-release-windows-ix86+x86_64 1.0.0 28.00 195.00 223.00 OK
r-oldrel-macos-x86_64 1.0.0 NOTE
r-oldrel-windows-ix86+x86_64 1.0.0 37.00 268.00 305.00 OK

Check Details

Version: 1.0.0
Check: dependencies in R code
Result: NOTE
    Namespace in Imports field not imported from: ‘numDeriv’
     All declared Imports should be used.
Flavors: r-devel-linux-x86_64-fedora-clang, r-devel-linux-x86_64-fedora-gcc, r-devel-windows-x86_64-new-TK, r-patched-solaris-x86, r-release-macos-arm64, r-release-macos-x86_64, r-oldrel-macos-x86_64

Version: 1.0.0
Check: re-building of vignette outputs
Result: WARN
    Error(s) in re-building vignettes:
    --- re-building ‘fic.Rnw’ using knitr
    --- finished re-building ‘fic.Rnw’
    
    --- re-building ‘linear.Rnw’ using knitr
    `stat_bin()` using `bins = 30`. Pick better value with `binwidth`.
    `stat_bin()` using `bins = 30`. Pick better value with `binwidth`.
    `stat_bin()` using `bins = 30`. Pick better value with `binwidth`.
    `stat_bin()` using `bins = 30`. Pick better value with `binwidth`.
    `stat_bin()` using `bins = 30`. Pick better value with `binwidth`.
    --- finished re-building ‘linear.Rnw’
    
    --- re-building ‘loss.Rnw’ using knitr
    --- finished re-building ‘loss.Rnw’
    
    --- re-building ‘multistate.Rnw’ using knitr
    Error: processing vignette 'multistate.Rnw' failed with diagnostics:
    Running 'texi2dvi' on 'multistate.tex' failed.
    LaTeX errors:
    ! Package xcolor Error: Undefined color `Red'.
    
    See the xcolor package documentation for explanation.
    Type H <return> for immediate help.
     ...
    ! Package xcolor Error: Undefined color `Blue'.
    
    See the xcolor package documentation for explanation.
    Type H <return> for immediate help.
     ...
    ! Package xcolor Error: Undefined color `Blue'.
    
    See the xcolor package documentation for explanation.
    Type H <return> for immediate help.
     ...
    ! Package xcolor Error: Undefined color `Blue'.
    
    See the xcolor package documentation for explanation.
    Type H <return> for immediate help.
     ...
    ! Package xcolor Error: Undefined color `Blue'.
    
    See the xcolor package documentation for explanation.
    Type H <return> for immediate help.
     ...
    ! Package xcolor Error: Undefined color `Blue'.
    
    See the xcolor package documentation for explanation.
    Type H <return> for immediate help.
     ...
    ! Package xcolor Error: Undefined color `Blue'.
    
    See the xcolor package documentation for explanation.
    Type H <return> for immediate help.
     ...
    ! Package xcolor Error: Undefined color `Blue'.
    
    See the xcolor package documentation for explanation.
    Type H <return> for immediate help.
     ...
    ! Package xcolor Error: Undefined color `fgcolor'.
    
    See the xcolor package documentation for explanation.
    Type H <return> for immediate help.
     ...
    ! Package xcolor Error: Undefined color `messagecolor'.
    
    See the xcolor package documentation for explanation.
    Type H <return> for immediate help.
     ...
    ! Package xcolor Error: Undefined color `fgcolor'.
    
    See the xcolor package documentation for explanation.
    Type H <return> for immediate help.
     ...
    ! Package xcolor Error: Undefined color `fgcolor'.
    
    See the xcolor package documentation for explanation.
    Type H <return> for immediate help.
     ...
    ! Package xcolor Error: Undefined color `fgcolor'.
    
    See the xcolor package documentation for explanation.
    Type H <return> for immediate help.
     ...
    ! Package xcolor Error: Undefined color `fgcolor'.
    
    See the xcolor package documentation for explanation.
    Type H <return> for immediate help.
     ...
    --- failed re-building ‘multistate.Rnw’
    
    --- re-building ‘skewnormal.Rnw’ using knitr
    Warning in nlm(fn1, ini[c("beta0", "logsigma")], hessian = TRUE) :
     NA/Inf replaced by maximum positive value
    Warning in nlm(fn3, ini[c("beta0", "logsigma", "loglambda")], hessian = TRUE) :
     NA/Inf replaced by maximum positive value
    --- finished re-building ‘skewnormal.Rnw’
    
    --- re-building ‘survival.Rnw’ using knitr
    --- finished re-building ‘survival.Rnw’
    
    SUMMARY: processing the following file failed:
     ‘multistate.Rnw’
    
    Error: Vignette re-building failed.
    Execution halted
Flavors: r-devel-linux-x86_64-fedora-clang, r-devel-linux-x86_64-fedora-gcc

Version: 1.0.0
Check: re-building of vignette outputs
Result: WARN
    Error(s) in re-building vignettes:
    --- re-building 'fic.Rnw' using knitr
    --- finished re-building 'fic.Rnw'
    
    --- re-building 'linear.Rnw' using knitr
    `stat_bin()` using `bins = 30`. Pick better value with `binwidth`.
    `stat_bin()` using `bins = 30`. Pick better value with `binwidth`.
    `stat_bin()` using `bins = 30`. Pick better value with `binwidth`.
    `stat_bin()` using `bins = 30`. Pick better value with `binwidth`.
    `stat_bin()` using `bins = 30`. Pick better value with `binwidth`.
    --- finished re-building 'linear.Rnw'
    
    --- re-building 'loss.Rnw' using knitr
    --- finished re-building 'loss.Rnw'
    
    --- re-building 'multistate.Rnw' using knitr
    Warning in system(paste(shQuote(texi2dvi), if (quiet) "--quiet" else "", :
     running command '"C:\PROGRA~1\MiKTeX\miktex\bin\x64\texify.exe" --quiet --pdf "multistate.tex" --max-iterations=20 -I "C:/r_packages/rinst/share/texmf/tex/latex" -I "C:/r_packages/rinst/share/texmf/bibtex/bst"' had status 1
    Error: processing vignette 'multistate.Rnw' failed with diagnostics:
    running 'texi2dvi' on 'multistate.tex' failed
    
    LaTeX errors:
    ex:87: Package xcolor Error: Undefined color `Red'.
    
    See the xcolor package documentation for explanation.
    Type H <return> for immediate help.
     ...
    ex:145: Package xcolor Error: Undefined color `fgcolor'.
    
    See the xcolor package documentation for explanation.
    Type H <return> for immediate help.
     ...
    ex:153: Package xcolor Error: Undefined color `messagecolor'.
    
    See the xcolor package documentation for explanation.
    Type H <return> for immediate help.
     ...
    ex:249: Package xcolor Error: Undefined color `fgcolor'.
    
    See the xcolor package documentation for explanation.
    Type H <return> for immediate help.
     ...
    ex:279: Package xcolor Error: Undefined color `fgcolor'.
    
    See the xcolor package documentation for explanation.
    Type H <return> for immediate help.
     ...
    ex:299: Package xcolor Error: Undefined color `fgcolor'.
    
    See the xcolor package documentation for explanation.
    Type H <return> for immediate help.
     ...
    ex:319: Package xcolor Error: Undefined color `fgcolor'.
    
    See the xcolor package documentation for explanation.
    Type H <return> for immediate help.
     ...
    
    --- failed re-building 'multistate.Rnw'
    
    --- re-building 'skewnormal.Rnw' using knitr
    Warning in nlm(fn1, ini[c("beta0", "logsigma")], hessian = TRUE) :
     NA/Inf replaced by maximum positive value
    Warning in nlm(fn3, ini[c("beta0", "logsigma", "loglambda")], hessian = TRUE) :
     NA/Inf replaced by maximum positive value
    --- finished re-building 'skewnormal.Rnw'
    
    --- re-building 'survival.Rnw' using knitr
    --- finished re-building 'survival.Rnw'
    
    SUMMARY: processing the following file failed:
     'multistate.Rnw'
    
    Error: Vignette re-building failed.
    Execution halted
Flavor: r-devel-windows-x86_64-new-TK