Last updated on 2023-03-28 09:53:45 CEST.
Flavor | Version | Tinstall | Tcheck | Ttotal | Status | Flags |
---|---|---|---|---|---|---|
r-devel-linux-x86_64-debian-clang | 1.0.3 | 318.67 | 192.03 | 510.70 | NOTE | |
r-devel-linux-x86_64-debian-gcc | 1.0.4 | 300.28 | 155.01 | 455.29 | NOTE | |
r-devel-linux-x86_64-fedora-clang | 1.0.4 | 687.05 | NOTE | |||
r-devel-linux-x86_64-fedora-gcc | 1.0.4 | 797.89 | NOTE | |||
r-devel-windows-x86_64 | 1.0.4 | 256.00 | 273.00 | 529.00 | NOTE | |
r-patched-linux-x86_64 | 1.0.4 | 279.90 | 200.08 | 479.98 | NOTE | |
r-release-linux-x86_64 | 1.0.4 | 305.99 | 195.76 | 501.75 | NOTE | |
r-release-macos-arm64 | 1.0.4 | 124.00 | NOTE | |||
r-release-macos-x86_64 | 1.0.4 | 233.00 | NOTE | |||
r-release-windows-x86_64 | 1.0.4 | 247.00 | 270.00 | 517.00 | NOTE | |
r-oldrel-macos-arm64 | 1.0.4 | 155.00 | NOTE | |||
r-oldrel-macos-x86_64 | 1.0.4 | 234.00 | NOTE | |||
r-oldrel-windows-ix86+x86_64 | 1.0.4 | 502.00 | 363.00 | 865.00 | NOTE |
Version: 1.0.3
Check: package dependencies
Result: NOTE
Package suggested but not available for checking: ‘MicrobeDS’
Flavor: r-devel-linux-x86_64-debian-clang
Version: 1.0.3
Check: C++ specification
Result: NOTE
Specified C++11: please drop specification unless essential
Flavor: r-devel-linux-x86_64-debian-clang
Version: 1.0.4
Check: package dependencies
Result: NOTE
Package suggested but not available for checking: ‘MicrobeDS’
Flavors: r-devel-linux-x86_64-debian-gcc, r-devel-linux-x86_64-fedora-clang, r-devel-linux-x86_64-fedora-gcc, r-devel-windows-x86_64, r-patched-linux-x86_64, r-release-linux-x86_64, r-release-macos-arm64, r-release-macos-x86_64, r-release-windows-x86_64, r-oldrel-macos-arm64, r-oldrel-macos-x86_64, r-oldrel-windows-ix86+x86_64
Version: 1.0.4
Check: installed package size
Result: NOTE
installed size is 39.8Mb
sub-directories of 1Mb or more:
libs 38.2Mb
Flavors: r-release-macos-arm64, r-release-macos-x86_64, r-oldrel-macos-arm64, r-oldrel-macos-x86_64, r-oldrel-windows-ix86+x86_64