CRAN Package Check Results for Package fields

Last updated on 2014-04-25 05:47:15.

Flavor Version Tinstall Tcheck Ttotal Status Flags
r-devel-linux-x86_64-debian-clang 6.9.1 5.31 132.56 137.87 OK
r-devel-linux-x86_64-debian-gcc 6.9.1 5.18 133.81 139.00 OK
r-devel-linux-x86_64-fedora-clang 6.9.1 273.48 OK
r-devel-linux-x86_64-fedora-gcc 6.9.1 269.04 OK
r-devel-osx-x86_64-clang 6.9.1 190.86 OK
r-devel-osx-x86_64-gcc 6.9.1 ERROR
r-devel-windows-ix86+x86_64 6.9.1 30.00 310.00 340.00 OK
r-patched-linux-x86_64 6.9.1 5.38 134.99 140.38 OK
r-patched-solaris-sparc 6.9.1 1571.20 OK
r-patched-solaris-x86 6.9.1 324.30 OK
r-release-linux-ix86 6.9.1 9.00 203.00 212.00 OK
r-release-linux-x86_64 6.9.1 5.58 132.83 138.41 OK
r-release-osx-x86_64-mavericks 6.9.1 WARN
r-release-osx-x86_64-snowleopard 6.9.1 OK
r-release-windows-ix86+x86_64 6.9.1 29.00 298.00 327.00 OK
r-oldrel-windows-ix86+x86_64 6.9.1 33.00 330.00 363.00 OK

Check Details

Version: 6.9.1
Check: package dependencies
Result: ERROR
    Package required but not available: ‘spam’
    
    See the information on DESCRIPTION files in the chapter ‘Creating R
    packages’ of the ‘Writing R Extensions’ manual.
Flavor: r-devel-osx-x86_64-gcc

Version: 6.9.1
Check: PDF version of manual
Result: WARNING
    LaTeX errors when creating PDF version.
    This typically indicates Rd problems.
    LaTeX errors found:
    ! LaTeX Error: File `upquote.sty' not found.
    
    Type X to quit or <RETURN> to proceed,
    or enter new name. (Default extension: sty)
    
    3fffefe/Rd2.tex:8: ==> Fatal error occurred, no output PDF file produced!
Flavor: r-release-osx-x86_64-mavericks