CRAN Package Check Results for Package fields

Last updated on 2015-01-31 08:49:41.

Flavor Version Tinstall Tcheck Ttotal Status Flags
r-devel-linux-x86_64-debian-clang 7.1 5.15 109.49 114.64 NOTE
r-devel-linux-x86_64-debian-gcc 7.1 4.75 113.05 117.80 NOTE
r-devel-linux-x86_64-fedora-clang 7.1 259.16 NOTE
r-devel-linux-x86_64-fedora-gcc 7.1 248.13 NOTE
r-devel-osx-x86_64-clang 7.1 219.25 NOTE
r-devel-windows-ix86+x86_64 7.1 53.00 276.00 329.00 OK
r-patched-linux-x86_64 7.1 5.59 135.08 140.67 OK
r-patched-solaris-sparc 7.1 1668.20 OK
r-patched-solaris-x86 7.1 327.70 OK
r-release-linux-ix86 7.1 7.46 155.34 162.80 OK
r-release-linux-x86_64 7.1 5.60 141.79 147.38 OK
r-release-osx-x86_64-mavericks 7.1 OK
r-release-osx-x86_64-snowleopard 7.1 OK
r-release-windows-ix86+x86_64 7.1 34.00 311.00 345.00 OK
r-oldrel-windows-ix86+x86_64 7.1 33.00 465.00 498.00 OK

Check Details

Version: 7.1
Check: S3 generic/method consistency
Result: NOTE
    Found the following apparent S3 methods exported but not registered:
     predict.surface.default predictSE.Krig predictSE.mKrig
     predictSurface.default predictSurface.fastTps
     predictSurfaceSE.default surface.Krig surface.default surface.mKrig
     surface.surface print.qsreg print.spatial.design print.sreg
     print.summary.Krig print.summary.spatial.design print.summary.sreg
     summary.ncdf summary.qsreg summary.spatial.design summary.sreg
     image.plot image.plot.info image.plot.plt image.smooth plot.qsreg
     plot.spatial.design plot.sreg plot.surface plot.vgram.matrix
     coef.Krig fitted.Krig predict.Krig predict.Tps predict.fastTps
     predict.interp.surface predict.mKrig predict.qsreg predict.sreg
     predict.surface predict.surface.default
    See section ‘Registering S3 methods’ in the ‘Writing R Extensions’
    manual.
Flavors: r-devel-linux-x86_64-debian-clang, r-devel-linux-x86_64-debian-gcc, r-devel-linux-x86_64-fedora-clang, r-devel-linux-x86_64-fedora-gcc, r-devel-osx-x86_64-clang