CRAN Package Check Results for Package fields

Last updated on 2016-12-08 06:48:14.

Flavor Version Tinstall Tcheck Ttotal Status Flags
r-devel-linux-x86_64-debian-clang 8.4-1 6.06 162.08 168.14 WARN
r-devel-linux-x86_64-debian-gcc 8.4-1 5.78 156.97 162.75 WARN
r-devel-linux-x86_64-fedora-clang 8.4-1 308.91 WARN --no-stop-on-test-error
r-devel-linux-x86_64-fedora-gcc 8.4-1 298.00 WARN --no-stop-on-test-error
r-devel-macos-x86_64-clang 8.4-1 217.48 WARN --no-stop-on-test-error
r-devel-windows-ix86+x86_64 8.4-1 26.00 122.00 148.00 ERROR
r-patched-linux-x86_64 8.4-1 6.69 135.07 141.76 OK
r-patched-solaris-sparc 8.4-1 1673.20 OK
r-patched-solaris-x86 8.4-1 299.80 OK
r-release-linux-x86_64 8.4-1 5.79 135.53 141.32 OK
r-release-osx-x86_64-mavericks 8.4-1 OK
r-release-windows-ix86+x86_64 8.4-1 23.00 417.00 440.00 OK
r-oldrel-windows-ix86+x86_64 8.4-1 53.00 442.00 495.00 OK

Check Details

Version: 8.4-1
Check: whether package can be installed
Result: WARN
    Found the following significant warnings:
     Warning: GNU Extension: Nonstandard type declaration REAL*8 at (1)
Flavors: r-devel-linux-x86_64-debian-clang, r-devel-linux-x86_64-debian-gcc, r-devel-windows-ix86+x86_64

Version: 8.4-1
Flags: --no-stop-on-test-error
Check: whether package can be installed
Result: WARN
    Found the following significant warnings:
     Warning: GNU Extension: Nonstandard type declaration REAL*8 at (1)
Flavors: r-devel-linux-x86_64-fedora-clang, r-devel-linux-x86_64-fedora-gcc, r-devel-macos-x86_64-clang

Version: 8.4-1
Check: running examples for arch ‘i386’
Result: ERROR
    Running examples in 'fields-Ex.R' failed
    The error most likely occurred in:
    
    > ### Name: BD
    > ### Title: Data frame of the effect of buffer compositions on DNA strand
    > ### displacement amplification. A 4-d regression data set with with
    > ### replication. This is a useful test data set for exercising function
    > ### fitting methods.
    > ### Aliases: BD
    > ### Keywords: datasets
    >
    > ### ** Examples
    >
    > # fitting a DNA strand
    > # displacement amplification surface to various buffer compositions
    > fit<- Tps(BD[,1:4],BD$lnya,scale.type="range")
    At line 40 of file dcopy.f
    Fortran runtime error: Index '2' of dimension 1 of array 'dy' above upper bound of 1
Flavor: r-devel-windows-ix86+x86_64

Version: 8.4-1
Check: running examples for arch ‘x64’
Result: ERROR
    Running examples in 'fields-Ex.R' failed
    The error most likely occurred in:
    
    > ### Name: BD
    > ### Title: Data frame of the effect of buffer compositions on DNA strand
    > ### displacement amplification. A 4-d regression data set with with
    > ### replication. This is a useful test data set for exercising function
    > ### fitting methods.
    > ### Aliases: BD
    > ### Keywords: datasets
    >
    > ### ** Examples
    >
    > # fitting a DNA strand
    > # displacement amplification surface to various buffer compositions
    > fit<- Tps(BD[,1:4],BD$lnya,scale.type="range")
    At line 40 of file dcopy.f
    Fortran runtime error: Index '2' of dimension 1 of array 'dy' above upper bound of 1
Flavor: r-devel-windows-ix86+x86_64

Version: 8.4-1
Check: running tests for arch ‘i386’
Result: ERROR
     Running 'Krig.Z.test.R' [1s]
    Running the tests in 'tests/Krig.Z.test.R' failed.
    Last 13 lines of output:
    
     The following objects are masked from 'package:base':
    
     backsolve, forwardsolve
    
     Loading required package: maps
     > #
     > #
     > # test of fixed lambda case
     > # Check against linear algebra
     > #
     >
     > options( echo=FALSE)
     At line 45 of file dcopy.f
     Fortran runtime error: Index '2' of dimension 1 of array 'dy' above upper bound of 1
Flavor: r-devel-windows-ix86+x86_64

Version: 8.4-1
Check: running tests for arch ‘x64’
Result: ERROR
     Running 'Krig.Z.test.R' [2s]
    Running the tests in 'tests/Krig.Z.test.R' failed.
    Last 13 lines of output:
    
     The following objects are masked from 'package:base':
    
     backsolve, forwardsolve
    
     Loading required package: maps
     > #
     > #
     > # test of fixed lambda case
     > # Check against linear algebra
     > #
     >
     > options( echo=FALSE)
     At line 45 of file dcopy.f
     Fortran runtime error: Index '2' of dimension 1 of array 'dy' above upper bound of 1
Flavor: r-devel-windows-ix86+x86_64