CRAN Package Check Results for Package fields

Last updated on 2017-04-29 19:48:40.

Flavor Version Tinstall Tcheck Ttotal Status Flags
r-devel-linux-x86_64-debian-clang 8.10 5.70 190.99 196.70 NOTE
r-devel-linux-x86_64-debian-gcc 8.10 5.74 181.24 186.99 NOTE
r-devel-linux-x86_64-fedora-clang 8.10 365.36 NOTE --no-stop-on-test-error
r-devel-linux-x86_64-fedora-gcc 8.10 356.65 NOTE --no-stop-on-test-error
r-devel-windows-ix86+x86_64 8.10 55.00 527.00 582.00 OK
r-patched-linux-x86_64 8.10 5.52 180.51 186.03 NOTE
r-patched-solaris-sparc 8.10 2271.00 OK
r-patched-solaris-x86 8.10 435.20 OK
r-release-linux-x86_64 8.10 5.68 183.96 189.64 NOTE
r-release-windows-ix86+x86_64 8.10 47.00 621.00 668.00 OK
r-release-osx-x86_64 8.10 OK
r-oldrel-windows-ix86+x86_64 8.10 44.00 527.00 571.00 OK
r-oldrel-osx-x86_64 8.10 OK

Check Details

Version: 8.10
Check: compiled code
Result: NOTE
    File ‘fields/libs/fields.so’:
     Found no calls to: ‘R_registerRoutines’, ‘R_useDynamicSymbols’
    
    It is good practice to register native routines and to disable symbol
    search.
    
    See ‘Writing portable packages’ in the ‘Writing R Extensions’ manual.
Flavors: r-devel-linux-x86_64-debian-clang, r-devel-linux-x86_64-debian-gcc, r-patched-linux-x86_64, r-release-linux-x86_64

Version: 8.10
Flags: --no-stop-on-test-error
Check: compiled code
Result: NOTE
    File ‘fields/libs/fields.so’:
     Found no calls to: ‘R_registerRoutines’, ‘R_useDynamicSymbols’
    
    It is good practice to register native routines and to disable symbol
    search.
    
    See ‘Writing portable packages’ in the ‘Writing R Extensions’ manual.
Flavors: r-devel-linux-x86_64-fedora-clang, r-devel-linux-x86_64-fedora-gcc