CRAN Package Check Results for Package fields

Last updated on 2015-04-19 11:51:06.

Flavor Version Tinstall Tcheck Ttotal Status Flags
r-devel-linux-x86_64-debian-clang 8.2-1 5.11 116.72 121.83 OK
r-devel-linux-x86_64-debian-gcc 8.2-1 4.90 113.92 118.82 OK
r-devel-linux-x86_64-fedora-clang 8.2-1 230.80 OK
r-devel-linux-x86_64-fedora-gcc 8.2-1 223.03 OK
r-devel-osx-x86_64-clang 8.2-1 191.34 OK
r-devel-windows-ix86+x86_64 8.2-1 35.00 276.00 311.00 OK
r-patched-linux-x86_64 8.2-1 4.86 114.36 119.22 OK
r-patched-solaris-sparc 8.2-1 1484.20 OK
r-patched-solaris-x86 8.2-1 291.90 OK
r-release-linux-x86_64 8.2-1 4.97 117.02 121.99 OK
r-release-osx-x86_64-mavericks 8.2-1 OK
r-release-osx-x86_64-snowleopard 8.2-1 ERROR
r-release-windows-ix86+x86_64 8.2-1 25.00 262.00 287.00 OK
r-oldrel-windows-ix86+x86_64 8.2-1 30.00 312.00 342.00 OK

Check Details

Version: 8.2-1
Check: package dependencies
Result: ERROR
    Package required but not available: ‘spam’
    
    See section ‘The DESCRIPTION file’ in the ‘Writing R Extensions’
    manual.
Flavor: r-release-osx-x86_64-snowleopard