CRAN Package Check Results for Package fields

Last updated on 2016-08-25 23:48:13.

Flavor Version Tinstall Tcheck Ttotal Status Flags
r-devel-linux-x86_64-debian-clang 8.4-1 5.98 143.78 149.76 WARN
r-devel-linux-x86_64-debian-gcc 8.4-1 5.66 135.24 140.90 WARN
r-devel-linux-x86_64-fedora-clang 8.4-1 256.17 WARN
r-devel-linux-x86_64-fedora-gcc 8.4-1 242.60 WARN
r-devel-osx-x86_64-clang 8.4-1 190.86 WARN
r-devel-windows-ix86+x86_64 8.4-1 36.00 315.00 351.00 OK
r-patched-linux-x86_64 8.4-1 5.46 132.59 138.05 OK
r-patched-solaris-sparc 8.4-1 1700.90 OK
r-patched-solaris-x86 8.4-1 309.80 OK
r-release-linux-x86_64 8.4-1 5.53 131.62 137.14 OK
r-release-osx-x86_64-mavericks 8.4-1 OK
r-release-windows-ix86+x86_64 8.4-1 28.00 317.00 345.00 OK
r-oldrel-windows-ix86+x86_64 8.4-1 39.00 357.00 396.00 OK

Check Details

Version: 8.4-1
Check: whether package can be installed
Result: WARN
    Found the following significant warnings:
     Warning: GNU Extension: Nonstandard type declaration REAL*8 at (1)
Flavors: r-devel-linux-x86_64-debian-clang, r-devel-linux-x86_64-debian-gcc, r-devel-linux-x86_64-fedora-clang, r-devel-linux-x86_64-fedora-gcc, r-devel-osx-x86_64-clang