CRAN Package Check Results for Package fields

Last updated on 2015-08-03 14:47:23.

Flavor Version Tinstall Tcheck Ttotal Status Flags
r-devel-linux-x86_64-debian-clang 8.2-1 5.32 115.10 120.42 NOTE
r-devel-linux-x86_64-debian-gcc 8.2-1 5.00 112.03 117.04 NOTE
r-devel-linux-x86_64-fedora-clang 8.2-1 239.29 NOTE
r-devel-linux-x86_64-fedora-gcc 8.2-1 218.89 NOTE
r-devel-osx-x86_64-clang 8.2-1 188.24 OK
r-devel-windows-ix86+x86_64 8.2-1 29.00 391.00 420.00 NOTE
r-patched-linux-x86_64 8.2-1 4.81 114.24 119.05 OK
r-patched-solaris-sparc 8.2-1 1505.60 OK
r-patched-solaris-x86 8.2-1 295.80 OK
r-release-linux-x86_64 8.2-1 5.15 115.58 120.73 OK
r-release-osx-x86_64-mavericks 8.2-1 OK
r-release-windows-ix86+x86_64 8.2-1 45.00 316.00 361.00 OK
r-oldrel-windows-ix86+x86_64 8.2-1 49.00 358.00 407.00 OK

Check Details

Version: 8.2-1
Check: R code for possible problems
Result: NOTE
    Exp.image.cov: no visible global function definition for ‘fft’
    Krig.Amatrix: no visible global function definition for ‘predict’
    Krig.cor.Y: no visible global function definition for ‘predict’
    Krig.updateY: no visible global function definition for ‘predict’
    MLE.Matern: no visible global function definition for ‘quantile’
    MLE.Matern.fast: no visible global function definition for ‘quantile’
    MLESpatialProcess: no visible global function definition for ‘quantile’
    MLESpatialProcess: no visible global function definition for ‘optimize’
    MLESpatialProcess.fast: no visible global function definition for
     ‘quantile’
    MLESpatialProcess.fast: no visible global function definition for
     ‘median’
    MLESpatialProcess.fast: no visible global function definition for
     ‘optim’
    MaternGLS.test: no visible global function definition for ‘optim’
    MaternGLSProfile.test: no visible global function definition for
     ‘optim’
    MaternQR.test: no visible global function definition for ‘optim’
    MaternQRProfile.test: no visible global function definition for ‘optim’
    QTps: no visible global function definition for ‘median’
    QTps: no visible global function definition for ‘mad’
    QTps: no visible global function definition for ‘predict’
    Rad.image.cov: no visible global function definition for ‘fft’
    add.image: no visible global function definition for ‘par’
    arrow.plot: no visible binding for global variable ‘arrows’
    arrow.plot: no visible global function definition for ‘par’
    bplot: no visible global function definition for ‘boxplot’
    bplot.xy: no visible global function definition for ‘axis’
    bplot.xy: no visible global function definition for ‘boxplot’
    colorbar.plot: no visible global function definition for ‘par’
    describe: no visible global function definition for ‘var’
    describe: no visible global function definition for ‘quantile’
    designer.colors: no visible global function definition for ‘col2rgb’
    designer.colors: no visible global function definition for ‘rgb’
    drape.plot: no visible global function definition for ‘persp’
    fastTps.MLE: no visible global function definition for ‘optim’
    fields.D: no visible global function definition for ‘D’
    fields.color.picker: no visible global function definition for ‘colors’
    fields.color.picker: no visible global function definition for
     ‘locator’
    fields.color.picker: no visible global function definition for ‘points’
    fields.color.picker: no visible global function definition for ‘mtext’
    fields.color.picker: no visible global function definition for
     ‘col2rgb’
    fields.style: no visible global function definition for ‘par’
    fields.style: no visible global function definition for ‘palette’
    fields.x.to.grid: no visible global function definition for ‘median’
    get.rectangle: no visible global function definition for ‘locator’
    get.rectangle: no visible global function definition for ‘rect’
    image.plot: no visible global function definition for ‘par’
    image.plot: no visible global function definition for ‘box’
    image.plot: no visible binding for global variable ‘mtext’
    image.smooth: no visible global function definition for ‘fft’
    imageplot.setup: no visible global function definition for ‘par’
    in.poly: no visible global function definition for ‘chull’
    in.poly.grid: no visible global function definition for ‘chull’
    interp.surface: no visible global function definition for ‘approx’
    larry.colors: no visible global function definition for ‘rgb’
    mKrig.MLE: no visible global function definition for ‘optim’
    mKrig.trace: no visible global function definition for ‘rnorm’
    matern.image.cov: no visible global function definition for ‘fft’
    plot.Krig: no visible global function definition for ‘predict’
    plot.Krig: no visible global function definition for ‘plot’
    plot.Krig: no visible global function definition for ‘abline’
    plot.Krig: no visible global function definition for ‘par’
    plot.Krig: no visible global function definition for ‘text’
    plot.Krig: no visible global function definition for ‘lines’
    plot.Krig: no visible global function definition for ‘axis’
    plot.Krig: no visible global function definition for ‘mtext’
    plot.Krig: no visible global function definition for ‘title’
    plot.Krig: no visible global function definition for ‘box’
    plot.Krig: no visible global function definition for ‘hist’
    plot.qsreg: no visible global function definition for ‘par’
    plot.qsreg: no visible global function definition for ‘plot’
    plot.qsreg: no visible global function definition for ‘matlines’
    plot.qsreg: no visible global function definition for ‘matplot’
    plot.qsreg: no visible global function definition for ‘title’
    plot.qsreg: no visible global function definition for ‘mtext’
    plot.spatial.design: no visible global function definition for ‘pairs’
    plot.spatialProcess: no visible global function definition for
     ‘predict’
    plot.spatialProcess: no visible global function definition for ‘plot’
    plot.spatialProcess: no visible global function definition for ‘abline’
    plot.spatialProcess: no visible global function definition for ‘par’
    plot.spatialProcess: no visible global function definition for ‘title’
    plot.spatialProcess: no visible global function definition for ‘text’
    plot.spatialProcess: no visible global function definition for ‘lines’
    plot.spatialProcess: no visible global function definition for ‘axis’
    plot.spatialProcess: no visible global function definition for ‘mtext’
    plot.spatialProcess: no visible global function definition for ‘box’
    plot.sreg: no visible global function definition for ‘plot’
    plot.sreg: no visible global function definition for ‘matlines’
    plot.sreg: no visible global function definition for ‘lines’
    plot.sreg: no visible global function definition for ‘title’
    plot.sreg: no visible global function definition for ‘hist’
    plot.surface: no visible global function definition for ‘par’
    plot.surface: no visible global function definition for ‘title’
    plot.surface: no visible global function definition for ‘contour’
    poly.image: no visible global function definition for ‘plot’
    poly.image: no visible global function definition for ‘polygon’
    predict.Krig: no visible global function definition for ‘predict’
    predictSE.Krig: no visible global function definition for ‘predict’
    predictSEUsingKrigA: no visible global function definition for
     ‘predict’
    predictSurface.default: no visible global function definition for
     ‘predict’
    predictSurface.fastTps: no visible global function definition for
     ‘predict’
    print.mKrig: no visible global function definition for ‘sd’
    print.mKrig: no visible global function definition for ‘object.size’
    pushpin: no visible global function definition for ‘trans3d’
    pushpin: no visible global function definition for ‘par’
    pushpin: no visible global function definition for ‘segments’
    pushpin: no visible global function definition for ‘points’
    qsreg: no visible global function definition for ‘var’
    qsreg.fit: no visible global function definition for ‘var’
    qsreg.trace: no visible global function definition for ‘var’
    ribbon.plot: no visible global function definition for ‘segments’
    set.panel: no visible global function definition for ‘par’
    setup.image.smooth: no visible global function definition for ‘fft’
    sim.Krig: no visible global function definition for ‘predict’
    sim.Krig: no visible global function definition for ‘rnorm’
    sim.Krig.approx: no visible global function definition for ‘rnorm’
    sim.fastTps.approx: no visible global function definition for ‘rnorm’
    sim.mKrig.approx: no visible global function definition for ‘predict’
    sim.mKrig.approx: no visible global function definition for ‘rnorm’
    sim.rf: no visible global function definition for ‘fft’
    sim.rf: no visible global function definition for ‘rnorm’
    smooth.2d: no visible global function definition for ‘fft’
    stationary.image.cov: no visible global function definition for ‘fft’
    summary.Krig: no visible global function definition for ‘quantile’
    summary.Krig: no visible global function definition for ‘cor’
    summary.spatialProcess: no visible global function definition for
     ‘quantile’
    summary.spatialProcess: no visible global function definition for ‘cor’
    summary.sreg: no visible global function definition for ‘quantile’
    summary.sreg: no visible global function definition for ‘cor’
    tim.colors: no visible global function definition for ‘col2rgb’
    tim.colors: no visible global function definition for ‘rgb’
    transformx: no visible binding for global variable ‘var’
    wendland.cov: no visible binding for global variable ‘coef’
    wendland.image.cov: no visible global function definition for ‘fft’
    xline: no visible global function definition for ‘abline’
    yline: no visible global function definition for ‘abline’
    Undefined global functions or variables:
     D abline approx arrows axis box boxplot chull coef col2rgb colors
     contour cor fft hist lines locator mad matlines matplot median mtext
     object.size optim optimize pairs palette par persp plot points
     polygon predict quantile rect rgb rnorm sd segments text title
     trans3d var
    Consider adding
     importFrom("grDevices", "chull", "col2rgb", "colors", "palette", "rgb",
     "trans3d")
     importFrom("graphics", "abline", "arrows", "axis", "box", "boxplot",
     "contour", "hist", "lines", "locator", "matlines",
     "matplot", "mtext", "pairs", "par", "persp", "plot",
     "points", "polygon", "rect", "segments", "text", "title")
     importFrom("stats", "D", "approx", "coef", "cor", "fft", "mad",
     "median", "optim", "optimize", "predict", "quantile",
     "rnorm", "sd", "var")
     importFrom("utils", "object.size")
    to your NAMESPACE.
Flavors: r-devel-linux-x86_64-debian-clang, r-devel-linux-x86_64-debian-gcc, r-devel-linux-x86_64-fedora-clang, r-devel-linux-x86_64-fedora-gcc, r-devel-windows-ix86+x86_64