CRAN Package Check Results for Package fields

Last updated on 2015-05-29 21:46:37.

Flavor Version Tinstall Tcheck Ttotal Status Flags
r-devel-linux-x86_64-debian-clang 8.2-1 4.91 116.14 121.05 OK
r-devel-linux-x86_64-debian-gcc 8.2-1 4.72 113.93 118.66 OK
r-devel-linux-x86_64-fedora-clang 8.2-1 243.19 OK
r-devel-linux-x86_64-fedora-gcc 8.2-1 221.91 OK
r-devel-osx-x86_64-clang 8.2-1 191.71 OK
r-devel-windows-ix86+x86_64 8.2-1 34.00 291.00 325.00 OK
r-patched-linux-x86_64 8.2-1 5.39 114.17 119.56 OK
r-patched-solaris-sparc 8.2-1 1486.20 OK
r-patched-solaris-x86 8.2-1 293.20 OK
r-release-linux-x86_64 8.2-1 5.07 115.68 120.76 OK
r-release-osx-x86_64-mavericks 8.2-1 OK
r-release-osx-x86_64-snowleopard 8.2-1 ERROR
r-release-windows-ix86+x86_64 8.2-1 36.00 288.00 324.00 OK
r-oldrel-windows-ix86+x86_64 8.2-1 34.00 448.00 482.00 OK

Check Details

Version: 8.2-1
Check: package dependencies
Result: ERROR
    Package required but not available: ‘spam’
    
    See section ‘The DESCRIPTION file’ in the ‘Writing R Extensions’
    manual.
Flavor: r-release-osx-x86_64-snowleopard