CRAN Package Check Results for Package filehash

Last updated on 2015-04-28 11:48:23.

Flavor Version Tinstall Tcheck Ttotal Status Flags
r-devel-linux-x86_64-debian-clang 2.2-2 1.60 16.73 18.33 NOTE
r-devel-linux-x86_64-debian-gcc 2.2-2 1.59 15.66 17.25 NOTE
r-devel-linux-x86_64-fedora-clang 2.2-2 34.48 NOTE
r-devel-linux-x86_64-fedora-gcc 2.2-2 31.60 NOTE
r-devel-osx-x86_64-clang 2.2-2 40.77 NOTE
r-devel-windows-ix86+x86_64 2.2-2 12.00 35.00 47.00 NOTE
r-patched-linux-x86_64 2.2-2 1.58 16.65 18.24 NOTE
r-patched-solaris-sparc 2.2-2 229.20 NOTE
r-patched-solaris-x86 2.2-2 48.30 NOTE
r-release-linux-x86_64 2.2-2 1.60 15.78 17.38 NOTE
r-release-osx-x86_64-mavericks 2.2-2 NOTE
r-release-osx-x86_64-snowleopard 2.2-2 NOTE
r-release-windows-ix86+x86_64 2.2-2 7.00 37.00 44.00 NOTE
r-oldrel-windows-ix86+x86_64 2.2-2 13.00 39.00 52.00 OK

Check Details

Version: 2.2-2
Check: DESCRIPTION meta-information
Result: NOTE
    Malformed Description field: should contain one or more complete sentences.
Flavors: r-devel-linux-x86_64-debian-clang, r-devel-linux-x86_64-debian-gcc, r-devel-linux-x86_64-fedora-clang, r-devel-linux-x86_64-fedora-gcc, r-devel-osx-x86_64-clang, r-devel-windows-ix86+x86_64, r-patched-linux-x86_64, r-patched-solaris-sparc, r-patched-solaris-x86, r-release-linux-x86_64, r-release-osx-x86_64-mavericks, r-release-osx-x86_64-snowleopard, r-release-windows-ix86+x86_64