CRAN Package Check Results for Package filehash

Last updated on 2014-12-18 11:50:04.

Flavor Version Tinstall Tcheck Ttotal Status Flags
r-devel-linux-x86_64-debian-clang 2.2-2 1.58 16.84 18.42 OK
r-devel-linux-x86_64-debian-gcc 2.2-2 1.65 16.56 18.22 OK
r-devel-linux-x86_64-fedora-clang 2.2-2 38.77 OK
r-devel-linux-x86_64-fedora-gcc 2.2-2 36.71 OK
r-devel-osx-x86_64-clang 2.2-2 41.41 OK
r-devel-windows-ix86+x86_64 2.2-2 17.00 45.00 62.00 NOTE
r-patched-linux-x86_64 2.2-2 1.83 16.84 18.67 OK
r-patched-solaris-sparc 2.2-2 216.00 OK
r-patched-solaris-x86 2.2-2 53.70 OK
r-release-linux-ix86 2.2-2 2.22 24.41 26.63 OK
r-release-linux-x86_64 2.2-2 1.81 16.81 18.62 OK
r-release-osx-x86_64-mavericks 2.2-2 OK
r-release-osx-x86_64-snowleopard 2.2-2 OK
r-release-windows-ix86+x86_64 2.2-2 9.00 54.00 63.00 OK
r-oldrel-windows-ix86+x86_64 2.2-2 8.00 35.00 43.00 OK

Check Details

Version: 2.2-2
Check: re-building of vignette outputs
Result: NOTE
    Error in re-building vignettes:
     ...
    filehash: Simple key-value database (2.2-2
    2013-12-16)
    Warning: running command '"D:\compiler\texmf\miktex\bin\texi2dvi.exe" --quiet --pdf "filehash.tex" --max-iterations=20 -I "D:/RCompile/recent/R/share/texmf/tex/latex" -I "D:/RCompile/recent/R/share/texmf/bibtex/bst"' had status 1
    Error in find_vignette_product(name, by = "texi2pdf", engine = engine) :
     Failed to locate the 'texi2pdf' output file (by engine 'utils::Sweave') for vignette with name 'filehash'. The following files exist in directory '.': 'combined.bib', 'filehash.Rnw', 'filehash.tex'
    Calls: buildVignettes -> find_vignette_product
    Execution halted
Flavor: r-devel-windows-ix86+x86_64