CRAN Package Check Results for Package filehash

Last updated on 2017-03-27 03:49:40.

Flavor Version Tinstall Tcheck Ttotal Status Flags
r-devel-linux-x86_64-debian-clang 2.3 1.96 18.73 20.68 NOTE
r-devel-linux-x86_64-debian-gcc 2.3 1.84 18.27 20.11 NOTE
r-devel-linux-x86_64-fedora-clang 2.3 35.64 NOTE --no-stop-on-test-error
r-devel-linux-x86_64-fedora-gcc 2.3 34.80 NOTE --no-stop-on-test-error
r-devel-macos-x86_64-clang 2.3 31.28 NOTE --no-stop-on-test-error
r-devel-windows-ix86+x86_64 2.3 11.00 49.00 60.00 OK
r-patched-linux-x86_64 2.3 1.68 18.35 20.03 NOTE
r-patched-solaris-sparc 2.3 212.30 OK
r-patched-solaris-x86 2.3 49.90 OK
r-release-linux-x86_64 2.3 1.62 15.73 17.35 OK
r-release-osx-x86_64-mavericks 2.3 OK
r-release-windows-ix86+x86_64 2.3 9.00 43.00 52.00 OK
r-oldrel-windows-ix86+x86_64 2.3 10.00 41.00 51.00 OK

Check Details

Version: 2.3
Check: compiled code
Result: NOTE
    File ‘filehash/libs/filehash.so’:
     Found no calls to: ‘R_registerRoutines’, ‘R_useDynamicSymbols’
    
    It is good practice to register native routines and to disable symbol
    search.
    
    See ‘Writing portable packages’ in the ‘Writing R Extensions’ manual.
Flavors: r-devel-linux-x86_64-debian-clang, r-devel-linux-x86_64-debian-gcc, r-patched-linux-x86_64

Version: 2.3
Flags: --no-stop-on-test-error
Check: compiled code
Result: NOTE
    File ‘filehash/libs/filehash.so’:
     Found no calls to: ‘R_registerRoutines’, ‘R_useDynamicSymbols’
    
    It is good practice to register native routines and to disable symbol
    search.
    
    See ‘Writing portable packages’ in the ‘Writing R Extensions’ manual.
Flavors: r-devel-linux-x86_64-fedora-clang, r-devel-linux-x86_64-fedora-gcc, r-devel-macos-x86_64-clang