CRAN Package Check Results for Package filehash

Last updated on 2015-07-31 20:46:56.

Flavor Version Tinstall Tcheck Ttotal Status Flags
r-devel-linux-x86_64-debian-clang 2.2-2 1.58 15.82 17.40 NOTE
r-devel-linux-x86_64-debian-gcc 2.2-2 2.28 16.59 18.86 NOTE
r-devel-linux-x86_64-fedora-clang 2.2-2 33.55 NOTE
r-devel-linux-x86_64-fedora-gcc 2.2-2 31.57 NOTE
r-devel-osx-x86_64-clang 2.2-2 34.23 NOTE
r-devel-windows-ix86+x86_64 2.2-2 10.00 37.00 47.00 NOTE
r-patched-linux-x86_64 2.2-2 1.70 16.07 17.78 NOTE
r-patched-solaris-sparc 2.2-2 218.80 NOTE
r-patched-solaris-x86 2.2-2 48.90 NOTE
r-release-linux-x86_64 2.2-2 1.71 16.08 17.80 NOTE
r-release-osx-x86_64-mavericks 2.2-2 NOTE
r-release-windows-ix86+x86_64 2.2-2 10.00 38.00 48.00 NOTE
r-oldrel-windows-ix86+x86_64 2.2-2 13.00 39.00 52.00 OK

Check Details

Version: 2.2-2
Check: DESCRIPTION meta-information
Result: NOTE
    Malformed Description field: should contain one or more complete sentences.
Flavors: r-devel-linux-x86_64-debian-clang, r-devel-linux-x86_64-debian-gcc, r-devel-linux-x86_64-fedora-clang, r-devel-linux-x86_64-fedora-gcc, r-devel-osx-x86_64-clang, r-devel-windows-ix86+x86_64, r-patched-linux-x86_64, r-patched-solaris-sparc, r-patched-solaris-x86, r-release-linux-x86_64, r-release-osx-x86_64-mavericks, r-release-windows-ix86+x86_64