CRAN Package Check Results for Package filehashSQLite

Last updated on 2015-07-03 13:46:30.

Flavor Version Tinstall Tcheck Ttotal Status Flags
r-devel-linux-x86_64-debian-clang 0.2-4 1.00 15.03 16.03 NOTE
r-devel-linux-x86_64-debian-gcc 0.2-4 0.96 14.09 15.05 NOTE
r-devel-linux-x86_64-fedora-clang 0.2-4 29.62 NOTE
r-devel-linux-x86_64-fedora-gcc 0.2-4 27.17 NOTE
r-devel-osx-x86_64-clang 0.2-4 28.93 NOTE
r-devel-windows-ix86+x86_64 0.2-4 3.00 23.00 26.00 NOTE
r-patched-linux-x86_64 0.2-4 0.98 15.24 16.21 NOTE
r-patched-solaris-sparc 0.2-4 195.60 NOTE
r-patched-solaris-x86 0.2-4 44.10 NOTE
r-release-linux-x86_64 0.2-4 0.98 15.13 16.11 NOTE
r-release-osx-x86_64-mavericks 0.2-4 NOTE
r-release-windows-ix86+x86_64 0.2-4 4.00 27.00 31.00 NOTE
r-oldrel-windows-ix86+x86_64 0.2-4 5.00 33.00 38.00 NOTE

Check Details

Version: 0.2-4
Check: DESCRIPTION meta-information
Result: NOTE
    Malformed Description field: should contain one or more complete sentences.
    Packages listed in more than one of Depends, Imports, Suggests, Enhances:
     ‘filehash’ ‘DBI’
    A package should be listed in only one of these fields.
Flavors: r-devel-linux-x86_64-debian-clang, r-devel-linux-x86_64-debian-gcc, r-devel-linux-x86_64-fedora-clang, r-devel-linux-x86_64-fedora-gcc, r-devel-osx-x86_64-clang, r-devel-windows-ix86+x86_64, r-patched-linux-x86_64, r-patched-solaris-sparc, r-patched-solaris-x86, r-release-linux-x86_64, r-release-osx-x86_64-mavericks, r-release-windows-ix86+x86_64

Version: 0.2-4
Check: dependencies in R code
Result: NOTE
    Packages in Depends field not imported from:
     ‘RSQLite’ ‘methods’
     These packages need to be imported from (in the NAMESPACE file)
     for when this namespace is loaded but not attached.
Flavors: r-devel-linux-x86_64-debian-clang, r-devel-linux-x86_64-debian-gcc, r-devel-linux-x86_64-fedora-clang, r-devel-linux-x86_64-fedora-gcc, r-devel-osx-x86_64-clang, r-devel-windows-ix86+x86_64, r-patched-linux-x86_64, r-patched-solaris-sparc, r-patched-solaris-x86, r-release-linux-x86_64, r-release-osx-x86_64-mavericks, r-release-windows-ix86+x86_64, r-oldrel-windows-ix86+x86_64

Version: 0.2-4
Check: R code for possible problems
Result: NOTE
    createSQLite: no visible global function definition for ‘dbDriver’
    createSQLite: no visible global function definition for ‘dbConnect’
    createSQLite: no visible global function definition for
     ‘dbUnloadDriver’
    createSQLite: no visible global function definition for ‘dbGetQuery’
    initializeSQLite: no visible global function definition for ‘dbDriver’
    initializeSQLite: no visible global function definition for ‘dbConnect’
    initializeSQLite: no visible global function definition for ‘new’
    dbDelete,filehashSQLite-character: no visible global function
     definition for ‘dbGetQuery’
    dbDisconnect,filehashSQLite: no visible global function definition for
     ‘dbUnloadDriver’
    dbFetch,filehashSQLite-character: no visible global function definition
     for ‘dbGetQuery’
    dbInsert,filehashSQLite-character: no visible global function
     definition for ‘dbGetQuery’
    dbList,filehashSQLite: no visible global function definition for
     ‘dbGetQuery’
    dbMultiFetch,filehashSQLite-character: no visible global function
     definition for ‘dbGetQuery’
    Undefined global functions or variables:
     dbConnect dbDriver dbGetQuery dbUnloadDriver new
Flavors: r-devel-linux-x86_64-debian-clang, r-devel-linux-x86_64-debian-gcc, r-devel-linux-x86_64-fedora-clang, r-devel-linux-x86_64-fedora-gcc, r-devel-windows-ix86+x86_64

Version: 0.2-4
Check: R code for possible problems
Result: NOTE
    createSQLite: no visible global function definition for ‘dbDriver’
    createSQLite: no visible global function definition for ‘dbConnect’
    createSQLite: no visible global function definition for
     ‘dbUnloadDriver’
    createSQLite: no visible global function definition for ‘dbGetQuery’
    initializeSQLite: no visible global function definition for ‘dbDriver’
    initializeSQLite: no visible global function definition for ‘dbConnect’
    dbDelete,filehashSQLite-character: no visible global function
     definition for ‘dbGetQuery’
    dbDisconnect,filehashSQLite: no visible global function definition for
     ‘dbUnloadDriver’
    dbFetch,filehashSQLite-character: no visible global function definition
     for ‘dbGetQuery’
    dbInsert,filehashSQLite-character: no visible global function
     definition for ‘dbGetQuery’
    dbList,filehashSQLite: no visible global function definition for
     ‘dbGetQuery’
    dbMultiFetch,filehashSQLite-character: no visible global function
     definition for ‘dbGetQuery’
    Undefined global functions or variables:
     dbConnect dbDriver dbGetQuery dbUnloadDriver
Flavor: r-devel-osx-x86_64-clang

Version: 0.2-4
Check: R code for possible problems
Result: NOTE
    createSQLite: no visible global function definition for ‘dbDriver’
    createSQLite: no visible global function definition for ‘dbConnect’
    createSQLite: no visible global function definition for
     ‘dbUnloadDriver’
    createSQLite: no visible global function definition for ‘dbGetQuery’
    initializeSQLite: no visible global function definition for ‘dbDriver’
    initializeSQLite: no visible global function definition for ‘dbConnect’
    dbDelete,filehashSQLite-character: no visible global function
     definition for ‘dbGetQuery’
    dbDisconnect,filehashSQLite: no visible global function definition for
     ‘dbUnloadDriver’
    dbFetch,filehashSQLite-character: no visible global function definition
     for ‘dbGetQuery’
    dbInsert,filehashSQLite-character: no visible global function
     definition for ‘dbGetQuery’
    dbList,filehashSQLite: no visible global function definition for
     ‘dbGetQuery’
    dbMultiFetch,filehashSQLite-character: no visible global function
     definition for ‘dbGetQuery’
Flavors: r-patched-linux-x86_64, r-patched-solaris-sparc, r-patched-solaris-x86, r-release-linux-x86_64, r-release-osx-x86_64-mavericks, r-release-windows-ix86+x86_64, r-oldrel-windows-ix86+x86_64

Version: 0.2-4
Check: DESCRIPTION meta-information
Result: NOTE
    Packages listed in more than one of Depends, Imports, Suggests, Enhances:
     'filehash' 'DBI'
    A package should be listed in only one of these fields.
Flavor: r-oldrel-windows-ix86+x86_64