CRAN Package Check Results for Package filehashSQLite

Last updated on 2015-01-25 09:51:27.

Flavor Version Tinstall Tcheck Ttotal Status Flags
r-devel-linux-x86_64-debian-clang 0.2-4 1.14 17.19 18.32 NOTE
r-devel-linux-x86_64-debian-gcc 0.2-4 1.11 16.71 17.82 NOTE
r-devel-linux-x86_64-fedora-clang 0.2-4 39.55 NOTE
r-devel-linux-x86_64-fedora-gcc 0.2-4 37.22 NOTE
r-devel-osx-x86_64-clang 0.2-4 38.35 NOTE
r-devel-windows-ix86+x86_64 0.2-4 5.00 30.00 35.00 NOTE
r-patched-linux-x86_64 0.2-4 1.18 17.09 18.27 NOTE
r-patched-solaris-sparc 0.2-4 216.20 NOTE
r-patched-solaris-x86 0.2-4 53.80 NOTE
r-release-linux-ix86 0.2-4 1.52 23.13 24.66 NOTE
r-release-linux-x86_64 0.2-4 1.27 17.02 18.29 NOTE
r-release-osx-x86_64-mavericks 0.2-4 NOTE
r-release-windows-ix86+x86_64 0.2-4 5.00 28.00 33.00 NOTE
r-oldrel-windows-ix86+x86_64 0.2-4 5.00 35.00 40.00 NOTE

Check Details

Version: 0.2-4
Check: DESCRIPTION meta-information
Result: NOTE
    Packages listed in more than one of Depends, Imports, Suggests, Enhances:
     ‘filehash’ ‘DBI’
    A package should be listed in only one of these fields.
Flavors: r-devel-linux-x86_64-debian-clang, r-devel-linux-x86_64-debian-gcc, r-devel-linux-x86_64-fedora-clang, r-devel-linux-x86_64-fedora-gcc, r-devel-osx-x86_64-clang, r-devel-windows-ix86+x86_64, r-patched-linux-x86_64, r-patched-solaris-sparc, r-patched-solaris-x86, r-release-linux-ix86, r-release-linux-x86_64, r-release-osx-x86_64-mavericks, r-release-windows-ix86+x86_64, r-oldrel-windows-ix86+x86_64

Version: 0.2-4
Check: dependencies in R code
Result: NOTE
    Packages in Depends field not imported from:
     ‘RSQLite’ ‘methods’
     These packages need to be imported from (in the NAMESPACE file)
     for when this namespace is loaded but not attached.
Flavors: r-devel-linux-x86_64-debian-clang, r-devel-linux-x86_64-debian-gcc, r-devel-linux-x86_64-fedora-clang, r-devel-linux-x86_64-fedora-gcc, r-devel-osx-x86_64-clang, r-devel-windows-ix86+x86_64

Version: 0.2-4
Check: R code for possible problems
Result: NOTE
    createSQLite: no visible global function definition for ‘dbDriver’
    createSQLite: no visible global function definition for ‘dbConnect’
    createSQLite: no visible global function definition for
     ‘dbUnloadDriver’
    createSQLite: no visible global function definition for ‘dbGetQuery’
    initializeSQLite: no visible global function definition for ‘dbDriver’
    initializeSQLite: no visible global function definition for ‘dbConnect’
    dbDelete,filehashSQLite-character: no visible global function
     definition for ‘dbGetQuery’
    dbDisconnect,filehashSQLite: no visible global function definition for
     ‘dbUnloadDriver’
    dbFetch,filehashSQLite-character: no visible global function definition
     for ‘dbGetQuery’
    dbInsert,filehashSQLite-character: no visible global function
     definition for ‘dbGetQuery’
    dbList,filehashSQLite: no visible global function definition for
     ‘dbGetQuery’
    dbMultiFetch,filehashSQLite-character: no visible global function
     definition for ‘dbGetQuery’
Flavors: r-devel-linux-x86_64-debian-clang, r-devel-linux-x86_64-debian-gcc, r-devel-linux-x86_64-fedora-clang, r-devel-linux-x86_64-fedora-gcc, r-devel-osx-x86_64-clang, r-devel-windows-ix86+x86_64, r-patched-linux-x86_64, r-patched-solaris-sparc, r-patched-solaris-x86, r-release-linux-ix86, r-release-linux-x86_64, r-release-osx-x86_64-mavericks, r-release-windows-ix86+x86_64

Version: 0.2-4
Check: dependencies in R code
Result: NOTE
    Packages in Depends field not imported from:
     ‘RSQLite’ ‘methods’
     These packages need to be imported from (in the NAMESPACE file)
     for when this namespace is loaded but not attached.
    See the information on DESCRIPTION files in the chapter ‘Creating R
    packages’ of the ‘Writing R Extensions’ manual.
Flavors: r-patched-linux-x86_64, r-patched-solaris-sparc, r-patched-solaris-x86, r-release-linux-ix86, r-release-linux-x86_64, r-release-osx-x86_64-mavericks, r-release-windows-ix86+x86_64, r-oldrel-windows-ix86+x86_64