CRAN Package Check Results for Package filehashSQLite

Last updated on 2014-10-31 23:47:28.

Flavor Version Tinstall Tcheck Ttotal Status Flags
r-devel-linux-x86_64-debian-clang 0.2-4 1.18 17.34 18.51 NOTE
r-devel-linux-x86_64-debian-gcc 0.2-4 1.11 16.93 18.04 NOTE
r-devel-linux-x86_64-fedora-clang 0.2-4 38.49 NOTE
r-devel-linux-x86_64-fedora-gcc 0.2-4 35.99 NOTE
r-devel-osx-x86_64-clang 0.2-4 38.26 NOTE
r-devel-windows-ix86+x86_64 0.2-4 5.00 25.00 30.00 NOTE
r-patched-linux-x86_64 0.2-4 1.16 17.44 18.60 NOTE
r-patched-solaris-sparc 0.2-4 214.40 NOTE
r-patched-solaris-x86 0.2-4 53.30 NOTE
r-release-linux-ix86 0.2-4 1.68 24.30 25.99 NOTE
r-release-linux-x86_64 0.2-4 1.22 17.46 18.68 NOTE
r-release-osx-x86_64-mavericks 0.2-4 NOTE
r-release-windows-ix86+x86_64 0.2-4 4.00 27.00 31.00 NOTE
r-oldrel-windows-ix86+x86_64 0.2-4 4.00 30.00 34.00 NOTE

Check Details

Version: 0.2-4
Check: DESCRIPTION meta-information
Result: NOTE
    Packages listed in more than one of Depends, Imports, Suggests, Enhances:
     ‘filehash’ ‘DBI’
    A package should be listed in only one of these fields.
Flavors: r-devel-linux-x86_64-debian-clang, r-devel-linux-x86_64-debian-gcc, r-devel-linux-x86_64-fedora-clang, r-devel-linux-x86_64-fedora-gcc, r-devel-osx-x86_64-clang, r-devel-windows-ix86+x86_64, r-patched-linux-x86_64, r-patched-solaris-sparc, r-patched-solaris-x86, r-release-linux-ix86, r-release-linux-x86_64, r-release-osx-x86_64-mavericks, r-release-windows-ix86+x86_64, r-oldrel-windows-ix86+x86_64

Version: 0.2-4
Check: dependencies in R code
Result: NOTE
    Packages in Depends field not imported from:
     ‘RSQLite’ ‘methods’
     These packages need to be imported from (in the NAMESPACE file)
     for when this namespace is loaded but not attached.
    See the information on DESCRIPTION files in the chapter ‘Creating R
    packages’ of the ‘Writing R Extensions’ manual.
Flavors: r-devel-linux-x86_64-debian-clang, r-devel-linux-x86_64-debian-gcc, r-devel-linux-x86_64-fedora-clang, r-devel-linux-x86_64-fedora-gcc, r-devel-osx-x86_64-clang, r-devel-windows-ix86+x86_64, r-patched-linux-x86_64, r-patched-solaris-sparc, r-patched-solaris-x86, r-release-linux-ix86, r-release-linux-x86_64, r-release-osx-x86_64-mavericks, r-release-windows-ix86+x86_64, r-oldrel-windows-ix86+x86_64

Version: 0.2-4
Check: R code for possible problems
Result: NOTE
    createSQLite: no visible global function definition for ‘dbDriver’
    createSQLite: no visible global function definition for ‘dbConnect’
    createSQLite: no visible global function definition for
     ‘dbUnloadDriver’
    createSQLite: no visible global function definition for ‘dbGetQuery’
    initializeSQLite: no visible global function definition for ‘dbDriver’
    initializeSQLite: no visible global function definition for ‘dbConnect’
    dbDelete,filehashSQLite-character: no visible global function
     definition for ‘dbGetQuery’
    dbDisconnect,filehashSQLite: no visible global function definition for
     ‘dbUnloadDriver’
    dbFetch,filehashSQLite-character: no visible global function definition
     for ‘dbGetQuery’
    dbInsert,filehashSQLite-character: no visible global function
     definition for ‘dbGetQuery’
    dbList,filehashSQLite: no visible global function definition for
     ‘dbGetQuery’
    dbMultiFetch,filehashSQLite-character: no visible global function
     definition for ‘dbGetQuery’
Flavors: r-devel-linux-x86_64-debian-clang, r-devel-linux-x86_64-debian-gcc, r-devel-linux-x86_64-fedora-clang, r-devel-linux-x86_64-fedora-gcc, r-devel-osx-x86_64-clang, r-devel-windows-ix86+x86_64, r-patched-linux-x86_64, r-patched-solaris-sparc, r-patched-solaris-x86