CRAN Package Check Results for Package filehashSQLite

Last updated on 2014-04-24 09:49:00.

Flavor Version Tinstall Tcheck Ttotal Status Flags
r-devel-linux-x86_64-debian-clang 0.2-4 1.14 15.98 17.12 NOTE
r-devel-linux-x86_64-debian-gcc 0.2-4 1.06 15.56 16.62 NOTE
r-devel-linux-x86_64-fedora-clang 0.2-4 34.40 NOTE
r-devel-linux-x86_64-fedora-gcc 0.2-4 32.78 NOTE
r-devel-osx-x86_64-clang 0.2-4 32.66 NOTE
r-devel-osx-x86_64-gcc 0.2-4 NOTE
r-devel-windows-ix86+x86_64 0.2-4 3.00 26.00 29.00 NOTE
r-patched-linux-x86_64 0.2-4 1.06 15.62 16.69 NOTE
r-patched-solaris-sparc 0.2-4 190.10 NOTE
r-patched-solaris-x86 0.2-4 48.90 NOTE
r-release-linux-ix86 0.2-4 2.00 31.00 33.00 NOTE
r-release-linux-x86_64 0.2-4 1.06 15.94 17.00 NOTE
r-release-osx-x86_64-mavericks 0.2-4 WARN
r-release-windows-ix86+x86_64 0.2-4 6.00 41.00 47.00 NOTE
r-oldrel-windows-ix86+x86_64 0.2-4 4.00 27.00 31.00 NOTE

Check Details

Version: 0.2-4
Check: DESCRIPTION meta-information
Result: NOTE
    Packages listed in more than one of Depends, Imports, Suggests, Enhances:
     ‘filehash’ ‘DBI’
    A package should be listed in only one of these fields.
Flavors: r-devel-linux-x86_64-debian-clang, r-devel-linux-x86_64-debian-gcc, r-devel-linux-x86_64-fedora-clang, r-devel-linux-x86_64-fedora-gcc, r-devel-osx-x86_64-clang, r-devel-osx-x86_64-gcc, r-devel-windows-ix86+x86_64, r-patched-linux-x86_64, r-patched-solaris-sparc, r-patched-solaris-x86, r-release-linux-ix86, r-release-linux-x86_64, r-release-osx-x86_64-mavericks, r-release-windows-ix86+x86_64, r-oldrel-windows-ix86+x86_64

Version: 0.2-4
Check: dependencies in R code
Result: NOTE
    Packages in Depends field not imported from:
     ‘RSQLite’ ‘methods’
     These packages need to be imported from (in the NAMESPACE file)
     for when this namespace is loaded but not attached.
    See the information on DESCRIPTION files in the chapter ‘Creating R
    packages’ of the ‘Writing R Extensions’ manual.
Flavors: r-devel-linux-x86_64-debian-clang, r-devel-linux-x86_64-debian-gcc, r-devel-linux-x86_64-fedora-clang, r-devel-linux-x86_64-fedora-gcc, r-devel-osx-x86_64-clang, r-devel-osx-x86_64-gcc, r-devel-windows-ix86+x86_64, r-patched-linux-x86_64, r-patched-solaris-sparc, r-patched-solaris-x86, r-release-linux-ix86, r-release-linux-x86_64, r-release-osx-x86_64-mavericks, r-release-windows-ix86+x86_64, r-oldrel-windows-ix86+x86_64

Version: 0.2-4
Check: PDF version of manual
Result: WARNING
    LaTeX errors when creating PDF version.
    This typically indicates Rd problems.
    LaTeX errors found:
    ! LaTeX Error: File `upquote.sty' not found.
    
    Type X to quit or <RETURN> to proceed,
    or enter new name. (Default extension: sty)
    
    141a6993/Rd2.tex:8: ==> Fatal error occurred, no output PDF file produced!
Flavor: r-release-osx-x86_64-mavericks