CRAN Package Check Results for Package filehashSQLite

Last updated on 2014-07-24 21:48:43.

Flavor Version Tinstall Tcheck Ttotal Status Flags
r-devel-linux-x86_64-debian-clang 0.2-4 1.00 14.84 15.84 NOTE
r-devel-linux-x86_64-debian-gcc 0.2-4 0.98 14.65 15.64 NOTE
r-devel-linux-x86_64-fedora-clang 0.2-4 35.98 NOTE
r-devel-linux-x86_64-fedora-gcc 0.2-4 33.17 NOTE
r-devel-osx-x86_64-clang 0.2-4 32.76 NOTE
r-devel-windows-ix86+x86_64 0.2-4 4.00 27.00 31.00 NOTE
r-patched-linux-x86_64 0.2-4 1.00 14.86 15.86 NOTE
r-patched-solaris-sparc 0.2-4 190.10 NOTE
r-patched-solaris-x86 0.2-4 47.60 NOTE
r-release-linux-ix86 0.2-4 1.40 22.13 23.53 NOTE
r-release-linux-x86_64 0.2-4 1.04 15.22 16.26 NOTE
r-release-osx-x86_64-mavericks 0.2-4 NOTE
r-release-windows-ix86+x86_64 0.2-4 5.00 43.00 48.00 NOTE
r-oldrel-windows-ix86+x86_64 0.2-4 4.00 27.00 31.00 NOTE

Check Details

Version: 0.2-4
Check: DESCRIPTION meta-information
Result: NOTE
    Packages listed in more than one of Depends, Imports, Suggests, Enhances:
     ‘filehash’ ‘DBI’
    A package should be listed in only one of these fields.
Flavors: r-devel-linux-x86_64-debian-clang, r-devel-linux-x86_64-debian-gcc, r-devel-linux-x86_64-fedora-clang, r-devel-linux-x86_64-fedora-gcc, r-devel-osx-x86_64-clang, r-devel-windows-ix86+x86_64, r-patched-linux-x86_64, r-patched-solaris-sparc, r-patched-solaris-x86, r-release-linux-ix86, r-release-linux-x86_64, r-release-osx-x86_64-mavericks, r-release-windows-ix86+x86_64, r-oldrel-windows-ix86+x86_64

Version: 0.2-4
Check: dependencies in R code
Result: NOTE
    Packages in Depends field not imported from:
     ‘RSQLite’ ‘methods’
     These packages need to be imported from (in the NAMESPACE file)
     for when this namespace is loaded but not attached.
    See the information on DESCRIPTION files in the chapter ‘Creating R
    packages’ of the ‘Writing R Extensions’ manual.
Flavors: r-devel-linux-x86_64-debian-clang, r-devel-linux-x86_64-debian-gcc, r-devel-linux-x86_64-fedora-clang, r-devel-linux-x86_64-fedora-gcc, r-devel-osx-x86_64-clang, r-devel-windows-ix86+x86_64, r-patched-linux-x86_64, r-patched-solaris-sparc, r-patched-solaris-x86, r-release-linux-ix86, r-release-linux-x86_64, r-release-osx-x86_64-mavericks, r-release-windows-ix86+x86_64, r-oldrel-windows-ix86+x86_64