CRAN Package Check Results for Package filelock

Last updated on 2022-07-03 09:52:44 CEST.

Flavor Version Tinstall Tcheck Ttotal Status Flags
r-devel-linux-x86_64-debian-clang 1.0.2 2.46 22.33 24.79 NOTE
r-devel-linux-x86_64-debian-gcc 1.0.2 2.10 17.43 19.53 NOTE
r-devel-linux-x86_64-fedora-clang 1.0.2 41.56 NOTE
r-devel-linux-x86_64-fedora-gcc 1.0.2 40.75 NOTE
r-devel-windows-x86_64 1.0.2 22.00 55.00 77.00 NOTE
r-patched-linux-x86_64 1.0.2 3.07 21.29 24.36 NOTE
r-release-linux-x86_64 1.0.2 2.93 21.85 24.78 NOTE
r-release-macos-arm64 1.0.2 16.00 NOTE
r-release-macos-x86_64 1.0.2 22.00 NOTE
r-release-windows-x86_64 1.0.2 24.00 55.00 79.00 NOTE
r-oldrel-macos-arm64 1.0.2 23.00 NOTE
r-oldrel-macos-x86_64 1.0.2 27.00 NOTE
r-oldrel-windows-ix86+x86_64 1.0.2 24.00 45.00 69.00 NOTE

Check Details

Version: 1.0.2
Check: LazyData
Result: NOTE
     'LazyData' is specified without a 'data' directory
Flavors: r-devel-linux-x86_64-debian-clang, r-devel-linux-x86_64-debian-gcc, r-devel-linux-x86_64-fedora-clang, r-devel-linux-x86_64-fedora-gcc, r-devel-windows-x86_64, r-patched-linux-x86_64, r-release-linux-x86_64, r-release-macos-arm64, r-release-macos-x86_64, r-release-windows-x86_64, r-oldrel-macos-arm64, r-oldrel-macos-x86_64, r-oldrel-windows-ix86+x86_64