CRAN Package Check Results for Package filling

Last updated on 2025-06-23 23:50:02 CEST.

Flavor Version Tinstall Tcheck Ttotal Status Flags
r-devel-linux-x86_64-debian-clang 0.2.3 46.88 119.45 166.33 NOTE
r-devel-linux-x86_64-debian-gcc 0.2.3 31.86 84.14 116.00 NOTE
r-devel-linux-x86_64-fedora-clang 0.2.3 281.23 NOTE
r-devel-linux-x86_64-fedora-gcc 0.2.3 256.42 NOTE
r-devel-windows-x86_64 0.2.3 56.00 134.00 190.00 NOTE
r-patched-linux-x86_64 0.2.3 45.85 114.48 160.33 NOTE
r-release-linux-x86_64 0.2.3 48.03 113.22 161.25 NOTE
r-release-macos-arm64 0.2.3 68.00 NOTE
r-release-macos-x86_64 0.2.3 144.00 NOTE
r-release-windows-x86_64 0.2.3 55.00 136.00 191.00 NOTE
r-oldrel-macos-arm64 0.2.3 65.00 NOTE
r-oldrel-macos-x86_64 0.2.3 100.00 NOTE
r-oldrel-windows-x86_64 0.2.3 68.00 178.00 246.00 NOTE

Check Details

Version: 0.2.3
Check: C++ specification
Result: NOTE Specified C++11: please drop specification unless essential Flavors: r-devel-linux-x86_64-debian-clang, r-devel-linux-x86_64-debian-gcc, r-devel-linux-x86_64-fedora-clang, r-devel-linux-x86_64-fedora-gcc, r-devel-windows-x86_64, r-patched-linux-x86_64, r-release-linux-x86_64, r-release-macos-arm64, r-release-macos-x86_64, r-release-windows-x86_64, r-oldrel-macos-arm64, r-oldrel-macos-x86_64, r-oldrel-windows-x86_64