CRAN Package Check Results for Package finbipartite

Last updated on 2023-06-06 04:00:40 CEST.

Flavor Version Tinstall Tcheck Ttotal Status Flags
r-devel-linux-x86_64-debian-clang 0.1.0 8.63 67.21 75.84 OK
r-devel-linux-x86_64-debian-gcc 0.1.0 6.12 50.81 56.93 OK
r-devel-linux-x86_64-fedora-clang 0.1.0 92.66 NOTE
r-devel-linux-x86_64-fedora-gcc 0.1.0 88.64 NOTE
r-devel-windows-x86_64 0.1.0 8.00 69.00 77.00 OK
r-patched-linux-x86_64 0.1.0 6.92 63.44 70.36 OK
r-release-linux-x86_64 0.1.0 5.69 64.38 70.07 OK
r-release-macos-arm64 0.1.0 34.00 OK
r-release-macos-x86_64 0.1.0 47.00 OK
r-release-windows-x86_64 0.1.0 10.00 77.00 87.00 OK
r-oldrel-macos-arm64 0.1.0 28.00 OK
r-oldrel-macos-x86_64 0.1.0 40.00 OK
r-oldrel-windows-x86_64 0.1.0 9.00 85.00 94.00 OK

Check Details

Version: 0.1.0
Check: dependencies in R code
Result: NOTE
    Namespace in Imports field not imported from: ‘mvtnorm’
     All declared Imports should be used.
Flavors: r-devel-linux-x86_64-fedora-clang, r-devel-linux-x86_64-fedora-gcc