CRAN Package Check Results for Package finbipartite

Last updated on 2024-06-18 13:53:42 CEST.

Flavor Version Tinstall Tcheck Ttotal Status Flags
r-devel-linux-x86_64-debian-clang 0.1.0 5.61 67.14 72.75 OK
r-devel-linux-x86_64-debian-gcc 0.1.0 5.62 49.46 55.08 OK
r-devel-linux-x86_64-fedora-clang 0.1.0 92.84 NOTE
r-devel-linux-x86_64-fedora-gcc 0.1.0 90.32 NOTE
r-devel-windows-x86_64 0.1.0 7.00 67.00 74.00 OK
r-patched-linux-x86_64 0.1.0 5.72 64.48 70.20 OK
r-release-linux-x86_64 0.1.0 5.53 65.30 70.83 OK
r-release-macos-arm64 0.1.0 26.00 OK
r-release-macos-x86_64 0.1.0 64.00 OK
r-release-windows-x86_64 0.1.0 7.00 69.00 76.00 OK
r-oldrel-macos-arm64 0.1.0 34.00 OK
r-oldrel-macos-x86_64 0.1.0 47.00 OK
r-oldrel-windows-x86_64 0.1.0 9.00 77.00 86.00 OK

Check Details

Version: 0.1.0
Check: dependencies in R code
Result: NOTE Namespace in Imports field not imported from: ‘mvtnorm’ All declared Imports should be used. Flavors: r-devel-linux-x86_64-fedora-clang, r-devel-linux-x86_64-fedora-gcc