CRAN Package Check Results for Package finch

Last updated on 2022-05-16 19:50:03 CEST.

Flavor Version Tinstall Tcheck Ttotal Status Flags
r-devel-linux-x86_64-debian-clang 0.4.0 8.16 78.74 86.90 NOTE
r-devel-linux-x86_64-debian-gcc 0.4.0 5.38 58.56 63.94 NOTE
r-devel-linux-x86_64-fedora-clang 0.4.0 100.41 NOTE
r-devel-linux-x86_64-fedora-gcc 0.4.0 103.04 NOTE
r-devel-windows-x86_64 0.4.0 82.00 104.00 186.00 NOTE
r-patched-linux-x86_64 0.4.0 5.06 71.63 76.69 NOTE
r-release-linux-x86_64 0.4.0 5.80 73.53 79.33 NOTE
r-release-macos-arm64 0.4.0 26.00 NOTE
r-release-macos-x86_64 0.4.0 52.00 NOTE
r-release-windows-x86_64 0.4.0 87.00 97.00 184.00 NOTE
r-oldrel-macos-arm64 0.4.0 36.00 NOTE
r-oldrel-macos-x86_64 0.4.0 52.00 NOTE
r-oldrel-windows-ix86+x86_64 0.4.0 22.00 96.00 118.00 NOTE

Check Details

Version: 0.4.0
Check: LazyData
Result: NOTE
     'LazyData' is specified without a 'data' directory
Flavors: r-devel-linux-x86_64-debian-clang, r-devel-linux-x86_64-debian-gcc, r-devel-linux-x86_64-fedora-clang, r-devel-linux-x86_64-fedora-gcc, r-devel-windows-x86_64, r-patched-linux-x86_64, r-release-linux-x86_64, r-release-macos-arm64, r-release-macos-x86_64, r-release-windows-x86_64, r-oldrel-macos-arm64, r-oldrel-macos-x86_64, r-oldrel-windows-ix86+x86_64