Last updated on 2023-03-22 09:54:08 CET.
Flavor | Version | Tinstall | Tcheck | Ttotal | Status | Flags |
---|---|---|---|---|---|---|
r-devel-linux-x86_64-debian-clang | 0.4.0 | 7.28 | 65.52 | 72.80 | NOTE | |
r-devel-linux-x86_64-debian-gcc | 0.4.0 | 5.45 | 49.24 | 54.69 | NOTE | |
r-devel-linux-x86_64-fedora-clang | 0.4.0 | 89.83 | NOTE | |||
r-devel-linux-x86_64-fedora-gcc | 0.4.0 | 83.60 | NOTE | |||
r-devel-windows-x86_64 | 0.4.0 | 119.00 | 94.00 | 213.00 | NOTE | |
r-patched-linux-x86_64 | 0.4.0 | 6.77 | 61.18 | 67.95 | NOTE | |
r-release-linux-x86_64 | 0.4.0 | 6.66 | 60.72 | 67.38 | NOTE | |
r-release-macos-arm64 | 0.4.0 | 26.00 | NOTE | |||
r-release-macos-x86_64 | 0.4.0 | 52.00 | NOTE | |||
r-release-windows-x86_64 | 0.4.0 | 82.00 | 87.00 | 169.00 | NOTE | |
r-oldrel-macos-arm64 | 0.4.0 | 36.00 | NOTE | |||
r-oldrel-macos-x86_64 | 0.4.0 | 52.00 | NOTE | |||
r-oldrel-windows-ix86+x86_64 | 0.4.0 | 21.00 | 96.00 | 117.00 | NOTE |
Version: 0.4.0
Check: LazyData
Result: NOTE
'LazyData' is specified without a 'data' directory
Flavors: r-devel-linux-x86_64-debian-clang, r-devel-linux-x86_64-debian-gcc, r-devel-linux-x86_64-fedora-clang, r-devel-linux-x86_64-fedora-gcc, r-devel-windows-x86_64, r-patched-linux-x86_64, r-release-linux-x86_64, r-release-macos-arm64, r-release-macos-x86_64, r-release-windows-x86_64, r-oldrel-macos-arm64, r-oldrel-macos-x86_64, r-oldrel-windows-ix86+x86_64
Version: 0.4.0
Check: R code for possible problems
Result: NOTE
Initiating curl with CURL_SSL_BACKEND: openssl
Flavor: r-oldrel-windows-ix86+x86_64