CRAN Package Check Results for Package findviews

Last updated on 2022-05-29 04:58:04 CEST.

Flavor Version Tinstall Tcheck Ttotal Status Flags
r-devel-linux-x86_64-debian-clang 0.1.3 5.85 64.48 70.33 NOTE
r-devel-linux-x86_64-debian-gcc 0.1.3 4.49 48.60 53.09 NOTE
r-devel-linux-x86_64-fedora-clang 0.1.3 82.63 NOTE
r-devel-linux-x86_64-fedora-gcc 0.1.3 81.79 NOTE
r-devel-windows-x86_64 0.1.3 37.00 75.00 112.00 NOTE
r-patched-linux-x86_64 0.1.3 5.80 61.61 67.41 NOTE
r-release-linux-x86_64 0.1.3 4.86 62.44 67.30 NOTE
r-release-macos-arm64 0.1.3 24.00 NOTE
r-release-macos-x86_64 0.1.3 43.00 NOTE
r-release-windows-x86_64 0.1.3 35.00 77.00 112.00 NOTE
r-oldrel-macos-arm64 0.1.3 27.00 NOTE
r-oldrel-macos-x86_64 0.1.3 45.00 NOTE
r-oldrel-windows-ix86+x86_64 0.1.3 14.00 74.00 88.00 NOTE

Check Details

Version: 0.1.3
Check: LazyData
Result: NOTE
     'LazyData' is specified without a 'data' directory
Flavors: r-devel-linux-x86_64-debian-clang, r-devel-linux-x86_64-debian-gcc, r-devel-linux-x86_64-fedora-clang, r-devel-linux-x86_64-fedora-gcc, r-devel-windows-x86_64, r-patched-linux-x86_64, r-release-linux-x86_64, r-release-macos-arm64, r-release-macos-x86_64, r-release-windows-x86_64, r-oldrel-macos-arm64, r-oldrel-macos-x86_64, r-oldrel-windows-ix86+x86_64