CRAN Package Check Results for Package fingerprint

Last updated on 2015-03-06 23:48:16.

Flavor Version Tinstall Tcheck Ttotal Status Flags
r-devel-linux-x86_64-debian-clang 3.5.2 1.25 14.72 15.97 NOTE
r-devel-linux-x86_64-debian-gcc 3.5.2 1.28 15.04 16.32 NOTE
r-devel-linux-x86_64-fedora-clang 3.5.2 29.91 NOTE
r-devel-linux-x86_64-fedora-gcc 3.5.2 28.82 NOTE
r-devel-osx-x86_64-clang 3.5.2 33.20 NOTE
r-devel-windows-ix86+x86_64 3.5.2 12.00 32.00 44.00 NOTE
r-patched-linux-x86_64 3.5.2 1.42 16.43 17.86 NOTE
r-patched-solaris-sparc 3.5.2 217.20 NOTE
r-patched-solaris-x86 3.5.2 49.30 NOTE
r-release-linux-ix86 3.5.2 1.86 27.07 28.92 NOTE
r-release-linux-x86_64 3.5.2 1.41 16.96 18.37 NOTE
r-release-osx-x86_64-mavericks 3.5.2 NOTE
r-release-osx-x86_64-snowleopard 3.5.2 OK
r-release-windows-ix86+x86_64 3.5.2 8.00 34.00 42.00 NOTE
r-oldrel-windows-ix86+x86_64 3.5.2 8.00 36.00 44.00 OK

Check Details

Version: 3.5.2
Check: package namespace information
Result: NOTE
     Namespace with empty importFrom: ‘methods’
Flavors: r-devel-linux-x86_64-debian-clang, r-devel-linux-x86_64-debian-gcc, r-devel-linux-x86_64-fedora-clang, r-devel-linux-x86_64-fedora-gcc, r-devel-osx-x86_64-clang, r-devel-windows-ix86+x86_64, r-patched-linux-x86_64, r-patched-solaris-sparc, r-patched-solaris-x86, r-release-linux-ix86, r-release-linux-x86_64, r-release-osx-x86_64-mavericks, r-release-windows-ix86+x86_64