CRAN Package Check Results for Package fingerprint

Last updated on 2015-05-29 17:47:14.

Flavor Version Tinstall Tcheck Ttotal Status Flags
r-devel-linux-x86_64-debian-clang 3.5.2 1.30 14.91 16.22 NOTE
r-devel-linux-x86_64-debian-gcc 3.5.2 1.26 14.51 15.77 NOTE
r-devel-linux-x86_64-fedora-clang 3.5.2 32.54 NOTE
r-devel-linux-x86_64-fedora-gcc 3.5.2 28.62 NOTE
r-devel-osx-x86_64-clang 3.5.2 32.31 NOTE
r-devel-windows-ix86+x86_64 3.5.2 7.00 34.00 41.00 NOTE
r-patched-linux-x86_64 3.5.2 1.28 14.38 15.66 NOTE
r-patched-solaris-sparc 3.5.2 195.40 NOTE
r-patched-solaris-x86 3.5.2 42.90 NOTE
r-release-linux-x86_64 3.5.2 1.34 14.63 15.97 NOTE
r-release-osx-x86_64-mavericks 3.5.2 NOTE
r-release-osx-x86_64-snowleopard 3.5.2 NOTE
r-release-windows-ix86+x86_64 3.5.2 5.00 35.00 40.00 NOTE
r-oldrel-windows-ix86+x86_64 3.5.2 11.00 39.00 50.00 NOTE

Check Details

Version: 3.5.2
Check: package namespace information
Result: NOTE
     Namespace with empty importFrom: ‘methods’
Flavors: r-devel-linux-x86_64-debian-clang, r-devel-linux-x86_64-debian-gcc, r-devel-linux-x86_64-fedora-clang, r-devel-linux-x86_64-fedora-gcc, r-devel-osx-x86_64-clang, r-devel-windows-ix86+x86_64, r-patched-linux-x86_64, r-patched-solaris-sparc, r-patched-solaris-x86, r-release-linux-x86_64, r-release-osx-x86_64-mavericks, r-release-osx-x86_64-snowleopard, r-release-windows-ix86+x86_64, r-oldrel-windows-ix86+x86_64