CRAN Package Check Results for Package fingerprint

Last updated on 2017-08-20 14:46:52.

Flavor Version Tinstall Tcheck Ttotal Status Flags
r-devel-linux-x86_64-debian-clang 3.5.4 1.72 18.43 20.15 NOTE
r-devel-linux-x86_64-debian-gcc 3.5.4 1.48 18.21 19.70 NOTE
r-devel-linux-x86_64-fedora-clang 3.5.4 34.77 NOTE
r-devel-linux-x86_64-fedora-gcc 3.5.4 32.54 NOTE
r-devel-windows-ix86+x86_64 3.5.4 7.00 51.00 58.00 OK
r-patched-linux-x86_64 3.5.4 1.63 17.97 19.61 NOTE
r-patched-solaris-x86 3.5.4 47.80 OK
r-release-linux-x86_64 3.5.4 1.46 18.32 19.78 NOTE
r-release-windows-ix86+x86_64 3.5.4 7.00 50.00 57.00 OK
r-release-osx-x86_64 3.5.4 OK
r-oldrel-windows-ix86+x86_64 3.5.4 14.00 53.00 67.00 OK
r-oldrel-osx-x86_64 3.5.4 OK

Check Details

Version: 3.5.4
Check: compiled code
Result: NOTE
    File ‘fingerprint/libs/fingerprint.so’:
     Found no calls to: ‘R_registerRoutines’, ‘R_useDynamicSymbols’
    
    It is good practice to register native routines and to disable symbol
    search.
    
    See ‘Writing portable packages’ in the ‘Writing R Extensions’ manual.
Flavors: r-devel-linux-x86_64-debian-clang, r-devel-linux-x86_64-debian-gcc, r-devel-linux-x86_64-fedora-clang, r-devel-linux-x86_64-fedora-gcc, r-patched-linux-x86_64, r-release-linux-x86_64