CRAN Package Check Results for Package fingerprint

Last updated on 2017-05-24 11:49:45.

Flavor Version Tinstall Tcheck Ttotal Status Flags
r-devel-linux-x86_64-debian-clang 3.5.4 1.65 18.16 19.81 NOTE
r-devel-linux-x86_64-debian-gcc 3.5.4 1.53 17.93 19.47 NOTE
r-devel-linux-x86_64-fedora-clang 3.5.4 33.87 NOTE --no-stop-on-test-error
r-devel-linux-x86_64-fedora-gcc 3.5.4 32.51 NOTE --no-stop-on-test-error
r-devel-windows-ix86+x86_64 3.5.4 13.00 69.00 82.00 OK
r-patched-linux-x86_64 3.5.4 1.48 17.82 19.30 NOTE
r-patched-solaris-sparc 3.5.4 203.70 OK
r-patched-solaris-x86 3.5.4 46.50 OK
r-release-linux-x86_64 3.5.4 1.57 18.00 19.57 NOTE
r-release-windows-ix86+x86_64 3.5.4 14.00 62.00 76.00 OK
r-release-osx-x86_64 3.5.4 OK
r-oldrel-windows-ix86+x86_64 3.5.4 10.00 56.00 66.00 OK
r-oldrel-osx-x86_64 3.5.4 OK

Check Details

Version: 3.5.4
Check: compiled code
Result: NOTE
    File ‘fingerprint/libs/fingerprint.so’:
     Found no calls to: ‘R_registerRoutines’, ‘R_useDynamicSymbols’
    
    It is good practice to register native routines and to disable symbol
    search.
    
    See ‘Writing portable packages’ in the ‘Writing R Extensions’ manual.
Flavors: r-devel-linux-x86_64-debian-clang, r-devel-linux-x86_64-debian-gcc, r-patched-linux-x86_64, r-release-linux-x86_64

Version: 3.5.4
Flags: --no-stop-on-test-error
Check: compiled code
Result: NOTE
    File ‘fingerprint/libs/fingerprint.so’:
     Found no calls to: ‘R_registerRoutines’, ‘R_useDynamicSymbols’
    
    It is good practice to register native routines and to disable symbol
    search.
    
    See ‘Writing portable packages’ in the ‘Writing R Extensions’ manual.
Flavors: r-devel-linux-x86_64-fedora-clang, r-devel-linux-x86_64-fedora-gcc