CRAN Package Check Results for Package fingerprint

Last updated on 2014-08-21 19:48:45.

Flavor Version Tinstall Tcheck Ttotal Status Flags
r-devel-linux-x86_64-debian-clang 3.5.2 1.45 16.41 17.86 NOTE
r-devel-linux-x86_64-debian-gcc 3.5.2 1.42 16.38 17.79 NOTE
r-devel-linux-x86_64-fedora-clang 3.5.2 36.86 NOTE
r-devel-linux-x86_64-fedora-gcc 3.5.2 35.14 NOTE
r-devel-osx-x86_64-clang 3.5.2 36.30 NOTE
r-devel-windows-ix86+x86_64 3.5.2 7.00 36.00 43.00 NOTE
r-patched-linux-x86_64 3.5.2 1.45 16.65 18.10 OK
r-patched-solaris-sparc 3.5.2 214.30 OK
r-patched-solaris-x86 3.5.2 50.30 OK
r-release-linux-ix86 3.5.2 1.95 23.60 25.55 OK
r-release-linux-x86_64 3.5.2 1.44 16.88 18.32 OK
r-release-osx-x86_64-mavericks 3.5.2 OK
r-release-osx-x86_64-snowleopard 3.5.2 OK
r-release-windows-ix86+x86_64 3.5.2 9.00 50.00 59.00 OK
r-oldrel-windows-ix86+x86_64 3.5.2 7.00 34.00 41.00 OK

Check Details

Version: 3.5.2
Check: package namespace information
Result: NOTE
     Namespace with empty importFrom: ‘methods’
Flavors: r-devel-linux-x86_64-debian-clang, r-devel-linux-x86_64-debian-gcc, r-devel-linux-x86_64-fedora-clang, r-devel-linux-x86_64-fedora-gcc, r-devel-osx-x86_64-clang, r-devel-windows-ix86+x86_64