CRAN Package Check Results for Package fingerprint

Last updated on 2014-11-22 01:48:11.

Flavor Version Tinstall Tcheck Ttotal Status Flags
r-devel-linux-x86_64-debian-clang 3.5.2 1.38 17.20 18.58 NOTE
r-devel-linux-x86_64-debian-gcc 3.5.2 1.36 17.63 18.99 NOTE
r-devel-linux-x86_64-fedora-clang 3.5.2 36.19 NOTE
r-devel-linux-x86_64-fedora-gcc 3.5.2 33.79 NOTE
r-devel-osx-x86_64-clang 3.5.2 36.17 NOTE
r-devel-windows-ix86+x86_64 3.5.2 7.00 33.00 40.00 NOTE
r-patched-linux-x86_64 3.5.2 1.38 16.89 18.28 NOTE
r-patched-solaris-sparc 3.5.2 204.40 NOTE
r-patched-solaris-x86 3.5.2 49.60 NOTE
r-release-linux-ix86 3.5.2 2.03 22.22 24.25 NOTE
r-release-linux-x86_64 3.5.2 1.37 16.55 17.92 NOTE
r-release-osx-x86_64-mavericks 3.5.2 OK
r-release-osx-x86_64-snowleopard 3.5.2 OK
r-release-windows-ix86+x86_64 3.5.2 6.00 50.00 56.00 NOTE
r-oldrel-windows-ix86+x86_64 3.5.2 9.00 31.00 40.00 OK

Check Details

Version: 3.5.2
Check: package namespace information
Result: NOTE
     Namespace with empty importFrom: ‘methods’
Flavors: r-devel-linux-x86_64-debian-clang, r-devel-linux-x86_64-debian-gcc, r-devel-linux-x86_64-fedora-clang, r-devel-linux-x86_64-fedora-gcc, r-devel-osx-x86_64-clang, r-devel-windows-ix86+x86_64, r-patched-linux-x86_64, r-patched-solaris-sparc, r-patched-solaris-x86, r-release-linux-ix86, r-release-linux-x86_64, r-release-windows-ix86+x86_64