CRAN Package Check Results for Package fingerprint

Last updated on 2015-01-30 14:48:47.

Flavor Version Tinstall Tcheck Ttotal Status Flags
r-devel-linux-x86_64-debian-clang 3.5.2 1.40 15.14 16.53 NOTE
r-devel-linux-x86_64-debian-gcc 3.5.2 1.40 15.36 16.76 NOTE
r-devel-linux-x86_64-fedora-clang 3.5.2 35.84 NOTE
r-devel-linux-x86_64-fedora-gcc 3.5.2 32.96 NOTE
r-devel-osx-x86_64-clang 3.5.2 36.03 NOTE
r-devel-windows-ix86+x86_64 3.5.2 9.00 36.00 45.00 NOTE
r-patched-linux-x86_64 3.5.2 1.56 17.40 18.97 NOTE
r-patched-solaris-sparc 3.5.2 229.10 NOTE
r-patched-solaris-x86 3.5.2 50.40 NOTE
r-release-linux-ix86 3.5.2 1.89 22.18 24.07 NOTE
r-release-linux-x86_64 3.5.2 1.48 16.70 18.18 NOTE
r-release-osx-x86_64-mavericks 3.5.2 NOTE
r-release-osx-x86_64-snowleopard 3.5.2 OK
r-release-windows-ix86+x86_64 3.5.2 8.00 34.00 42.00 NOTE
r-oldrel-windows-ix86+x86_64 3.5.2 8.00 36.00 44.00 OK

Check Details

Version: 3.5.2
Check: package namespace information
Result: NOTE
     Namespace with empty importFrom: ‘methods’
Flavors: r-devel-linux-x86_64-debian-clang, r-devel-linux-x86_64-debian-gcc, r-devel-linux-x86_64-fedora-clang, r-devel-linux-x86_64-fedora-gcc, r-devel-osx-x86_64-clang, r-devel-windows-ix86+x86_64, r-patched-linux-x86_64, r-patched-solaris-sparc, r-patched-solaris-x86, r-release-linux-ix86, r-release-linux-x86_64, r-release-osx-x86_64-mavericks, r-release-windows-ix86+x86_64