CRAN Package Check Results for Package fingerprint

Last updated on 2016-06-25 21:47:21.

Flavor Version Tinstall Tcheck Ttotal Status Flags
r-devel-linux-x86_64-debian-gcc 3.5.2 1.32 15.48 16.81 NOTE
r-devel-linux-x86_64-fedora-clang 3.5.2 28.02 NOTE
r-devel-linux-x86_64-fedora-gcc 3.5.2 26.23 NOTE
r-devel-osx-x86_64-clang 3.5.2 25.01 NOTE
r-devel-windows-ix86+x86_64 3.5.2 7.00 43.00 50.00 NOTE
r-patched-linux-x86_64 3.5.2 1.51 15.35 16.85 NOTE
r-patched-solaris-sparc 3.5.2 179.50 NOTE
r-patched-solaris-x86 3.5.2 40.50 NOTE
r-release-linux-x86_64 3.5.2 1.28 15.58 16.86 NOTE
r-release-osx-x86_64-mavericks 3.5.2 NOTE
r-release-windows-ix86+x86_64 3.5.2 7.00 52.00 59.00 NOTE
r-oldrel-windows-ix86+x86_64 3.5.2 8.00 41.00 49.00 NOTE

Check Details

Version: 3.5.2
Check: package namespace information
Result: NOTE
     Namespace with empty importFrom: ‘methods’
Flavors: r-devel-linux-x86_64-debian-gcc, r-devel-linux-x86_64-fedora-clang, r-devel-linux-x86_64-fedora-gcc, r-devel-osx-x86_64-clang, r-devel-windows-ix86+x86_64, r-patched-linux-x86_64, r-patched-solaris-sparc, r-patched-solaris-x86, r-release-linux-x86_64, r-release-osx-x86_64-mavericks, r-release-windows-ix86+x86_64, r-oldrel-windows-ix86+x86_64

Version: 3.5.2
Check: whether the namespace can be loaded with stated dependencies
Result: NOTE
    Warning: no function found corresponding to methods exports from ‘fingerprint’ for: ‘show’
    
    A namespace must be able to be loaded with just the base namespace
    loaded: otherwise if the namespace gets loaded by a saved object, the
    session will be unable to start.
    
    Probably some imports need to be declared in the NAMESPACE file.
Flavors: r-devel-linux-x86_64-debian-gcc, r-devel-linux-x86_64-fedora-clang, r-devel-linux-x86_64-fedora-gcc, r-devel-osx-x86_64-clang, r-devel-windows-ix86+x86_64, r-devel-windows-ix86+x86_64, r-patched-linux-x86_64, r-patched-solaris-sparc, r-patched-solaris-x86, r-release-linux-x86_64, r-release-osx-x86_64-mavericks, r-release-windows-ix86+x86_64, r-release-windows-ix86+x86_64

Version: 3.5.2
Check: R code for possible problems
Result: NOTE
    balance : <anonymous>: no visible global function definition for ‘new’
    balance: no visible global function definition for ‘new’
    fp.read: no visible global function definition for ‘new’
    fp.read : <anonymous>: no visible global function definition for ‘new’
    !,fingerprint: no visible global function definition for ‘new’
    &,fingerprint-fingerprint: no visible global function definition for
     ‘new’
    c,feature: no visible global function definition for ‘new’
    fold,fingerprint: no visible global function definition for ‘new’
    random.fingerprint,numeric-numeric: no visible global function
     definition for ‘new’
    xor,fingerprint-fingerprint: no visible global function definition for
     ‘new’
    |,fingerprint-fingerprint: no visible global function definition for
     ‘new’
    Undefined global functions or variables:
     new
    Consider adding
     importFrom("methods", "new")
    to your NAMESPACE file (and ensure that your DESCRIPTION Imports field
    contains 'methods').
Flavors: r-devel-linux-x86_64-debian-gcc, r-devel-linux-x86_64-fedora-clang, r-devel-linux-x86_64-fedora-gcc, r-devel-osx-x86_64-clang, r-devel-windows-ix86+x86_64, r-patched-linux-x86_64, r-patched-solaris-sparc, r-patched-solaris-x86, r-release-linux-x86_64, r-release-osx-x86_64-mavericks, r-release-windows-ix86+x86_64