CRAN Package Check Results for Package fingerprint

Last updated on 2017-06-23 01:47:04.

Flavor Version Tinstall Tcheck Ttotal Status Flags
r-devel-linux-x86_64-debian-clang 3.5.4 1.59 18.23 19.83 NOTE
r-devel-linux-x86_64-debian-gcc 3.5.4 1.60 17.79 19.39 NOTE
r-devel-linux-x86_64-fedora-clang 3.5.4 33.80 NOTE
r-devel-linux-x86_64-fedora-gcc 3.5.4 32.72 NOTE
r-devel-windows-ix86+x86_64 3.5.4 7.00 46.00 53.00 OK
r-patched-linux-x86_64 3.5.4 1.77 18.05 19.83 NOTE
r-patched-solaris-sparc 3.5.4 203.70 OK
r-patched-solaris-x86 3.5.4 45.70 OK
r-release-linux-x86_64 3.5.4 1.72 18.06 19.79 NOTE
r-release-windows-ix86+x86_64 3.5.4 10.00 52.00 62.00 OK
r-release-osx-x86_64 3.5.4 OK
r-oldrel-windows-ix86+x86_64 3.5.4 12.00 54.00 66.00 OK
r-oldrel-osx-x86_64 3.5.4 OK

Check Details

Version: 3.5.4
Check: compiled code
Result: NOTE
    File ‘fingerprint/libs/fingerprint.so’:
     Found no calls to: ‘R_registerRoutines’, ‘R_useDynamicSymbols’
    
    It is good practice to register native routines and to disable symbol
    search.
    
    See ‘Writing portable packages’ in the ‘Writing R Extensions’ manual.
Flavors: r-devel-linux-x86_64-debian-clang, r-devel-linux-x86_64-debian-gcc, r-devel-linux-x86_64-fedora-clang, r-devel-linux-x86_64-fedora-gcc, r-patched-linux-x86_64, r-release-linux-x86_64