CRAN Package Check Results for Package fingerprint

Last updated on 2017-03-28 15:48:07.

Flavor Version Tinstall Tcheck Ttotal Status Flags
r-devel-linux-x86_64-debian-clang 3.5.4 1.64 17.92 19.55 NOTE
r-devel-linux-x86_64-debian-gcc 3.5.4 1.53 17.66 19.19 NOTE
r-devel-linux-x86_64-fedora-clang 3.5.4 33.80 NOTE --no-stop-on-test-error
r-devel-linux-x86_64-fedora-gcc 3.5.4 32.27 NOTE --no-stop-on-test-error
r-devel-macos-x86_64-clang 3.5.4 28.13 NOTE --no-stop-on-test-error
r-devel-windows-ix86+x86_64 3.5.4 7.00 49.00 56.00 OK
r-patched-linux-x86_64 3.5.4 1.62 17.78 19.40 NOTE
r-patched-solaris-sparc 3.5.4 203.70 OK
r-patched-solaris-x86 3.5.4 47.10 OK
r-release-linux-x86_64 3.5.4 1.35 14.81 16.16 OK
r-release-osx-x86_64-mavericks 3.5.4 OK
r-release-windows-ix86+x86_64 3.5.4 17.00 109.00 126.00 OK
r-oldrel-windows-ix86+x86_64 3.5.4 9.00 53.00 62.00 OK

Check Details

Version: 3.5.4
Check: compiled code
Result: NOTE
    File ‘fingerprint/libs/fingerprint.so’:
     Found no calls to: ‘R_registerRoutines’, ‘R_useDynamicSymbols’
    
    It is good practice to register native routines and to disable symbol
    search.
    
    See ‘Writing portable packages’ in the ‘Writing R Extensions’ manual.
Flavors: r-devel-linux-x86_64-debian-clang, r-devel-linux-x86_64-debian-gcc, r-patched-linux-x86_64

Version: 3.5.4
Flags: --no-stop-on-test-error
Check: compiled code
Result: NOTE
    File ‘fingerprint/libs/fingerprint.so’:
     Found no calls to: ‘R_registerRoutines’, ‘R_useDynamicSymbols’
    
    It is good practice to register native routines and to disable symbol
    search.
    
    See ‘Writing portable packages’ in the ‘Writing R Extensions’ manual.
Flavors: r-devel-linux-x86_64-fedora-clang, r-devel-linux-x86_64-fedora-gcc, r-devel-macos-x86_64-clang