CRAN Package Check Results for Package fingerprint

Last updated on 2015-07-05 14:46:30.

Flavor Version Tinstall Tcheck Ttotal Status Flags
r-devel-linux-x86_64-debian-clang 3.5.2 1.24 15.12 16.36 NOTE
r-devel-linux-x86_64-debian-gcc 3.5.2 1.26 14.94 16.20 NOTE
r-devel-linux-x86_64-fedora-clang 3.5.2 29.84 NOTE
r-devel-linux-x86_64-fedora-gcc 3.5.2 27.94 NOTE
r-devel-osx-x86_64-clang 3.5.2 29.73 NOTE
r-devel-windows-ix86+x86_64 3.5.2 7.00 35.00 42.00 NOTE
r-patched-linux-x86_64 3.5.2 1.27 14.41 15.68 NOTE
r-patched-solaris-sparc 3.5.2 195.40 NOTE
r-patched-solaris-x86 3.5.2 44.00 NOTE
r-release-linux-x86_64 3.5.2 1.22 14.39 15.62 NOTE
r-release-osx-x86_64-mavericks 3.5.2 NOTE
r-release-windows-ix86+x86_64 3.5.2 8.00 35.00 43.00 NOTE
r-oldrel-windows-ix86+x86_64 3.5.2 11.00 39.00 50.00 NOTE

Check Details

Version: 3.5.2
Check: package namespace information
Result: NOTE
     Namespace with empty importFrom: ‘methods’
Flavors: r-devel-linux-x86_64-debian-clang, r-devel-linux-x86_64-debian-gcc, r-devel-linux-x86_64-fedora-clang, r-devel-linux-x86_64-fedora-gcc, r-devel-osx-x86_64-clang, r-devel-windows-ix86+x86_64, r-patched-linux-x86_64, r-patched-solaris-sparc, r-patched-solaris-x86, r-release-linux-x86_64, r-release-osx-x86_64-mavericks, r-release-windows-ix86+x86_64, r-oldrel-windows-ix86+x86_64

Version: 3.5.2
Check: R code for possible problems
Result: NOTE
    balance : <anonymous>: no visible global function definition for ‘new’
    balance: no visible global function definition for ‘new’
    fp.read: no visible global function definition for ‘new’
    fp.read : <anonymous>: no visible global function definition for ‘new’
    !,fingerprint: no visible global function definition for ‘new’
    &,fingerprint-fingerprint: no visible global function definition for
     ‘new’
    c,feature: no visible global function definition for ‘new’
    fold,fingerprint: no visible global function definition for ‘new’
    random.fingerprint,numeric-numeric: no visible global function
     definition for ‘new’
    xor,fingerprint-fingerprint: no visible global function definition for
     ‘new’
    |,fingerprint-fingerprint: no visible global function definition for
     ‘new’
    Undefined global functions or variables:
     new
Flavors: r-devel-linux-x86_64-debian-clang, r-devel-linux-x86_64-debian-gcc, r-devel-linux-x86_64-fedora-clang, r-devel-linux-x86_64-fedora-gcc, r-devel-windows-ix86+x86_64