CRAN Package Check Results for Package fingerprint

Last updated on 2014-04-23 12:48:18.

Flavor Version Tinstall Tcheck Ttotal Status Flags
r-devel-linux-x86_64-debian-clang 3.5.2 1.46 17.46 18.92 OK
r-devel-linux-x86_64-debian-gcc 3.5.2 1.50 17.38 18.88 OK
r-devel-linux-x86_64-fedora-clang 3.5.2 36.24 OK
r-devel-linux-x86_64-fedora-gcc 3.5.2 36.13 OK
r-devel-osx-x86_64-clang 3.5.2 34.30 OK
r-devel-osx-x86_64-gcc 3.5.2 OK
r-devel-windows-ix86+x86_64 3.5.2 7.00 33.00 40.00 OK
r-patched-linux-x86_64 3.5.2 1.49 18.10 19.59 OK
r-patched-solaris-sparc 3.5.2 207.80 OK
r-patched-solaris-x86 3.5.2 51.30 OK
r-release-linux-ix86 3.5.2 3.00 33.00 36.00 OK
r-release-linux-x86_64 3.5.2 1.44 17.25 18.70 OK
r-release-osx-x86_64-mavericks 3.5.2 WARN
r-release-osx-x86_64-snowleopard 3.5.2 OK
r-release-windows-ix86+x86_64 3.5.2 12.00 49.00 61.00 OK
r-oldrel-windows-ix86+x86_64 3.5.2 7.00 34.00 41.00 OK

Check Details

Version: 3.5.2
Check: PDF version of manual
Result: WARNING
    LaTeX errors when creating PDF version.
    This typically indicates Rd problems.
    LaTeX errors found:
    ! LaTeX Error: File `upquote.sty' not found.
    
    Type X to quit or <RETURN> to proceed,
    or enter new name. (Default extension: sty)
    
    85b9b3/Rd2.tex:8: ==> Fatal error occurred, no output PDF file produced!
Flavor: r-release-osx-x86_64-mavericks