CRAN Package Check Results for Package fingerprint

Last updated on 2014-10-31 23:47:28.

Flavor Version Tinstall Tcheck Ttotal Status Flags
r-devel-linux-x86_64-debian-clang 3.5.2 1.44 17.41 18.84 NOTE
r-devel-linux-x86_64-debian-gcc 3.5.2 1.40 16.85 18.26 NOTE
r-devel-linux-x86_64-fedora-clang 3.5.2 35.16 NOTE
r-devel-linux-x86_64-fedora-gcc 3.5.2 32.28 NOTE
r-devel-osx-x86_64-clang 3.5.2 36.29 NOTE
r-devel-windows-ix86+x86_64 3.5.2 7.00 31.00 38.00 NOTE
r-patched-linux-x86_64 3.5.2 1.49 16.46 17.94 NOTE
r-patched-solaris-sparc 3.5.2 204.40 NOTE
r-patched-solaris-x86 3.5.2 50.40 NOTE
r-release-linux-ix86 3.5.2 2.03 23.61 25.64 OK
r-release-linux-x86_64 3.5.2 1.40 17.07 18.47 OK
r-release-osx-x86_64-mavericks 3.5.2 OK
r-release-osx-x86_64-snowleopard 3.5.2 OK
r-release-windows-ix86+x86_64 3.5.2 7.00 32.00 39.00 OK
r-oldrel-windows-ix86+x86_64 3.5.2 9.00 31.00 40.00 OK

Check Details

Version: 3.5.2
Check: package namespace information
Result: NOTE
     Namespace with empty importFrom: ‘methods’
Flavors: r-devel-linux-x86_64-debian-clang, r-devel-linux-x86_64-debian-gcc, r-devel-linux-x86_64-fedora-clang, r-devel-linux-x86_64-fedora-gcc, r-devel-osx-x86_64-clang, r-devel-windows-ix86+x86_64, r-patched-linux-x86_64, r-patched-solaris-sparc, r-patched-solaris-x86