CRAN Package Check Results for Package fingertipscharts

Last updated on 2019-04-21 20:48:16 CEST.

Flavor Version Tinstall Tcheck Ttotal Status Flags
r-devel-linux-x86_64-debian-clang 0.0.5 13.71 177.66 191.37 OK
r-devel-linux-x86_64-debian-gcc 0.0.5 11.46 141.48 152.94 OK
r-devel-linux-x86_64-fedora-clang 0.0.5 198.96 NOTE
r-devel-linux-x86_64-fedora-gcc 0.0.5 190.34 NOTE
r-devel-windows-ix86+x86_64 0.0.5 40.00 331.00 371.00 OK
r-patched-linux-x86_64 0.0.5 13.01 174.99 188.00 OK
r-patched-solaris-x86 0.0.5 297.80 WARN
r-release-linux-x86_64 0.0.5 8.44 176.28 184.72 OK
r-release-windows-ix86+x86_64 0.0.5 19.00 429.00 448.00 OK
r-release-osx-x86_64 0.0.5 WARN
r-oldrel-windows-ix86+x86_64 0.0.5 27.00 449.00 476.00 OK
r-oldrel-osx-x86_64 0.0.4 WARN

Check Details

Version: 0.0.5
Check: dependencies in R code
Result: NOTE
    Namespaces in Imports field not imported from:
     ‘curl’ ‘mapproj’
     All declared Imports should be used.
Flavors: r-devel-linux-x86_64-fedora-clang, r-devel-linux-x86_64-fedora-gcc, r-patched-solaris-x86, r-release-osx-x86_64

Version: 0.0.5
Check: re-building of vignette outputs
Result: WARN
    Error(s) in re-building vignettes:
     ...
    --- re-building ‘quick_charts.Rmd’ using rmarkdown
    Warning in engine$weave(file, quiet = quiet, encoding = enc) :
     Pandoc (>= 1.12.3) and/or pandoc-citeproc not available. Falling back to R Markdown v1.
    
    Attaching package: 'dplyr'
    
    The following objects are masked from 'package:stats':
    
     filter, lag
    
    The following objects are masked from 'package:base':
    
     intersect, setdiff, setequal, union
    
    Warning: Removed 2 rows containing missing values (geom_point).
    Quitting from lines 138-147 (quick_charts.Rmd)
    Error: processing vignette 'quick_charts.Rmd' failed with diagnostics:
    there is no package called 'webshot'
    --- failed re-building ‘quick_charts.Rmd’
    
    SUMMARY: processing the following file failed:
     ‘quick_charts.Rmd’
    
    Error: Vignette re-building failed.
    Execution halted
Flavor: r-patched-solaris-x86

Version: 0.0.5
Check: re-building of vignette outputs
Result: WARN
    Error in re-building vignettes:
     ...
    Warning in engine$weave(file, quiet = quiet, encoding = enc) :
     Pandoc (>= 1.12.3) and/or pandoc-citeproc not available. Falling back to R Markdown v1.
    
    Attaching package: 'dplyr'
    
    The following objects are masked from 'package:stats':
    
     filter, lag
    
    The following objects are masked from 'package:base':
    
     intersect, setdiff, setequal, union
    
    Warning: Removed 2 rows containing missing values (geom_point).
    Warning in normalizePath(f2) :
     path[1]="webshot23a9165cc5e6.png": No such file or directory
    Warning in file(con, "rb") :
     cannot open file 'webshot23a9165cc5e6.png': No such file or directory
    Quitting from lines 138-147 (quick_charts.Rmd)
    Error: processing vignette 'quick_charts.Rmd' failed with diagnostics:
    cannot open the connection
    Execution halted
Flavor: r-release-osx-x86_64

Version: 0.0.4
Check: dependencies in R code
Result: NOTE
    Namespaces in Imports field not imported from:
     ‘curl’ ‘mapproj’
     All declared Imports should be used.
Flavor: r-oldrel-osx-x86_64

Version: 0.0.4
Check: re-building of vignette outputs
Result: WARN
    Error in re-building vignettes:
     ...
    Warning in engine$weave(file, quiet = quiet, encoding = enc) :
     Pandoc (>= 1.12.3) and/or pandoc-citeproc not available. Falling back to R Markdown v1.
    
    Attaching package: 'dplyr'
    
    The following objects are masked from 'package:stats':
    
     filter, lag
    
    The following objects are masked from 'package:base':
    
     intersect, setdiff, setequal, union
    
    Warning: Removed 2 rows containing missing values (geom_point).
    Warning in normalizePath(f2) :
     path[1]="./webshot10c7264445c14.png": No such file or directory
    Warning in file(con, "rb") :
     cannot open file './webshot10c7264445c14.png': No such file or directory
    Quitting from lines 137-146 (quick_charts.Rmd)
    Error: processing vignette 'quick_charts.Rmd' failed with diagnostics:
    cannot open the connection
    Execution halted
Flavor: r-oldrel-osx-x86_64