Last updated on 2022-08-10 09:53:40 CEST.
Flavor | Version | Tinstall | Tcheck | Ttotal | Status | Flags |
---|---|---|---|---|---|---|
r-devel-linux-x86_64-debian-clang | 0.2.0 | 39.73 | 738.93 | 778.66 | OK | |
r-devel-linux-x86_64-debian-gcc | 0.2.0 | 32.75 | 551.12 | 583.87 | OK | |
r-devel-linux-x86_64-fedora-clang | 0.2.0 | 852.32 | NOTE | |||
r-devel-linux-x86_64-fedora-gcc | 0.2.0 | 961.33 | OK | |||
r-devel-windows-x86_64 | 0.2.0 | 49.00 | 755.00 | 804.00 | OK | |
r-patched-linux-x86_64 | 0.2.0 | 35.26 | 696.63 | 731.89 | OK | |
r-release-linux-x86_64 | 0.2.0 | OK | ||||
r-release-macos-arm64 | 0.2.0 | 163.00 | OK | |||
r-release-macos-x86_64 | 0.2.0 | 286.00 | OK | |||
r-release-windows-x86_64 | 0.2.0 | 47.00 | 749.00 | 796.00 | OK | |
r-oldrel-macos-arm64 | 0.2.0 | 164.00 | OK | |||
r-oldrel-macos-x86_64 | 0.2.0 | 292.00 | OK | |||
r-oldrel-windows-ix86+x86_64 | 0.2.0 | 84.00 | 835.00 | 919.00 | OK |
Version: 0.2.0
Check: package dependencies
Result: NOTE
Imports includes 29 non-default packages.
Importing from so many packages makes the package vulnerable to any of
them becoming unavailable. Move as many as possible to Suggests and
use conditionally.
Flavor: r-devel-linux-x86_64-fedora-clang