CRAN Package Check Results for Package fishMod

Last updated on 2021-04-17 16:48:53 CEST.

Flavor Version Tinstall Tcheck Ttotal Status Flags
r-devel-linux-x86_64-debian-clang 0.29 5.88 26.64 32.52 OK
r-devel-linux-x86_64-debian-gcc 0.29 4.23 20.79 25.02 OK
r-devel-linux-x86_64-fedora-clang 0.29 51.08 NOTE
r-devel-linux-x86_64-fedora-gcc 0.29 37.66 NOTE
r-devel-windows-ix86+x86_64 0.29 14.00 50.00 64.00 OK
r-devel-windows-x86_64-gcc10-UCRT 0.29 OK
r-patched-linux-x86_64 0.29 5.60 25.50 31.10 OK
r-patched-solaris-x86 0.29 55.60 OK
r-release-linux-x86_64 0.29 5.38 25.60 30.98 OK
r-release-macos-x86_64 0.29 OK
r-release-windows-ix86+x86_64 0.29 12.00 39.00 51.00 OK
r-oldrel-macos-x86_64 0.29 OK
r-oldrel-windows-ix86+x86_64 0.29 13.00 62.00 75.00 OK

Check Details

Version: 0.29
Check: compiled code
Result: NOTE
    File ‘fishMod/libs/fishMod.so’:
     Found no calls to: ‘R_registerRoutines’, ‘R_useDynamicSymbols’
    
    It is good practice to register native routines and to disable symbol
    search.
    
    See ‘Writing portable packages’ in the ‘Writing R Extensions’ manual.
Flavors: r-devel-linux-x86_64-fedora-clang, r-devel-linux-x86_64-fedora-gcc