CRAN Package Check Results for Package fishkirkko2015

Last updated on 2024-02-29 15:53:45 CET.

Flavor Version Tinstall Tcheck Ttotal Status Flags
r-devel-linux-x86_64-debian-clang 1.0.0 1.67 20.18 21.85 OK
r-devel-linux-x86_64-debian-gcc 1.0.0 1.24 16.16 17.40 OK
r-devel-linux-x86_64-fedora-clang 1.0.0 28.03 NOTE
r-devel-linux-x86_64-fedora-gcc 1.0.0 26.64 NOTE
r-devel-windows-x86_64 1.0.0 2.00 36.00 38.00 OK
r-patched-linux-x86_64 1.0.0 1.84 20.18 22.02 OK
r-release-linux-x86_64 1.0.0 1.65 19.84 21.49 OK
r-release-macos-arm64 1.0.0 14.00 OK
r-release-macos-x86_64 1.0.0 17.00 OK
r-release-windows-x86_64 1.0.0 3.00 35.00 38.00 OK
r-oldrel-macos-arm64 1.0.0 13.00 OK
r-oldrel-windows-x86_64 1.0.0 4.00 43.00 47.00 OK

Check Details

Version: 1.0.0
Check: data for non-ASCII characters
Result: NOTE Note: found 7 marked UTF-8 strings Flavors: r-devel-linux-x86_64-fedora-clang, r-devel-linux-x86_64-fedora-gcc