CRAN Package Check Results for Package fishmethods

Last updated on 2015-04-18 21:49:01.

Flavor Version Tinstall Tcheck Ttotal Status Flags
r-devel-linux-x86_64-debian-clang 1.7-0 1.53 51.10 52.62 NOTE
r-devel-linux-x86_64-debian-gcc 1.7-0 1.43 53.09 54.52 NOTE
r-devel-linux-x86_64-fedora-clang 1.7-0 101.20 NOTE
r-devel-linux-x86_64-fedora-gcc 1.7-0 95.18 NOTE
r-devel-osx-x86_64-clang 1.7-0 88.54 NOTE
r-patched-linux-x86_64 1.7-0 1.47 50.09 51.56 NOTE
r-patched-solaris-sparc 1.7-0 640.80 NOTE
r-patched-solaris-x86 1.7-0 111.50 NOTE
r-release-linux-x86_64 1.7-0 1.43 55.92 57.35 NOTE
r-release-osx-x86_64-mavericks 1.7-0 NOTE
r-release-osx-x86_64-snowleopard 1.7-0 NOTE
r-release-windows-ix86+x86_64 1.7-0 4.00 96.00 100.00 NOTE
r-oldrel-windows-ix86+x86_64 1.7-0 7.00 112.00 119.00 OK

Check Details

Version: 1.7-0
Check: DESCRIPTION meta-information
Result: NOTE
    Malformed Description field: should contain one or more complete sentences.
Flavors: r-devel-linux-x86_64-debian-clang, r-devel-linux-x86_64-debian-gcc, r-devel-linux-x86_64-fedora-clang, r-devel-linux-x86_64-fedora-gcc, r-devel-osx-x86_64-clang, r-patched-linux-x86_64, r-patched-solaris-sparc, r-patched-solaris-x86, r-release-linux-x86_64, r-release-osx-x86_64-mavericks, r-release-osx-x86_64-snowleopard, r-release-windows-ix86+x86_64