CRAN Package Check Results for Package fishmethods

Last updated on 2015-05-22 09:47:33.

Flavor Version Tinstall Tcheck Ttotal Status Flags
r-devel-linux-x86_64-debian-clang 1.7-0 1.46 51.25 52.71 NOTE
r-devel-linux-x86_64-debian-gcc 1.7-0 1.44 49.68 51.12 NOTE
r-devel-linux-x86_64-fedora-clang 1.7-0 101.81 NOTE
r-devel-linux-x86_64-fedora-gcc 1.7-0 95.45 NOTE
r-devel-osx-x86_64-clang 1.7-0 96.11 NOTE
r-devel-windows-ix86+x86_64 1.7-0 9.00 74.00 83.00 NOTE
r-patched-linux-x86_64 1.7-0 1.41 50.77 52.18 NOTE
r-patched-solaris-sparc 1.7-0 640.80 NOTE
r-patched-solaris-x86 1.7-0 111.60 NOTE
r-release-linux-x86_64 1.7-0 1.45 49.95 51.40 NOTE
r-release-osx-x86_64-mavericks 1.7-0 NOTE
r-release-osx-x86_64-snowleopard 1.7-0 NOTE
r-release-windows-ix86+x86_64 1.7-0 6.00 72.00 78.00 NOTE
r-oldrel-windows-ix86+x86_64 1.7-0 8.00 83.00 91.00 OK

Check Details

Version: 1.7-0
Check: DESCRIPTION meta-information
Result: NOTE
    Malformed Description field: should contain one or more complete sentences.
Flavors: r-devel-linux-x86_64-debian-clang, r-devel-linux-x86_64-debian-gcc, r-devel-linux-x86_64-fedora-clang, r-devel-linux-x86_64-fedora-gcc, r-devel-osx-x86_64-clang, r-devel-windows-ix86+x86_64, r-patched-linux-x86_64, r-patched-solaris-sparc, r-patched-solaris-x86, r-release-linux-x86_64, r-release-osx-x86_64-mavericks, r-release-osx-x86_64-snowleopard, r-release-windows-ix86+x86_64