Last updated on 2023-06-06 05:00:35 CEST.
Flavor | Version | Tinstall | Tcheck | Ttotal | Status | Flags |
---|---|---|---|---|---|---|
r-devel-linux-x86_64-debian-clang | 1.12-1 | 114.94 | 238.49 | 353.43 | OK | |
r-devel-linux-x86_64-debian-gcc | 1.12-1 | 96.89 | 173.10 | 269.99 | OK | |
r-devel-linux-x86_64-fedora-clang | 1.12-1 | 435.40 | OK | |||
r-devel-linux-x86_64-fedora-gcc | 1.12-1 | 453.54 | OK | |||
r-devel-windows-x86_64 | 1.12-1 | 86.00 | 205.00 | 291.00 | NOTE | |
r-patched-linux-x86_64 | 1.12-1 | 100.29 | 225.01 | 325.30 | OK | |
r-release-linux-x86_64 | 1.12-1 | 103.91 | 225.80 | 329.71 | OK | |
r-release-macos-arm64 | 1.12-1 | 102.00 | NOTE | |||
r-release-macos-x86_64 | 1.12-0 | 188.00 | NOTE | |||
r-release-windows-x86_64 | 1.12-1 | 114.00 | 253.00 | 367.00 | NOTE | |
r-oldrel-macos-arm64 | 1.12-1 | 90.00 | NOTE | |||
r-oldrel-macos-x86_64 | 1.12-1 | 136.00 | NOTE | |||
r-oldrel-windows-x86_64 | 1.12-1 | 104.00 | 243.00 | 347.00 | NOTE |
Version: 1.12-1
Check: installed package size
Result: NOTE
installed size is 14.0Mb
sub-directories of 1Mb or more:
libs 12.7Mb
Flavors: r-devel-windows-x86_64, r-release-macos-arm64, r-release-windows-x86_64, r-oldrel-macos-arm64, r-oldrel-macos-x86_64, r-oldrel-windows-x86_64
Version: 1.12-0
Check: installed package size
Result: NOTE
installed size is 28.4Mb
sub-directories of 1Mb or more:
libs 27.2Mb
Flavor: r-release-macos-x86_64