CRAN Package Check Results for Package fishmethods

Last updated on 2015-03-05 02:47:38.

Flavor Version Tinstall Tcheck Ttotal Status Flags
r-devel-linux-x86_64-debian-clang 1.7-0 1.48 51.49 52.97 NOTE
r-devel-linux-x86_64-debian-gcc 1.7-0 1.44 50.00 51.44 NOTE
r-devel-linux-x86_64-fedora-clang 1.7-0 101.72 NOTE
r-devel-linux-x86_64-fedora-gcc 1.7-0 96.17 NOTE
r-devel-osx-x86_64-clang 1.7-0 94.11 NOTE
r-devel-windows-ix86+x86_64 1.7-0 6.00 73.00 79.00 NOTE
r-patched-linux-x86_64 1.7-0 1.75 56.96 58.72 OK
r-patched-solaris-sparc 1.7-0 693.70 OK
r-patched-solaris-x86 1.7-0 122.00 OK
r-release-linux-ix86 1.7-0 2.08 81.70 83.79 OK
r-release-linux-x86_64 1.7-0 1.61 64.84 66.45 OK
r-release-osx-x86_64-mavericks 1.7-0 OK
r-release-osx-x86_64-snowleopard 1.7-0 OK
r-release-windows-ix86+x86_64 1.7-0 8.00 82.00 90.00 OK
r-oldrel-windows-ix86+x86_64 1.7-0 7.00 110.00 117.00 OK

Check Details

Version: 1.7-0
Check: DESCRIPTION meta-information
Result: NOTE
    Malformed Description field: should contain one or more complete sentences.
Flavors: r-devel-linux-x86_64-debian-clang, r-devel-linux-x86_64-debian-gcc, r-devel-linux-x86_64-fedora-clang, r-devel-linux-x86_64-fedora-gcc, r-devel-osx-x86_64-clang, r-devel-windows-ix86+x86_64