CRAN Package Check Results for Package fishmethods

Last updated on 2024-06-18 14:50:28 CEST.

Flavor Version Tinstall Tcheck Ttotal Status Flags
r-devel-linux-x86_64-debian-clang 1.12-1 140.19 231.80 371.99 OK
r-devel-linux-x86_64-debian-gcc 1.12-1 118.53 166.86 285.39 OK
r-devel-linux-x86_64-fedora-clang 1.12-1 464.60 OK
r-devel-linux-x86_64-fedora-gcc 1.12-1 512.16 OK
r-devel-windows-x86_64 1.12-1 104.00 195.00 299.00 NOTE
r-patched-linux-x86_64 1.12-1 106.63 222.09 328.72 OK
r-release-linux-x86_64 1.12-1 126.22 227.87 354.09 OK
r-release-macos-arm64 1.12-1 103.00 NOTE
r-release-macos-x86_64 1.12-1 191.00 NOTE
r-release-windows-x86_64 1.12-1 102.00 195.00 297.00 NOTE
r-oldrel-macos-arm64 1.12-1 102.00 NOTE
r-oldrel-macos-x86_64 1.12-1 257.00 NOTE
r-oldrel-windows-x86_64 1.12-1 138.00 248.00 386.00 NOTE

Check Details

Version: 1.12-1
Check: installed package size
Result: NOTE installed size is 13.9Mb sub-directories of 1Mb or more: libs 12.7Mb Flavors: r-devel-windows-x86_64, r-release-macos-arm64, r-release-macos-x86_64, r-release-windows-x86_64, r-oldrel-macos-arm64, r-oldrel-macos-x86_64, r-oldrel-windows-x86_64