CRAN Package Check Results for Package fishmove

Last updated on 2014-04-19 11:48:50.

Flavor Version Tinstall Tcheck Ttotal Status Flags
r-devel-linux-x86_64-debian-clang 0.2-1 1.64 37.40 39.05 OK
r-devel-linux-x86_64-debian-gcc 0.2-1 1.60 39.24 40.83 OK
r-devel-linux-x86_64-fedora-clang 0.2-1 81.57 OK
r-devel-linux-x86_64-fedora-gcc 0.2-1 78.31 OK
r-devel-macosx-x86_64-clang 0.2-1 67.14 OK
r-devel-macosx-x86_64-gcc 0.2-1 ERROR
r-devel-windows-ix86+x86_64 0.2-1 7.00 57.00 64.00 OK
r-patched-linux-x86_64 0.2-1 1.64 37.83 39.47 OK
r-patched-solaris-sparc 0.2-1 424.90 OK
r-patched-solaris-x86 0.2-1 93.90 OK
r-release-linux-ix86 0.2-1 4.00 66.00 70.00 OK
r-release-linux-x86_64 0.2-1 1.62 39.69 41.32 OK
r-release-macosx-x86_64 0.2-1 OK
r-release-windows-ix86+x86_64 0.2-1 9.00 62.00 71.00 OK
r-oldrel-windows-ix86+x86_64 0.2-1 7.00 62.00 69.00 OK

Check Details

Version: 0.2-1
Check: package dependencies
Result: ERROR
    Package required but not available: ‘ggplot2’
    
    See the information on DESCRIPTION files in the chapter ‘Creating R
    packages’ of the ‘Writing R Extensions’ manual.
Flavor: r-devel-macosx-x86_64-gcc