CRAN Package Check Results for Package fishmove

Last updated on 2014-09-01 19:46:23.

Flavor Version Tinstall Tcheck Ttotal Status Flags
r-devel-linux-x86_64-debian-clang 0.2-1 1.40 32.81 34.20 NOTE
r-devel-linux-x86_64-debian-gcc 0.2-1 1.37 32.64 34.01 NOTE
r-devel-linux-x86_64-fedora-clang 0.2-1 75.32 NOTE
r-devel-linux-x86_64-fedora-gcc 0.2-1 70.33 NOTE
r-devel-osx-x86_64-clang 0.2-1 60.88 NOTE
r-devel-windows-ix86+x86_64 0.2-1 7.00 51.00 58.00 NOTE
r-patched-linux-x86_64 0.2-1 1.47 35.26 36.74 OK
r-patched-solaris-sparc 0.2-1 439.30 OK
r-patched-solaris-x86 0.2-1 91.80 OK
r-release-linux-ix86 0.2-1 1.90 44.63 46.52 OK
r-release-linux-x86_64 0.2-1 1.50 37.03 38.54 OK
r-release-osx-x86_64-mavericks 0.2-1 OK
r-release-osx-x86_64-snowleopard 0.2-1 OK
r-release-windows-ix86+x86_64 0.2-1 6.00 60.00 66.00 OK
r-oldrel-windows-ix86+x86_64 0.2-1 7.00 58.00 65.00 OK

Check Details

Version: 0.2-1
Check: R code for possible problems
Result: NOTE
    fishmove: no visible binding for global variable ‘speciesfishmove’
    fishmove: no visible binding for global variable ‘datafishmove’
Flavors: r-devel-linux-x86_64-debian-clang, r-devel-linux-x86_64-debian-gcc, r-devel-linux-x86_64-fedora-clang, r-devel-linux-x86_64-fedora-gcc, r-devel-osx-x86_64-clang, r-devel-windows-ix86+x86_64