CRAN Package Check Results for Package fishmove

Last updated on 2015-07-30 15:48:10.

Flavor Version Tinstall Tcheck Ttotal Status Flags
r-devel-linux-x86_64-debian-clang 0.3-3 1.30 28.43 29.73 NOTE
r-devel-linux-x86_64-debian-gcc 0.3-3 1.14 28.19 29.33 NOTE
r-devel-linux-x86_64-fedora-clang 0.3-3 63.57 NOTE
r-devel-linux-x86_64-fedora-gcc 0.3-3 58.16 NOTE
r-devel-osx-x86_64-clang 0.3-3 48.57 OK
r-devel-windows-ix86+x86_64 0.3-3 5.00 52.00 57.00 NOTE
r-patched-linux-x86_64 0.3-3 1.17 28.30 29.47 OK
r-patched-solaris-sparc 0.3-3 393.00 OK
r-patched-solaris-x86 0.3-3 79.70 OK
r-release-linux-x86_64 0.3-3 1.16 30.02 31.18 OK
r-release-osx-x86_64-mavericks 0.3-3 OK
r-release-windows-ix86+x86_64 0.3-3 6.00 51.00 57.00 OK
r-oldrel-windows-ix86+x86_64 0.3-3 10.00 69.00 79.00 OK

Check Details

Version: 0.3-3
Check: R code for possible problems
Result: NOTE
    fishmove : coefs: no visible global function definition for ‘coef’
    fishmove : coefs: no visible global function definition for ‘pf’
    fishmove: no visible global function definition for ‘lm’
    fishmove: no visible global function definition for ‘predict.lm’
    fishmove.estimate: no visible global function definition for ‘quantile’
    fishmove.estimate : ddoublenorm: no visible global function definition
     for ‘dnorm’
    fishmove.query: no visible global function definition for ‘hasArg’
    fishmove.query : f: no visible global function definition for ‘pnorm’
    fishmove.query: no visible global function definition for ‘uniroot’
    pdk: no visible global function definition for ‘hasArg’
    pdk : eq: no visible global function definition for ‘dnorm’
    Undefined global functions or variables:
     coef dnorm hasArg lm pf pnorm predict.lm quantile uniroot
    Consider adding
     importFrom("methods", "hasArg")
     importFrom("stats", "coef", "dnorm", "lm", "pf", "pnorm", "predict.lm",
     "quantile", "uniroot")
    to your NAMESPACE.
Flavors: r-devel-linux-x86_64-debian-clang, r-devel-linux-x86_64-debian-gcc, r-devel-linux-x86_64-fedora-clang, r-devel-linux-x86_64-fedora-gcc, r-devel-windows-ix86+x86_64