CRAN Package Check Results for Package fishmove

Last updated on 2015-05-03 11:47:35.

Flavor Version Tinstall Tcheck Ttotal Status Flags
r-devel-linux-x86_64-debian-clang 0.3-1 1.14 31.54 32.68 OK
r-devel-linux-x86_64-debian-gcc 0.3-1 1.14 28.50 29.64 OK
r-devel-linux-x86_64-fedora-clang 0.3-1 60.18 OK
r-devel-linux-x86_64-fedora-gcc 0.3-1 57.00 OK
r-devel-osx-x86_64-clang 0.3-1 56.03 OK
r-devel-windows-ix86+x86_64 0.3-1 5.00 50.00 55.00 OK
r-patched-linux-x86_64 0.3-1 1.12 28.42 29.53 OK
r-patched-solaris-sparc 0.3-1 328.80 OK
r-patched-solaris-x86 0.3-1 75.20 OK
r-release-linux-x86_64 0.3-1 1.13 29.17 30.30 OK
r-release-osx-x86_64-mavericks 0.3-1 OK
r-release-osx-x86_64-snowleopard 0.3-1 ERROR
r-release-windows-ix86+x86_64 0.3-1 4.00 49.00 53.00 OK
r-oldrel-windows-ix86+x86_64 0.3-1 6.00 60.00 66.00 OK

Check Details

Version: 0.3-1
Check: package dependencies
Result: ERROR
    Package required but not available: ‘ggplot2’
    
    See section ‘The DESCRIPTION file’ in the ‘Writing R Extensions’
    manual.
Flavor: r-release-osx-x86_64-snowleopard