CRAN Package Check Results for Package fishmove

Last updated on 2014-12-19 12:48:16.

Flavor Version Tinstall Tcheck Ttotal Status Flags
r-devel-linux-x86_64-debian-clang 0.2-1 1.42 35.46 36.88 NOTE
r-devel-linux-x86_64-debian-gcc 0.2-1 1.46 31.10 32.55 NOTE
r-devel-linux-x86_64-fedora-clang 0.2-1 76.02 NOTE
r-devel-linux-x86_64-fedora-gcc 0.2-1 64.24 NOTE
r-devel-osx-x86_64-clang 0.2-1 66.48 NOTE
r-devel-windows-ix86+x86_64 0.2-1 7.00 52.00 59.00 NOTE
r-patched-linux-x86_64 0.2-1 1.46 34.96 36.41 NOTE
r-patched-solaris-sparc 0.2-1 422.90 NOTE
r-patched-solaris-x86 0.2-1 89.50 NOTE
r-release-linux-ix86 0.2-1 1.86 43.08 44.94 NOTE
r-release-linux-x86_64 0.2-1 1.45 35.02 36.47 NOTE
r-release-osx-x86_64-mavericks 0.2-1 OK
r-release-osx-x86_64-snowleopard 0.2-1 OK
r-release-windows-ix86+x86_64 0.2-1 7.00 59.00 66.00 NOTE
r-oldrel-windows-ix86+x86_64 0.2-1 7.00 54.00 61.00 OK

Check Details

Version: 0.2-1
Check: R code for possible problems
Result: NOTE
    fishmove: no visible binding for global variable ‘speciesfishmove’
    fishmove: no visible binding for global variable ‘datafishmove’
Flavors: r-devel-linux-x86_64-debian-clang, r-devel-linux-x86_64-debian-gcc, r-devel-linux-x86_64-fedora-clang, r-devel-linux-x86_64-fedora-gcc, r-devel-osx-x86_64-clang, r-devel-windows-ix86+x86_64, r-patched-linux-x86_64, r-patched-solaris-sparc, r-patched-solaris-x86, r-release-linux-ix86, r-release-linux-x86_64, r-release-windows-ix86+x86_64