CRAN Package Check Results for Package fishmove

Last updated on 2015-03-05 23:48:15.

Flavor Version Tinstall Tcheck Ttotal Status Flags
r-devel-linux-x86_64-debian-clang 0.2-1 1.51 31.71 33.22 NOTE
r-devel-linux-x86_64-debian-gcc 0.2-1 1.20 30.72 31.93 NOTE
r-devel-linux-x86_64-fedora-clang 0.2-1 60.23 NOTE
r-devel-linux-x86_64-fedora-gcc 0.2-1 57.58 NOTE
r-devel-osx-x86_64-clang 0.2-1 61.92 NOTE
r-devel-windows-ix86+x86_64 0.2-1 4.00 45.00 49.00 NOTE
r-patched-linux-x86_64 0.2-1 1.96 38.96 40.92 NOTE
r-patched-solaris-sparc 0.2-1 454.50 NOTE
r-patched-solaris-x86 0.2-1 89.90 NOTE
r-release-linux-ix86 0.2-1 2.11 52.03 54.14 NOTE
r-release-linux-x86_64 0.2-1 1.96 38.06 40.02 NOTE
r-release-osx-x86_64-mavericks 0.2-1 NOTE
r-release-osx-x86_64-snowleopard 0.2-1 OK
r-release-windows-ix86+x86_64 0.2-1 7.00 68.00 75.00 NOTE
r-oldrel-windows-ix86+x86_64 0.2-1 10.00 60.00 70.00 OK

Check Details

Version: 0.2-1
Check: S3 generic/method consistency
Result: NOTE
    Found the following apparent S3 methods exported but not registered:
     print.fishmove summary.fishmove
    See section ‘Registering S3 methods’ in the ‘Writing R Extensions’
    manual.
Flavors: r-devel-linux-x86_64-debian-clang, r-devel-linux-x86_64-debian-gcc, r-devel-linux-x86_64-fedora-clang, r-devel-linux-x86_64-fedora-gcc, r-devel-osx-x86_64-clang

Version: 0.2-1
Check: R code for possible problems
Result: NOTE
    fishmove: no visible binding for global variable ‘speciesfishmove’
    fishmove: no visible binding for global variable ‘datafishmove’
Flavors: r-devel-linux-x86_64-debian-clang, r-devel-linux-x86_64-debian-gcc, r-devel-linux-x86_64-fedora-clang, r-devel-linux-x86_64-fedora-gcc, r-devel-osx-x86_64-clang, r-devel-windows-ix86+x86_64, r-patched-linux-x86_64, r-patched-solaris-sparc, r-patched-solaris-x86, r-release-linux-ix86, r-release-linux-x86_64, r-release-osx-x86_64-mavericks, r-release-windows-ix86+x86_64