CRAN Package Check Results for Package fishmove

Last updated on 2014-10-22 05:47:18.

Flavor Version Tinstall Tcheck Ttotal Status Flags
r-devel-linux-x86_64-debian-clang 0.2-1 1.46 33.06 34.52 NOTE
r-devel-linux-x86_64-debian-gcc 0.2-1 1.40 32.79 34.18 NOTE
r-devel-linux-x86_64-fedora-clang 0.2-1 74.70 NOTE
r-devel-linux-x86_64-fedora-gcc 0.2-1 72.17 NOTE
r-devel-osx-x86_64-clang 0.2-1 66.60 NOTE
r-devel-windows-ix86+x86_64 0.2-1 6.00 55.00 61.00 NOTE
r-patched-linux-x86_64 0.2-1 1.46 35.20 36.66 NOTE
r-patched-solaris-sparc 0.2-1 422.90 NOTE
r-patched-solaris-x86 0.2-1 92.60 NOTE
r-release-linux-ix86 0.2-1 1.96 45.19 47.14 OK
r-release-linux-x86_64 0.2-1 1.50 35.96 37.46 OK
r-release-osx-x86_64-mavericks 0.2-1 OK
r-release-osx-x86_64-snowleopard 0.2-1 OK
r-release-windows-ix86+x86_64 0.2-1 6.00 58.00 64.00 OK
r-oldrel-windows-ix86+x86_64 0.2-1 6.00 56.00 62.00 OK

Check Details

Version: 0.2-1
Check: R code for possible problems
Result: NOTE
    fishmove: no visible binding for global variable ‘speciesfishmove’
    fishmove: no visible binding for global variable ‘datafishmove’
Flavors: r-devel-linux-x86_64-debian-clang, r-devel-linux-x86_64-debian-gcc, r-devel-linux-x86_64-fedora-clang, r-devel-linux-x86_64-fedora-gcc, r-devel-osx-x86_64-clang, r-devel-windows-ix86+x86_64, r-patched-linux-x86_64, r-patched-solaris-sparc, r-patched-solaris-x86