CRAN Package Check Results for Package fishmove

Last updated on 2015-09-02 13:46:55.

Flavor Version Tinstall Tcheck Ttotal Status Flags
r-devel-linux-x86_64-debian-clang 0.3-3 1.33 27.84 29.16 NOTE
r-devel-linux-x86_64-debian-gcc 0.3-3 1.02 31.05 32.06 NOTE
r-devel-linux-x86_64-fedora-clang 0.3-3 59.15 NOTE
r-devel-linux-x86_64-fedora-gcc 0.3-3 56.98 NOTE
r-devel-osx-x86_64-clang 0.3-3 51.18 OK
r-devel-windows-ix86+x86_64 0.3-3 8.00 61.00 69.00 NOTE
r-patched-linux-x86_64 0.3-3 1.15 28.27 29.42 OK
r-patched-solaris-sparc 0.3-3 393.00 OK
r-patched-solaris-x86 0.3-3 81.50 OK
r-release-linux-x86_64 0.3-3 1.21 28.12 29.33 OK
r-release-osx-x86_64-mavericks 0.3-3 OK
r-release-windows-ix86+x86_64 0.3-3 7.00 56.00 63.00 OK
r-oldrel-windows-ix86+x86_64 0.3-3 12.00 80.00 92.00 OK

Check Details

Version: 0.3-3
Check: R code for possible problems
Result: NOTE
    fishmove : coefs: no visible global function definition for ‘coef’
    fishmove : coefs: no visible global function definition for ‘pf’
    fishmove: no visible global function definition for ‘lm’
    fishmove: no visible global function definition for ‘predict.lm’
    fishmove.estimate: no visible global function definition for ‘quantile’
    fishmove.estimate : ddoublenorm: no visible global function definition
     for ‘dnorm’
    fishmove.query: no visible global function definition for ‘hasArg’
    fishmove.query : f: no visible global function definition for ‘pnorm’
    fishmove.query: no visible global function definition for ‘uniroot’
    pdk: no visible global function definition for ‘hasArg’
    pdk : eq: no visible global function definition for ‘dnorm’
    Undefined global functions or variables:
     coef dnorm hasArg lm pf pnorm predict.lm quantile uniroot
    Consider adding
     importFrom("methods", "hasArg")
     importFrom("stats", "coef", "dnorm", "lm", "pf", "pnorm", "predict.lm",
     "quantile", "uniroot")
    to your NAMESPACE (and ensure that your DESCRIPTION Imports field
    contains 'methods').
Flavors: r-devel-linux-x86_64-debian-clang, r-devel-linux-x86_64-debian-gcc, r-devel-linux-x86_64-fedora-clang, r-devel-linux-x86_64-fedora-gcc, r-devel-windows-ix86+x86_64