CRAN Package Check Results for Package fit.models

Last updated on 2014-07-25 07:53:14.

Flavor Version Tinstall Tcheck Ttotal Status Flags
r-devel-linux-x86_64-debian-clang 0.5-10 0.74 19.92 20.66 NOTE
r-devel-linux-x86_64-debian-gcc 0.5-10 0.74 19.72 20.46 NOTE
r-devel-linux-x86_64-fedora-clang 0.5-10 43.01 NOTE
r-devel-linux-x86_64-fedora-gcc 0.5-10 39.74 NOTE
r-devel-osx-x86_64-clang 0.5-10 38.50 NOTE
r-devel-windows-ix86+x86_64 0.5-10 2.00 31.00 33.00 NOTE
r-patched-linux-x86_64 0.5-10 0.74 19.20 19.94 NOTE
r-patched-solaris-sparc 0.5-10 224.20 NOTE
r-patched-solaris-x86 0.5-10 53.80 NOTE
r-release-linux-ix86 0.5-10 1.08 26.94 28.03 NOTE
r-release-linux-x86_64 0.5-10 0.76 20.32 21.08 NOTE
r-release-osx-x86_64-mavericks 0.5-10 NOTE
r-release-windows-ix86+x86_64 0.5-10 2.00 32.00 34.00 NOTE
r-oldrel-windows-ix86+x86_64 0.5-10 3.00 33.00 36.00 NOTE

Check Details

Version: 0.5-10
Check: dependencies in R code
Result: NOTE
    Package in Depends field not imported from: ‘lattice’
     These packages need to be imported from (in the NAMESPACE file)
     for when this namespace is loaded but not attached.
    There are ::: calls to the package's namespace in its code. A package
     almost never needs to use ::: for its own objects:
     ‘fm.registry’
    See the information on DESCRIPTION files in the chapter ‘Creating R
    packages’ of the ‘Writing R Extensions’ manual.
Flavors: r-devel-linux-x86_64-debian-clang, r-devel-linux-x86_64-debian-gcc, r-devel-linux-x86_64-fedora-clang, r-devel-linux-x86_64-fedora-gcc, r-devel-osx-x86_64-clang, r-devel-windows-ix86+x86_64, r-patched-linux-x86_64, r-patched-solaris-sparc, r-patched-solaris-x86, r-release-linux-ix86, r-release-linux-x86_64, r-release-osx-x86_64-mavericks, r-release-windows-ix86+x86_64, r-oldrel-windows-ix86+x86_64