CRAN Package Check Results for Package fit.models

Last updated on 2014-04-18 18:47:12.

Flavor Version Tinstall Tcheck Ttotal Status Flags
r-devel-linux-x86_64-debian-clang 0.5-10 0.80 20.56 21.36 NOTE
r-devel-linux-x86_64-debian-gcc NOTE
r-devel-linux-x86_64-fedora-clang 0.5-10 42.94 NOTE
r-devel-linux-x86_64-fedora-gcc 0.5-10 39.94 NOTE
r-devel-macosx-x86_64-clang 0.5-10 39.47 NOTE
r-devel-macosx-x86_64-gcc 0.5-10 NOTE
r-devel-windows-ix86+x86_64 0.5-10 3.00 31.00 34.00 NOTE
r-patched-linux-x86_64 0.5-10 0.79 20.94 21.73 NOTE
r-patched-solaris-sparc 0.5-10 224.20 NOTE
r-patched-solaris-x86 0.5-10 54.30 NOTE
r-release-linux-ix86 0.5-10 3.00 39.00 42.00 NOTE
r-release-linux-x86_64 0.5-10 0.92 20.72 21.64 NOTE
r-release-windows-ix86+x86_64 0.5-10 3.00 31.00 34.00 NOTE
r-oldrel-windows-ix86+x86_64 0.5-10 3.00 30.00 33.00 NOTE

Check Details

Version: 0.5-10
Check: dependencies in R code
Result: NOTE
    Package in Depends field not imported from: ‘lattice’
     These packages need to be imported from (in the NAMESPACE file)
     for when this namespace is loaded but not attached.
    There are ::: calls to the package's namespace in its code. A package
     almost never needs to use ::: for its own objects:
     ‘fm.registry’
    See the information on DESCRIPTION files in the chapter ‘Creating R
    packages’ of the ‘Writing R Extensions’ manual.
Flavors: r-devel-linux-x86_64-debian-clang, r-devel-linux-x86_64-debian-gcc, r-devel-linux-x86_64-fedora-clang, r-devel-linux-x86_64-fedora-gcc, r-devel-macosx-x86_64-clang, r-devel-macosx-x86_64-gcc, r-devel-windows-ix86+x86_64, r-patched-linux-x86_64, r-patched-solaris-sparc, r-patched-solaris-x86, r-release-linux-ix86, r-release-linux-x86_64, r-release-windows-ix86+x86_64, r-oldrel-windows-ix86+x86_64