CRAN Package Check Results for Package fit.models

Last updated on 2015-04-28 06:46:33.

Flavor Version Tinstall Tcheck Ttotal Status Flags
r-devel-linux-x86_64-debian-clang 0.5-10 0.72 18.17 18.89 NOTE
r-devel-linux-x86_64-debian-gcc 0.5-10 0.71 18.33 19.04 NOTE
r-devel-linux-x86_64-fedora-clang 0.5-10 36.41 NOTE
r-devel-linux-x86_64-fedora-gcc 0.5-10 34.24 NOTE
r-devel-osx-x86_64-clang 0.5-10 36.36 NOTE
r-devel-windows-ix86+x86_64 0.5-10 3.00 32.00 35.00 NOTE
r-patched-linux-x86_64 0.5-10 0.78 17.35 18.14 NOTE
r-patched-solaris-sparc 0.5-10 216.80 NOTE
r-patched-solaris-x86 0.5-10 48.60 NOTE
r-release-linux-x86_64 0.5-10 0.70 17.68 18.38 NOTE
r-release-osx-x86_64-mavericks 0.5-10 NOTE
r-release-osx-x86_64-snowleopard 0.5-10 NOTE
r-release-windows-ix86+x86_64 0.5-10 4.00 39.00 43.00 NOTE
r-oldrel-windows-ix86+x86_64 0.5-10 2.00 32.00 34.00 NOTE

Check Details

Version: 0.5-10
Check: DESCRIPTION meta-information
Result: NOTE
    Malformed Description field: should contain one or more complete sentences.
Flavors: r-devel-linux-x86_64-debian-clang, r-devel-linux-x86_64-debian-gcc, r-devel-linux-x86_64-fedora-clang, r-devel-linux-x86_64-fedora-gcc, r-devel-osx-x86_64-clang, r-devel-windows-ix86+x86_64, r-patched-solaris-sparc, r-patched-solaris-x86, r-release-linux-x86_64, r-release-osx-x86_64-mavericks, r-release-osx-x86_64-snowleopard, r-release-windows-ix86+x86_64

Version: 0.5-10
Check: dependencies in R code
Result: NOTE
    Package in Depends field not imported from: ‘lattice’
     These packages need to be imported from (in the NAMESPACE file)
     for when this namespace is loaded but not attached.
    There are ::: calls to the package's namespace in its code. A package
     almost never needs to use ::: for its own objects:
     ‘fm.registry’
Flavors: r-devel-linux-x86_64-debian-clang, r-devel-linux-x86_64-debian-gcc, r-devel-linux-x86_64-fedora-clang, r-devel-linux-x86_64-fedora-gcc, r-devel-osx-x86_64-clang, r-devel-windows-ix86+x86_64, r-patched-solaris-sparc, r-patched-solaris-x86, r-release-linux-x86_64, r-release-osx-x86_64-mavericks, r-release-osx-x86_64-snowleopard, r-release-windows-ix86+x86_64, r-oldrel-windows-ix86+x86_64

Version: 0.5-10
Check: S3 generic/method consistency
Result: NOTE
    Found the following apparent S3 methods exported but not registered:
     leverage.default leverage.lm rmodified.default
    See section ‘Registering S3 methods’ in the ‘Writing R Extensions’
    manual.
Flavors: r-devel-linux-x86_64-debian-clang, r-devel-linux-x86_64-debian-gcc, r-devel-linux-x86_64-fedora-clang, r-devel-linux-x86_64-fedora-gcc, r-devel-osx-x86_64-clang, r-patched-solaris-x86, r-release-linux-x86_64

Version: 0.5-10
Check: R code for possible problems
Result: NOTE
    indexPlot.lmfm : panel.special: no visible global function definition
     for ‘panel.xyplot’
    indexPlot.lmfm : panel.special: no visible global function definition
     for ‘panel.text’
    indexPlot.lmfm : panel.special: no visible global function definition
     for ‘panel.abline’
    indexPlot.lmfm: no visible global function definition for ‘xyplot’
    indexPlot.lmfm : <anonymous>: no visible global function definition for
     ‘strip.default’
    kernDenPlot.lmfm : panel.special: no visible global function definition
     for ‘panel.densityplot’
    kernDenPlot.lmfm : panel.special: no visible global function definition
     for ‘panel.abline’
    kernDenPlot.lmfm: no visible global function definition for
     ‘densityplot’
    kernDenPlot.lmfm : <anonymous>: no visible global function definition
     for ‘strip.default’
    overlaidKernDenPlot.lmfm: no visible global function definition for
     ‘densityplot’
    overlaidKernDenPlot.lmfm : <anonymous>: no visible global function
     definition for ‘strip.default’
    overlaidQQPlot.lmfm: no visible global function definition for ‘qqmath’
    overlaidQQPlot.lmfm : <anonymous>: no visible global function
     definition for ‘strip.default’
    panel.addons: no visible global function definition for ‘panel.loess’
    panel.addons: no visible global function definition for ‘panel.rug’
    panel.addons: no visible global function definition for ‘panel.text’
    qqPlot.lmfm : panel.special: no visible global function definition for
     ‘panel.xyplot’
    qqPlot.lmfm : panel.special: no visible global function definition for
     ‘panel.abline’
    qqPlot.lmfm : panel.special: no visible global function definition for
     ‘llines’
    qqPlot.lmfm: no visible global function definition for ‘xyplot’
    qqPlot.lmfm : <anonymous>: no visible global function definition for
     ‘strip.default’
    scatterPlot.lmfm : panel.special: no visible global function definition
     for ‘panel.xyplot’
    scatterPlot.lmfm: no visible global function definition for ‘xyplot’
    scatterPlot.lmfm : <anonymous>: no visible global function definition
     for ‘strip.default’
    simpleRegPlot.lmfm : panel.special: no visible global function
     definition for ‘panel.xyplot’
    simpleRegPlot.lmfm : panel.special: no visible global function
     definition for ‘panel.abline’
    simpleRegPlot.lmfm: no visible global function definition for
     ‘simpleKey’
    simpleRegPlot.lmfm: no visible global function definition for ‘xyplot’
Flavors: r-devel-linux-x86_64-debian-clang, r-devel-linux-x86_64-debian-gcc, r-devel-linux-x86_64-fedora-clang, r-devel-linux-x86_64-fedora-gcc, r-devel-osx-x86_64-clang, r-devel-windows-ix86+x86_64, r-patched-solaris-sparc, r-patched-solaris-x86, r-release-linux-x86_64, r-release-osx-x86_64-mavericks, r-release-osx-x86_64-snowleopard, r-release-windows-ix86+x86_64, r-oldrel-windows-ix86+x86_64