CRAN Package Check Results for Package fit.models

Last updated on 2014-08-20 15:50:15.

Flavor Version Tinstall Tcheck Ttotal Status Flags
r-devel-linux-x86_64-debian-clang 0.5-10 0.73 18.98 19.71 NOTE
r-devel-linux-x86_64-debian-gcc 0.5-10 0.87 18.94 19.81 NOTE
r-devel-linux-x86_64-fedora-clang 0.5-10 39.47 NOTE
r-devel-linux-x86_64-fedora-gcc 0.5-10 37.29 NOTE
r-devel-osx-x86_64-clang 0.5-10 36.99 NOTE
r-devel-windows-ix86+x86_64 0.5-10 3.00 29.00 32.00 NOTE
r-patched-linux-x86_64 0.5-10 0.75 21.19 21.94 NOTE
r-patched-solaris-sparc 0.5-10 241.30 NOTE
r-patched-solaris-x86 0.5-10 53.10 NOTE
r-release-linux-ix86 0.5-10 1.09 26.92 28.02 NOTE
r-release-linux-x86_64 0.5-10 0.76 20.59 21.36 NOTE
r-release-osx-x86_64-mavericks 0.5-10 NOTE
r-release-windows-ix86+x86_64 0.5-10 3.00 33.00 36.00 NOTE
r-oldrel-windows-ix86+x86_64 0.5-10 3.00 32.00 35.00 NOTE

Check Details

Version: 0.5-10
Check: dependencies in R code
Result: NOTE
    Package in Depends field not imported from: ‘lattice’
     These packages need to be imported from (in the NAMESPACE file)
     for when this namespace is loaded but not attached.
    There are ::: calls to the package's namespace in its code. A package
     almost never needs to use ::: for its own objects:
     ‘fm.registry’
    See the information on DESCRIPTION files in the chapter ‘Creating R
    packages’ of the ‘Writing R Extensions’ manual.
Flavors: r-devel-linux-x86_64-debian-clang, r-devel-linux-x86_64-debian-gcc, r-devel-linux-x86_64-fedora-clang, r-devel-linux-x86_64-fedora-gcc, r-devel-osx-x86_64-clang, r-devel-windows-ix86+x86_64, r-patched-linux-x86_64, r-patched-solaris-sparc, r-patched-solaris-x86, r-release-linux-ix86, r-release-linux-x86_64, r-release-osx-x86_64-mavericks, r-release-windows-ix86+x86_64, r-oldrel-windows-ix86+x86_64

Version: 0.5-10
Check: R code for possible problems
Result: NOTE
    indexPlot.lmfm : panel.special: no visible global function definition
     for ‘panel.xyplot’
    indexPlot.lmfm : panel.special: no visible global function definition
     for ‘panel.text’
    indexPlot.lmfm : panel.special: no visible global function definition
     for ‘panel.abline’
    indexPlot.lmfm: no visible global function definition for ‘xyplot’
    indexPlot.lmfm : <anonymous>: no visible global function definition for
     ‘strip.default’
    kernDenPlot.lmfm : panel.special: no visible global function definition
     for ‘panel.densityplot’
    kernDenPlot.lmfm : panel.special: no visible global function definition
     for ‘panel.abline’
    kernDenPlot.lmfm: no visible global function definition for
     ‘densityplot’
    kernDenPlot.lmfm : <anonymous>: no visible global function definition
     for ‘strip.default’
    overlaidKernDenPlot.lmfm: no visible global function definition for
     ‘densityplot’
    overlaidKernDenPlot.lmfm : <anonymous>: no visible global function
     definition for ‘strip.default’
    overlaidQQPlot.lmfm: no visible global function definition for ‘qqmath’
    overlaidQQPlot.lmfm : <anonymous>: no visible global function
     definition for ‘strip.default’
    panel.addons: no visible global function definition for ‘panel.loess’
    panel.addons: no visible global function definition for ‘panel.rug’
    panel.addons: no visible global function definition for ‘panel.text’
    qqPlot.lmfm : panel.special: no visible global function definition for
     ‘panel.xyplot’
    qqPlot.lmfm : panel.special: no visible global function definition for
     ‘panel.abline’
    qqPlot.lmfm : panel.special: no visible global function definition for
     ‘llines’
    qqPlot.lmfm: no visible global function definition for ‘xyplot’
    qqPlot.lmfm : <anonymous>: no visible global function definition for
     ‘strip.default’
    scatterPlot.lmfm : panel.special: no visible global function definition
     for ‘panel.xyplot’
    scatterPlot.lmfm: no visible global function definition for ‘xyplot’
    scatterPlot.lmfm : <anonymous>: no visible global function definition
     for ‘strip.default’
    simpleRegPlot.lmfm : panel.special: no visible global function
     definition for ‘panel.xyplot’
    simpleRegPlot.lmfm : panel.special: no visible global function
     definition for ‘panel.abline’
    simpleRegPlot.lmfm: no visible global function definition for
     ‘simpleKey’
    simpleRegPlot.lmfm: no visible global function definition for ‘xyplot’
Flavors: r-devel-linux-x86_64-fedora-clang, r-devel-linux-x86_64-fedora-gcc, r-devel-osx-x86_64-clang