CRAN Package Check Results for Package fit.models

Last updated on 2015-08-31 07:47:27.

Flavor Version Tinstall Tcheck Ttotal Status Flags
r-devel-linux-x86_64-debian-clang 0.5-10 0.66 17.74 18.40 NOTE
r-devel-linux-x86_64-debian-gcc 0.5-10 0.65 16.83 17.48 NOTE
r-devel-linux-x86_64-fedora-clang 0.5-10 35.82 NOTE
r-devel-linux-x86_64-fedora-gcc 0.5-10 32.84 NOTE
r-devel-osx-x86_64-clang 0.5-10 32.89 NOTE
r-devel-windows-ix86+x86_64 0.5-10 5.00 35.00 40.00 NOTE
r-patched-linux-x86_64 0.5-10 0.76 17.45 18.21 NOTE
r-patched-solaris-sparc 0.5-10 226.70 NOTE
r-patched-solaris-x86 0.5-10 48.80 NOTE
r-release-linux-x86_64 0.5-10 0.70 18.24 18.94 NOTE
r-release-osx-x86_64-mavericks 0.5-10 NOTE
r-release-windows-ix86+x86_64 0.5-10 4.00 52.00 56.00 NOTE
r-oldrel-windows-ix86+x86_64 0.5-10 4.00 54.00 58.00 NOTE

Check Details

Version: 0.5-10
Check: DESCRIPTION meta-information
Result: NOTE
    Malformed Description field: should contain one or more complete sentences.
Flavors: r-devel-linux-x86_64-debian-clang, r-devel-linux-x86_64-debian-gcc, r-devel-linux-x86_64-fedora-clang, r-devel-linux-x86_64-fedora-gcc, r-devel-osx-x86_64-clang, r-devel-windows-ix86+x86_64, r-patched-linux-x86_64, r-patched-solaris-sparc, r-patched-solaris-x86, r-release-linux-x86_64, r-release-osx-x86_64-mavericks, r-release-windows-ix86+x86_64

Version: 0.5-10
Check: dependencies in R code
Result: NOTE
    Package in Depends field not imported from: ‘lattice’
     These packages need to be imported from (in the NAMESPACE file)
     for when this namespace is loaded but not attached.
    There are ::: calls to the package's namespace in its code. A package
     almost never needs to use ::: for its own objects:
     ‘fm.registry’
Flavors: r-devel-linux-x86_64-debian-clang, r-devel-linux-x86_64-debian-gcc, r-devel-linux-x86_64-fedora-clang, r-devel-linux-x86_64-fedora-gcc, r-devel-osx-x86_64-clang, r-devel-windows-ix86+x86_64, r-patched-linux-x86_64, r-patched-solaris-sparc, r-patched-solaris-x86, r-release-linux-x86_64, r-release-osx-x86_64-mavericks, r-release-windows-ix86+x86_64, r-oldrel-windows-ix86+x86_64

Version: 0.5-10
Check: S3 generic/method consistency
Result: NOTE
    Found the following apparent S3 methods exported but not registered:
     leverage.default leverage.lm rmodified.default
    See section ‘Registering S3 methods’ in the ‘Writing R Extensions’
    manual.
Flavors: r-devel-linux-x86_64-debian-clang, r-devel-linux-x86_64-debian-gcc, r-devel-linux-x86_64-fedora-clang, r-devel-linux-x86_64-fedora-gcc, r-devel-osx-x86_64-clang, r-patched-linux-x86_64, r-patched-solaris-sparc, r-patched-solaris-x86, r-release-linux-x86_64

Version: 0.5-10
Check: R code for possible problems
Result: NOTE
    coef.lmfm: no visible binding for global variable ‘coef’
    indexPlot.lmfm : <anonymous>: no visible global function definition for
     ‘model.frame’
    indexPlot.lmfm: no visible global function definition for ‘qnorm’
    indexPlot.lmfm : panel.special: no visible global function definition
     for ‘panel.xyplot’
    indexPlot.lmfm : panel.special: no visible global function definition
     for ‘qnorm’
    indexPlot.lmfm : panel.special: no visible global function definition
     for ‘panel.text’
    indexPlot.lmfm : panel.special: no visible global function definition
     for ‘panel.abline’
    indexPlot.lmfm: no visible global function definition for ‘xyplot’
    indexPlot.lmfm : <anonymous>: no visible global function definition for
     ‘strip.default’
    kernDenPlot.lmfm : panel.special: no visible global function definition
     for ‘panel.densityplot’
    kernDenPlot.lmfm : panel.special: no visible global function definition
     for ‘panel.abline’
    kernDenPlot.lmfm: no visible global function definition for
     ‘densityplot’
    kernDenPlot.lmfm : <anonymous>: no visible global function definition
     for ‘strip.default’
    leverage.default: no visible global function definition for
     ‘coefficients’
    leverage.default: no visible global function definition for ‘fitted’
    leverage.lm: no visible global function definition for ‘lm.influence’
    overlaidKernDenPlot.lmfm: no visible global function definition for
     ‘densityplot’
    overlaidKernDenPlot.lmfm : <anonymous>: no visible global function
     definition for ‘strip.default’
    overlaidQQPlot.lmfm: no visible global function definition for ‘qqmath’
    overlaidQQPlot.lmfm: no visible binding for global variable ‘qnorm’
    overlaidQQPlot.lmfm : <anonymous>: no visible global function
     definition for ‘strip.default’
    panel.addons: no visible global function definition for ‘panel.loess’
    panel.addons: no visible global function definition for ‘panel.rug’
    panel.addons: no visible global function definition for ‘panel.text’
    plot.glmfm: no visible global function definition for ‘par’
    plot.glmfm: no visible global function definition for ‘menu’
    plot.glmfm: no visible binding for global variable ‘predict’
    plot.glmfm : <anonymous>: no visible global function definition for
     ‘residuals’
    plot.glmfm: no visible binding for global variable ‘fitted’
    plot.glmfm : <anonymous>: no visible global function definition for
     ‘model.response’
    plot.glmfm : <anonymous>: no visible global function definition for
     ‘model.frame’
    plot.lmfm: no visible global function definition for ‘par’
    plot.lmfm: no visible global function definition for ‘menu’
    plot.lmfm: no visible binding for global variable ‘fitted’
    plot.lmfm: no visible binding for global variable ‘residuals’
    plot.lmfm : <anonymous>: no visible global function definition for
     ‘model.response’
    plot.lmfm : <anonymous>: no visible global function definition for
     ‘model.frame’
    print.lmfm: no visible global function definition for ‘printCoefmat’
    print.lmfm: no visible global function definition for ‘coef’
    print.summary.glmfm: no visible binding for global variable ‘quantile’
    print.summary.glmfm: no visible binding for global variable ‘coef’
    print.summary.glmfm: no visible global function definition for
     ‘printCoefmat’
    print.summary.lmfm : <anonymous>: no visible global function definition
     for ‘quantile’
    print.summary.lmfm : <anonymous>: no visible global function definition
     for ‘resid’
    print.summary.lmfm: no visible binding for global variable ‘coef’
    print.summary.lmfm: no visible global function definition for
     ‘printCoefmat’
    qqPlot.lmfm : confidence.envelope: no visible global function
     definition for ‘rnorm’
    qqPlot.lmfm : confidence.envelope: no visible binding for global
     variable ‘quantile’
    qqPlot.lmfm: no visible global function definition for ‘qqnorm’
    qqPlot.lmfm: no visible binding for global variable ‘qnorm’
    qqPlot.lmfm : panel.special: no visible global function definition for
     ‘panel.xyplot’
    qqPlot.lmfm : panel.special: no visible global function definition for
     ‘quantile’
    qqPlot.lmfm : panel.special: no visible global function definition for
     ‘panel.abline’
    qqPlot.lmfm : panel.special: no visible global function definition for
     ‘llines’
    qqPlot.lmfm: no visible global function definition for ‘xyplot’
    qqPlot.lmfm : <anonymous>: no visible global function definition for
     ‘strip.default’
    rmodified.default: no visible global function definition for
     ‘residuals’
    scatterPlot.lmfm : panel.special: no visible global function definition
     for ‘panel.xyplot’
    scatterPlot.lmfm: no visible global function definition for ‘xyplot’
    scatterPlot.lmfm : <anonymous>: no visible global function definition
     for ‘strip.default’
    simpleRegPlot.lmfm: no visible global function definition for
     ‘as.formula’
    simpleRegPlot.lmfm : panel.special: no visible global function
     definition for ‘panel.xyplot’
    simpleRegPlot.lmfm : panel.special: no visible global function
     definition for ‘panel.abline’
    simpleRegPlot.lmfm : panel.special: no visible global function
     definition for ‘coef’
    simpleRegPlot.lmfm: no visible global function definition for ‘coef’
    simpleRegPlot.lmfm: no visible global function definition for
     ‘simpleKey’
    simpleRegPlot.lmfm: no visible global function definition for ‘formula’
    simpleRegPlot.lmfm: no visible global function definition for ‘xyplot’
    Undefined global functions or variables:
     as.formula coef coefficients densityplot fitted formula llines
     lm.influence menu model.frame model.response panel.abline
     panel.densityplot panel.loess panel.rug panel.text panel.xyplot par
     predict printCoefmat qnorm qqmath qqnorm quantile resid residuals
     rnorm simpleKey strip.default xyplot
    Consider adding
     importFrom("graphics", "par")
     importFrom("stats", "as.formula", "coef", "coefficients", "fitted",
     "formula", "lm.influence", "model.frame", "model.response",
     "predict", "printCoefmat", "qnorm", "qqnorm", "quantile",
     "resid", "residuals", "rnorm")
     importFrom("utils", "menu")
    to your NAMESPACE.
Flavors: r-devel-linux-x86_64-debian-clang, r-devel-linux-x86_64-debian-gcc, r-devel-linux-x86_64-fedora-clang, r-devel-linux-x86_64-fedora-gcc, r-devel-windows-ix86+x86_64

Version: 0.5-10
Check: R code for possible problems
Result: NOTE
    indexPlot.lmfm : panel.special: no visible global function definition
     for ‘panel.xyplot’
    indexPlot.lmfm : panel.special: no visible global function definition
     for ‘panel.text’
    indexPlot.lmfm : panel.special: no visible global function definition
     for ‘panel.abline’
    indexPlot.lmfm: no visible global function definition for ‘xyplot’
    indexPlot.lmfm : <anonymous>: no visible global function definition for
     ‘strip.default’
    kernDenPlot.lmfm : panel.special: no visible global function definition
     for ‘panel.densityplot’
    kernDenPlot.lmfm : panel.special: no visible global function definition
     for ‘panel.abline’
    kernDenPlot.lmfm: no visible global function definition for
     ‘densityplot’
    kernDenPlot.lmfm : <anonymous>: no visible global function definition
     for ‘strip.default’
    overlaidKernDenPlot.lmfm: no visible global function definition for
     ‘densityplot’
    overlaidKernDenPlot.lmfm : <anonymous>: no visible global function
     definition for ‘strip.default’
    overlaidQQPlot.lmfm: no visible global function definition for ‘qqmath’
    overlaidQQPlot.lmfm : <anonymous>: no visible global function
     definition for ‘strip.default’
    panel.addons: no visible global function definition for ‘panel.loess’
    panel.addons: no visible global function definition for ‘panel.rug’
    panel.addons: no visible global function definition for ‘panel.text’
    qqPlot.lmfm : panel.special: no visible global function definition for
     ‘panel.xyplot’
    qqPlot.lmfm : panel.special: no visible global function definition for
     ‘panel.abline’
    qqPlot.lmfm : panel.special: no visible global function definition for
     ‘llines’
    qqPlot.lmfm: no visible global function definition for ‘xyplot’
    qqPlot.lmfm : <anonymous>: no visible global function definition for
     ‘strip.default’
    scatterPlot.lmfm : panel.special: no visible global function definition
     for ‘panel.xyplot’
    scatterPlot.lmfm: no visible global function definition for ‘xyplot’
    scatterPlot.lmfm : <anonymous>: no visible global function definition
     for ‘strip.default’
    simpleRegPlot.lmfm : panel.special: no visible global function
     definition for ‘panel.xyplot’
    simpleRegPlot.lmfm : panel.special: no visible global function
     definition for ‘panel.abline’
    simpleRegPlot.lmfm: no visible global function definition for
     ‘simpleKey’
    simpleRegPlot.lmfm: no visible global function definition for ‘xyplot’
    Undefined global functions or variables:
     densityplot llines panel.abline panel.densityplot panel.loess
     panel.rug panel.text panel.xyplot qqmath simpleKey strip.default
     xyplot
Flavor: r-devel-osx-x86_64-clang

Version: 0.5-10
Check: R code for possible problems
Result: NOTE
    indexPlot.lmfm : panel.special: no visible global function definition
     for ‘panel.xyplot’
    indexPlot.lmfm : panel.special: no visible global function definition
     for ‘panel.text’
    indexPlot.lmfm : panel.special: no visible global function definition
     for ‘panel.abline’
    indexPlot.lmfm: no visible global function definition for ‘xyplot’
    indexPlot.lmfm : <anonymous>: no visible global function definition for
     ‘strip.default’
    kernDenPlot.lmfm : panel.special: no visible global function definition
     for ‘panel.densityplot’
    kernDenPlot.lmfm : panel.special: no visible global function definition
     for ‘panel.abline’
    kernDenPlot.lmfm: no visible global function definition for
     ‘densityplot’
    kernDenPlot.lmfm : <anonymous>: no visible global function definition
     for ‘strip.default’
    overlaidKernDenPlot.lmfm: no visible global function definition for
     ‘densityplot’
    overlaidKernDenPlot.lmfm : <anonymous>: no visible global function
     definition for ‘strip.default’
    overlaidQQPlot.lmfm: no visible global function definition for ‘qqmath’
    overlaidQQPlot.lmfm : <anonymous>: no visible global function
     definition for ‘strip.default’
    panel.addons: no visible global function definition for ‘panel.loess’
    panel.addons: no visible global function definition for ‘panel.rug’
    panel.addons: no visible global function definition for ‘panel.text’
    qqPlot.lmfm : panel.special: no visible global function definition for
     ‘panel.xyplot’
    qqPlot.lmfm : panel.special: no visible global function definition for
     ‘panel.abline’
    qqPlot.lmfm : panel.special: no visible global function definition for
     ‘llines’
    qqPlot.lmfm: no visible global function definition for ‘xyplot’
    qqPlot.lmfm : <anonymous>: no visible global function definition for
     ‘strip.default’
    scatterPlot.lmfm : panel.special: no visible global function definition
     for ‘panel.xyplot’
    scatterPlot.lmfm: no visible global function definition for ‘xyplot’
    scatterPlot.lmfm : <anonymous>: no visible global function definition
     for ‘strip.default’
    simpleRegPlot.lmfm : panel.special: no visible global function
     definition for ‘panel.xyplot’
    simpleRegPlot.lmfm : panel.special: no visible global function
     definition for ‘panel.abline’
    simpleRegPlot.lmfm: no visible global function definition for
     ‘simpleKey’
    simpleRegPlot.lmfm: no visible global function definition for ‘xyplot’
Flavors: r-patched-linux-x86_64, r-patched-solaris-sparc, r-patched-solaris-x86, r-release-linux-x86_64, r-release-osx-x86_64-mavericks, r-release-windows-ix86+x86_64, r-oldrel-windows-ix86+x86_64