CRAN Package Check Results for Package fit4NM

Last updated on 2014-10-23 03:48:46.

Flavor Version Tinstall Tcheck Ttotal Status Flags
r-devel-linux-x86_64-debian-clang 3.3.3 3.75 69.42 73.17 NOTE
r-devel-linux-x86_64-debian-gcc 3.3.3 3.66 67.19 70.84 NOTE
r-devel-linux-x86_64-fedora-clang 3.3.3 146.96 NOTE
r-devel-linux-x86_64-fedora-gcc 3.3.3 144.25 NOTE
r-devel-osx-x86_64-clang 3.3.3 138.50 NOTE
r-devel-windows-ix86+x86_64 3.3.3 12.00 86.00 98.00 NOTE
r-patched-linux-x86_64 3.3.3 3.86 70.34 74.20 NOTE
r-patched-solaris-sparc 3.3.3 842.00 NOTE
r-patched-solaris-x86 3.3.3 220.20 NOTE
r-release-linux-ix86 3.3.3 5.16 93.23 98.39 NOTE
r-release-linux-x86_64 3.3.3 4.09 73.41 77.50 NOTE
r-release-osx-x86_64-mavericks 3.3.3 ERROR
r-release-osx-x86_64-snowleopard 3.3.3 ERROR
r-release-windows-ix86+x86_64 3.3.3 14.00 102.00 116.00 NOTE
r-oldrel-windows-ix86+x86_64 3.3.3 16.00 101.00 117.00 NOTE

Check Details

Version: 3.3.3
Check: package dependencies
Result: NOTE
    Depends: includes the non-default packages:
     ‘gWidgets’ ‘tcltk’ ‘tkrplot’ ‘RGtk2’ ‘gWidgetsRGtk2’ ‘cairoDevice’
    Adding so many packages to the search path is excessive and importing
    selectively is preferable.
Flavors: r-devel-linux-x86_64-debian-clang, r-devel-linux-x86_64-debian-gcc, r-devel-linux-x86_64-fedora-clang, r-devel-linux-x86_64-fedora-gcc, r-devel-osx-x86_64-clang, r-devel-windows-ix86+x86_64, r-patched-linux-x86_64, r-patched-solaris-sparc, r-patched-solaris-x86, r-release-linux-ix86, r-release-linux-x86_64, r-release-osx-x86_64-snowleopard, r-release-windows-ix86+x86_64

Version: 3.3.3
Check: top-level files
Result: NOTE
    Non-standard file/directory found at top level:
     ‘NAMESPACE.txt’
Flavors: r-devel-linux-x86_64-debian-clang, r-devel-linux-x86_64-debian-gcc, r-devel-linux-x86_64-fedora-clang, r-devel-linux-x86_64-fedora-gcc, r-patched-linux-x86_64, r-release-linux-x86_64

Version: 3.3.3
Check: dependencies in R code
Result: NOTE
    'library' or 'require' calls to packages already attached by Depends:
     ‘RGtk2’ ‘cairoDevice’ ‘gWidgets’ ‘gWidgetsRGtk2’ ‘tcltk’ ‘tkrplot’
     Please remove these calls from your code.
    See the information on DESCRIPTION files in the chapter ‘Creating R
    packages’ of the ‘Writing R Extensions’ manual.
Flavors: r-devel-linux-x86_64-debian-clang, r-devel-linux-x86_64-debian-gcc, r-devel-linux-x86_64-fedora-clang, r-devel-linux-x86_64-fedora-gcc, r-devel-osx-x86_64-clang, r-devel-windows-ix86+x86_64, r-patched-linux-x86_64, r-patched-solaris-sparc, r-patched-solaris-x86, r-release-linux-ix86, r-release-linux-x86_64, r-release-osx-x86_64-snowleopard, r-release-windows-ix86+x86_64, r-oldrel-windows-ix86+x86_64

Version: 3.3.3
Check: R code for possible problems
Result: NOTE
    fit4NM : CalcTime : openStandard: warning in gframe("", cont = BBgroup,
     height = 50): partial argument match of ‘cont’ to ‘container’
    fit4NM : CalcTime : openStandard: warning in gframe("", cont =
     BBgroup): partial argument match of ‘cont’ to ‘container’
    fit4NM : CalcTime: warning in ggroup(cont = timewin1, horizontal =
     FALSE): partial argument match of ‘cont’ to ‘container’
    fit4NM : CalcTime: warning in ggroup(cont = BBgroup, horizontal =
     TRUE): partial argument match of ‘cont’ to ‘container’
    fit4NM : CalcTime: warning in gframe("", cont = BBgroup): partial
     argument match of ‘cont’ to ‘container’
    fit4NM : DataSplit: warning in ggroup(horizontal = FALSE, cont = gDS):
     partial argument match of ‘cont’ to ‘container’
    fit4NM : DataSplit: warning in gframe("Level 1", cont = ggDS): partial
     argument match of ‘cont’ to ‘container’
    fit4NM : DataSplit: warning in gframe("Level 2", cont = ggDS): partial
     argument match of ‘cont’ to ‘container’
    fit4NM : DataSplit: warning in gframe("Split", cont = ggDS): partial
     argument match of ‘cont’ to ‘container’
    fit4NM : ColtoLine : convert.CL: warning in gframe("Save as csv", cont
     = Bgroup1): partial argument match of ‘cont’ to ‘container’
    fit4NM : ColtoLine : convert.CL: warning in gbutton("Save", handler =
     save.CL, cont = tmp): partial argument match of ‘cont’ to ‘container’
    fit4NM : ColtoLine : select.CL: warning in ggroup(cont = Bgroup1):
     partial argument match of ‘cont’ to ‘container’
    fit4NM : ColtoLine : select.CL: warning in glabel(CLparam.input[i],
     cont = CL.g[[i]]): partial argument match of ‘cont’ to ‘container’
    fit4NM : ColtoLine : select.CL: warning in
     gdroplist(colnames(conv.data), cont = CL.g[[i]]): partial argument
     match of ‘cont’ to ‘container’
    fit4NM : ColtoLine : select.CL: warning in gframe("Convert", cont =
     Bgroup1): partial argument match of ‘cont’ to ‘container’
    fit4NM : ColtoLine : select.CL: warning in gbutton("Convert", handler =
     convert.CL, cont = tmp): partial argument match of ‘cont’ to
     ‘container’
    fit4NM : ColtoLine: warning in ggroup(cont = CtoL.win, horizontal =
     TRUE): partial argument match of ‘cont’ to ‘container’
    fit4NM : ColtoLine: warning in ggroup(cont = BBgroup, horizontal =
     FALSE): partial argument match of ‘cont’ to ‘container’
    fit4NM : ColtoLine: warning in gframe("Open csv file with column data
     (eg: ID, TIME, DV)", cont = Bgroup1): partial argument match of
     ‘cont’ to ‘container’
    fit4NM : ColtoLine: warning in gedit(" ", cont = tmp): partial argument
     match of ‘cont’ to ‘container’
    fit4NM : ColtoLine: warning in glabel("(missing=\".\")", cont = tmp):
     partial argument match of ‘cont’ to ‘container’
    fit4NM : ColtoLine: warning in gbutton("Open", handler = select.CL,
     cont = tmp): partial argument match of ‘cont’ to ‘container’
    fit4NM : LinetoCol : convert.CL: warning in gframe("Save as csv", cont
     = Bgroup1): partial argument match of ‘cont’ to ‘container’
    fit4NM : LinetoCol : convert.CL: warning in gbutton("Save", handler =
     save.LC, cont = tmp): partial argument match of ‘cont’ to ‘container’
    fit4NM : LinetoCol : select.CL: warning in gframe("Convert", cont =
     Bgroup1): partial argument match of ‘cont’ to ‘container’
    fit4NM : LinetoCol : select.CL: warning in gbutton("Convert", handler =
     convert.CL, cont = tmp): partial argument match of ‘cont’ to
     ‘container’
    fit4NM : LinetoCol: warning in ggroup(cont = CtoL.win, horizontal =
     TRUE): partial argument match of ‘cont’ to ‘container’
    fit4NM : LinetoCol: warning in ggroup(cont = BBgroup, horizontal =
     FALSE): partial argument match of ‘cont’ to ‘container’
    fit4NM : LinetoCol: warning in gframe("Open csv file with line data",
     cont = Bgroup1): partial argument match of ‘cont’ to ‘container’
    fit4NM : LinetoCol: warning in gedit(" ", cont = tmp): partial argument
     match of ‘cont’ to ‘container’
    fit4NM : LinetoCol: warning in glabel("(missing=\".\")", cont = tmp):
     partial argument match of ‘cont’ to ‘container’
    fit4NM : LinetoCol: warning in gbutton("Open", handler = select.CL,
     cont = tmp): partial argument match of ‘cont’ to ‘container’
    fit4NM : BDS.batch : BDScalc: warning in gslider(from = 0, to = N.BDS,
     by = 1, value = 0, cont = win): partial argument match of ‘cont’ to
     ‘container’
    fit4NM : BDS.batch : TDselect: warning in ggroup(cont = BBgroup):
     partial argument match of ‘cont’ to ‘container’
    fit4NM : BDS.batch : TDselect: warning in gdroplist(var.name.temp, cont
     = BDS.g[[i]]): partial argument match of ‘cont’ to ‘container’
    fit4NM : BDS.batch : TDselect: warning in glabel(BDSparam.input[i],
     cont = BDS.g[[i]]): partial argument match of ‘cont’ to ‘container’
    fit4NM : BDS.batch: warning in ggroup(cont = BDSwin, horizontal =
     TRUE): partial argument match of ‘cont’ to ‘container’
    fit4NM : BDS.batch: warning in ggroup(cont = BigGroup, horizontal =
     FALSE): partial argument match of ‘cont’ to ‘container’
    fit4NM : BDS.batch: warning in gframe("", cont = BBgroup): partial
     argument match of ‘cont’ to ‘container’
    fit4NM : BDS.indiv : BDS.indiv.GUI: warning in ggroup(cont = BDSINDwin,
     horizontal = TRUE): partial argument match of ‘cont’ to ‘container’
    fit4NM : BDS.indiv : BDS.indiv.GUI: warning in ggroup(cont = BigGroup,
     horizontal = FALSE): partial argument match of ‘cont’ to ‘container’
    fit4NM : BDS.indiv : BDS.indiv.GUI: warning in ggroup(cont = BBgroup):
     partial argument match of ‘cont’ to ‘container’
    fit4NM : BDS.indiv : BDS.indiv.GUI: warning in gdroplist(var.name.temp,
     cont = BDS.g[[i]]): partial argument match of ‘cont’ to ‘container’
    fit4NM : BDS.indiv : BDS.indiv.GUI: warning in
     glabel(BDSparam.input[i], cont = BDS.g[[i]]): partial argument match
     of ‘cont’ to ‘container’
    fit4NM : BDS.indiv: warning in ggroup(cont = BDSwin, horizontal =
     TRUE): partial argument match of ‘cont’ to ‘container’
    fit4NM : BDS.indiv: warning in ggroup(cont = BigGroup, horizontal =
     FALSE): partial argument match of ‘cont’ to ‘container’
    fit4NM : BDS.indiv: warning in gframe("", cont = BBgroup): partial
     argument match of ‘cont’ to ‘container’
    fit4NM : BDS.smooth.batch : BDScalc: warning in gslider(from = 0, to =
     N.BDS, by = 1, value = 0, cont = win): partial argument match of
     ‘cont’ to ‘container’
    fit4NM : BDS.smooth.batch : TDselect: warning in ggroup(cont =
     BBgroup): partial argument match of ‘cont’ to ‘container’
    fit4NM : BDS.smooth.batch : TDselect: warning in
     gdroplist(var.name.temp, cont = BDS.g[[i]]): partial argument match
     of ‘cont’ to ‘container’
    fit4NM : BDS.smooth.batch : TDselect: warning in
     glabel(BDSparam.input[i], cont = BDS.g[[i]]): partial argument match
     of ‘cont’ to ‘container’
    fit4NM : BDS.smooth.batch: warning in ggroup(cont = BDSwin, horizontal
     = TRUE): partial argument match of ‘cont’ to ‘container’
    fit4NM : BDS.smooth.batch: warning in ggroup(cont = BigGroup,
     horizontal = FALSE): partial argument match of ‘cont’ to ‘container’
    fit4NM : BDS.smooth.batch: warning in gframe("", cont = BBgroup):
     partial argument match of ‘cont’ to ‘container’
    fit4NM : BDS.smooth : BDS.indiv.GUI: warning in ggroup(cont =
     BDSINDwin, horizontal = TRUE): partial argument match of ‘cont’ to
     ‘container’
    fit4NM : BDS.smooth : BDS.indiv.GUI: warning in ggroup(cont = BigGroup,
     horizontal = FALSE): partial argument match of ‘cont’ to ‘container’
    fit4NM : BDS.smooth : BDS.indiv.GUI: warning in ggroup(cont = BBgroup):
     partial argument match of ‘cont’ to ‘container’
    fit4NM : BDS.smooth : BDS.indiv.GUI: warning in
     gdroplist(var.name.temp, cont = BDS.g[[i]]): partial argument match
     of ‘cont’ to ‘container’
    fit4NM : BDS.smooth : BDS.indiv.GUI: warning in
     glabel(BDSparam.input[i], cont = BDS.g[[i]]): partial argument match
     of ‘cont’ to ‘container’
    fit4NM : BDS.smooth: warning in ggroup(cont = BDSwin, horizontal =
     TRUE): partial argument match of ‘cont’ to ‘container’
    fit4NM : BDS.smooth: warning in ggroup(cont = BigGroup, horizontal =
     FALSE): partial argument match of ‘cont’ to ‘container’
    fit4NM : BDS.smooth: warning in gframe("", cont = BBgroup): partial
     argument match of ‘cont’ to ‘container’
    fit4NM : Summary.stat : calc.summary: warning in ggroup(cont =
     summary.w, horizontal = F): partial argument match of ‘cont’ to
     ‘container’
    fit4NM : Summary.stat : calc.summary: warning in gtable(summary.stat,
     do.subset = TRUE, cont = gsummary): partial argument match of ‘cont’
     to ‘container’
    fit4NM : Summary.stat : calc.summary: warning in gframe(cont =
     gsummary, spacing = 10000): partial argument match of ‘cont’ to
     ‘container’
    fit4NM : Summary.stat: warning in gcheckboxgroup(Var.Name, use.table =
     TRUE, cont = checkg): partial argument match of ‘cont’ to ‘container’
    fit4NM : Summary.stat: warning in gbutton("OK", type = "OK", handler =
     saveCat, cont = checkg): partial argument match of ‘cont’ to
     ‘container’
    fit4NM : Summary.stat.ind : calc.summary: warning in ggroup(cont =
     summary.w, horizontal = F): partial argument match of ‘cont’ to
     ‘container’
    fit4NM : Summary.stat.ind : calc.summary: warning in
     gtable(summary.stat, do.subset = TRUE, cont = gsummary): partial
     argument match of ‘cont’ to ‘container’
    fit4NM : Summary.stat.ind : calc.summary: warning in gframe(cont =
     gsummary, spacing = 10000): partial argument match of ‘cont’ to
     ‘container’
    fit4NM : Summary.stat.ind: warning in gframe("Select continuous
     variable", cont = checkg): partial argument match of ‘cont’ to
     ‘container’
    fit4NM : Summary.stat.ind: warning in gradio(Var.Name, use.table =
     TRUE, cont = tmp): partial argument match of ‘cont’ to ‘container’
    fit4NM : Summary.stat.ind: warning in ggroup(cont = checkg): partial
     argument match of ‘cont’ to ‘container’
    fit4NM : Summary.stat.ind: warning in gframe("Select categorical
     variables for levels", cont = gg, horizontal = FALSE): partial
     argument match of ‘cont’ to ‘container’
    fit4NM : Summary.stat.ind: warning in gbutton("OK", type = "OK",
     handler = saveCat, cont = checkg): partial argument match of ‘cont’
     to ‘container’
    fit4NM : Summary.stat.cat.ind : calc.summary: warning in ggroup(cont =
     summary.w, horizontal = F): partial argument match of ‘cont’ to
     ‘container’
    fit4NM : Summary.stat.cat.ind : calc.summary: warning in
     gtable(summary.stat, do.subset = TRUE, cont = gsummary): partial
     argument match of ‘cont’ to ‘container’
    fit4NM : Summary.stat.cat.ind : calc.summary: warning in gframe(cont =
     gsummary, spacing = 10000): partial argument match of ‘cont’ to
     ‘container’
    fit4NM : Summary.stat.cat.ind: warning in gcheckboxgroup(Var.Name,
     use.table = TRUE, cont = checkg): partial argument match of ‘cont’ to
     ‘container’
    fit4NM : Summary.stat.cat.ind: warning in gbutton("OK", type = "OK",
     handler = saveCat, cont = checkg): partial argument match of ‘cont’
     to ‘container’
    fit4NM : Summary.cat : saveCat: warning in ggroup(cont = summary.cw,
     horizontal = F): partial argument match of ‘cont’ to ‘container’
    fit4NM : Summary.cat : saveCat: warning in gtable(Cat.summary,
     do.subset = TRUE, cont = gsummary): partial argument match of ‘cont’
     to ‘container’
    fit4NM : Summary.cat : saveCat: warning in gframe(cont = gsummary,
     spacing = 10000): partial argument match of ‘cont’ to ‘container’
    fit4NM : Summary.cat: warning in gcheckboxgroup(Var.Name, use.table =
     TRUE, cont = checkg): partial argument match of ‘cont’ to ‘container’
    fit4NM : Summary.cat: warning in gbutton("OK", type = "OK", handler =
     saveCat, cont = checkg): partial argument match of ‘cont’ to
     ‘container’
    fit4NM : Summary.cat1 : saveCat: warning in ggroup(cont = summary.cw,
     horizontal = F): partial argument match of ‘cont’ to ‘container’
    fit4NM : Summary.cat1 : saveCat: warning in gtable(Cat.summary,
     do.subset = TRUE, cont = gsummary): partial argument match of ‘cont’
     to ‘container’
    fit4NM : Summary.cat1 : saveCat: warning in gframe(cont = gsummary,
     spacing = 10000): partial argument match of ‘cont’ to ‘container’
    fit4NM : Summary.cat1: warning in gcheckboxgroup(Var.Name, use.table =
     TRUE, cont = checkg): partial argument match of ‘cont’ to ‘container’
    fit4NM : Summary.cat1: warning in gbutton("OK", type = "OK", handler =
     saveCat, cont = checkg): partial argument match of ‘cont’ to
     ‘container’
    fit4NM : XY.plot: warning in ggroup(cont = win): partial argument match
     of ‘cont’ to ‘container’
    fit4NM : XY.plot: warning in ggroup(horizontal = FALSE, cont =
     BigGroup): partial argument match of ‘cont’ to ‘container’
    fit4NM : ID.plot: warning in ggroup(cont = window, horizontal = TRUE):
     partial argument match of ‘cont’ to ‘container’
    fit4NM : ID.plot: warning in ggroup(cont = Biggroup, horizontal =
     FALSE): partial argument match of ‘cont’ to ‘container’
    fit4NM : IDCOV.plot: warning in ggroup(cont = win): partial argument
     match of ‘cont’ to ‘container’
    fit4NM : IDCOV.plot: warning in ggroup(horizontal = FALSE, cont =
     BigGroup): partial argument match of ‘cont’ to ‘container’
    fit4NM : COVvsCOV.plot : CovPlot: warning in ggroup(cont = win):
     partial argument match of ‘cont’ to ‘container’
    fit4NM : COVvsCOV.plot : CovPlot: warning in ggroup(horizontal = FALSE,
     cont = BigGroup): partial argument match of ‘cont’ to ‘container’
    fit4NM : COVvsCOV.plot: warning in gcheckboxgroup(Var.Name1, cont =
     checkg, use.table = TRUE): partial argument match of ‘cont’ to
     ‘container’
    fit4NM : COVvsCOV.plot: warning in gbutton("OK", type = "OK", handler =
     saveCov, cont = checkg): partial argument match of ‘cont’ to
     ‘container’
    fit4NM : EditEditor: warning in ggroup(horizontal = FALSE, cont =
     edit.win): partial argument match of ‘cont’ to ‘container’
    fit4NM : EditEditor: warning in ggroup(horizontal = TRUE, cont = g):
     partial argument match of ‘cont’ to ‘container’
    fit4NM : Editor : Editor1: warning in ggroup(horizontal = FALSE, cont =
     edit.win): partial argument match of ‘cont’ to ‘container’
    fit4NM : Editor : Editor1: warning in ggroup(horizontal = TRUE, cont =
     g): partial argument match of ‘cont’ to ‘container’
    fit4NM : Editor : Editor1: warning in ggroup(horizontal = F, cont = g):
     partial argument match of ‘cont’ to ‘container’
    fit4NM : Editor : Editor1: warning in gframe("Model description", cont
     = grunNM): partial argument match of ‘cont’ to ‘container’
    fit4NM : Editor : Editor1: warning in gframe("Choose parents", cont =
     grunNM): partial argument match of ‘cont’ to ‘container’
    fit4NM : Editor : Editor1: warning in gframe("Number of parameters\n #
     of theta + # of omega and sigma(except fixed)", cont = grunNM):
     partial argument match of ‘cont’ to ‘container’
    fit4NM : Editor : Editor1: warning in gframe("NONMEM data file", cont =
     grunNM): partial argument match of ‘cont’ to ‘container’
    fit4NM : OpenResult: warning in gtext("", cont = NonmemRes, font.attr =
     c(family = "korea1deb"), width = 700): partial argument match of
     ‘cont’ to ‘container’
    fit4NM : OpenNMConsole: warning in gtext("", cont = NonmemConsole,
     font.attr = c(family = "korea1deb")): partial argument match of
     ‘cont’ to ‘container’
    fit4NM : ShowResult1: warning in gtable(tot.res, cont =
     gwindow(paste(file.id, ".sum", sep = "")), do.subset = TRUE, width =
     150): partial argument match of ‘cont’ to ‘container’
    fit4NM : ExternalRun: warning in ggroup(cont = Outerwin, horizontal =
     TRUE): partial argument match of ‘cont’ to ‘container’
    fit4NM : ExternalRun: warning in ggroup(cont = Bgroup, horizontal =
     FALSE): partial argument match of ‘cont’ to ‘container’
    fit4NM : ExternalRun: warning in gframe("", cont = BBgroup): partial
     argument match of ‘cont’ to ‘container’
    fit4NM : ExternalRun: warning in gframe("NONMEM run number directory",
     cont = BBgroup): partial argument match of ‘cont’ to ‘container’
    fit4NM : Tree.handler: warning in gtable(A, cont = MT): partial
     argument match of ‘cont’ to ‘container’
    fit4NM : outputselect: warning in ggroup(cont = win): partial argument
     match of ‘cont’ to ‘container’
    fit4NM : outputselect: warning in ggroup(horizontal = FALSE, cont =
     BigGroup): partial argument match of ‘cont’ to ‘container’
    fit4NM : showRES: warning in gtable(tot.res, cont =
     gwindow(paste(FILE.ID, ".sum", sep = "")), do.subset = TRUE, width =
     150): partial argument match of ‘cont’ to ‘container’
    fit4NM : Measure.Performance1 : MeasureP: warning in
     gtable(MP.pop.temp, cont = g1): partial argument match of ‘cont’ to
     ‘container’
    fit4NM : Measure.Performance1 : MeasureP: warning in gtable(MP.Indiv,
     cont = g2): partial argument match of ‘cont’ to ‘container’
    fit4NM : Measure.Performance1 : calc.MP: warning in gframe("Save
     performance errors - Population", cont = Bgroup1): partial argument
     match of ‘cont’ to ‘container’
    fit4NM : Measure.Performance1 : calc.MP: warning in gbutton("OK",
     handler = save.MP.pop, cont = tmp): partial argument match of ‘cont’
     to ‘container’
    fit4NM : Measure.Performance1 : calc.MP: warning in gframe("Save
     performance errors - Individual", cont = Bgroup1): partial argument
     match of ‘cont’ to ‘container’
    fit4NM : Measure.Performance1 : calc.MP: warning in gbutton("OK",
     handler = save.MP.indiv, cont = tmp): partial argument match of
     ‘cont’ to ‘container’
    fit4NM : Measure.Performance1 : select.MP: warning in ggroup(cont =
     Bgroup1): partial argument match of ‘cont’ to ‘container’
    fit4NM : Measure.Performance1 : select.MP: warning in
     gdroplist(temp.list, cont = MP.g[[i]]): partial argument match of
     ‘cont’ to ‘container’
    fit4NM : Measure.Performance1 : select.MP: warning in
     glabel(MPparam.input[i], cont = MP.g[[i]]): partial argument match of
     ‘cont’ to ‘container’
    fit4NM : Measure.Performance1 : select.MP: warning in gframe("Calculate
     performance error", cont = Bgroup1): partial argument match of ‘cont’
     to ‘container’
    fit4NM : Measure.Performance1 : select.MP: warning in gbutton("OK",
     handler = calc.MP, cont = tmp): partial argument match of ‘cont’ to
     ‘container’
    fit4NM : Measure.Performance1 : select.MP: warning in
     gframe("Formulae", cont = Bgroup1, horizontal = FALSE): partial
     argument match of ‘cont’ to ‘container’
    fit4NM : Measure.Performance1 : select.MP: warning in glabel("Weighted
     residual(WR) = (observation-prediction)/prediction x 100(%)\n", cont
     = tmp): partial argument match of ‘cont’ to ‘container’
    fit4NM : Measure.Performance1 : select.MP: warning in glabel("Median
     weighted residual(MDWR) = median(WR)\n", cont = tmp): partial
     argument match of ‘cont’ to ‘container’
    fit4NM : Measure.Performance1 : select.MP: warning in glabel("Median
     absolute weighted residual(MDAWR) = median(|WR|)\n", cont = tmp):
     partial argument match of ‘cont’ to ‘container’
    fit4NM : Measure.Performance1 : select.MP: warning in glabel("Mean
     weighted residual(MWR) = mean(WR)\n", cont = tmp): partial argument
     match of ‘cont’ to ‘container’
    fit4NM : Measure.Performance1 : select.MP: warning in glabel("Mean
     absolute weighted residual(MAWR) = mean(|WR|)\n", cont = tmp):
     partial argument match of ‘cont’ to ‘container’
    fit4NM : Measure.Performance1: warning in ggroup(cont = MP.win,
     horizontal = TRUE): partial argument match of ‘cont’ to ‘container’
    fit4NM : Measure.Performance1: warning in ggroup(cont = BBgroup,
     horizontal = FALSE): partial argument match of ‘cont’ to ‘container’
    fit4NM : Measure.Performance1: warning in gframe("Open csv file with
     ID, observation and prediction", cont = Bgroup1): partial argument
     match of ‘cont’ to ‘container’
    fit4NM : Measure.Performance1: warning in gedit(" ", cont = tmp):
     partial argument match of ‘cont’ to ‘container’
    fit4NM : Measure.Performance1: warning in gbutton("Open", handler =
     select.MP, cont = tmp): partial argument match of ‘cont’ to
     ‘container’
    fit4NM : Measure.Performance2 : MeasureP: warning in
     gtable(MP.pop.temp, cont = g1): partial argument match of ‘cont’ to
     ‘container’
    fit4NM : Measure.Performance2 : MeasureP: warning in gtable(MP.Indiv,
     cont = g2): partial argument match of ‘cont’ to ‘container’
    fit4NM : Measure.Performance2 : calc.MP: warning in gframe("Save
     prediction probability - Population", cont = Bgroup1): partial
     argument match of ‘cont’ to ‘container’
    fit4NM : Measure.Performance2 : calc.MP: warning in gbutton("OK",
     handler = save.MP.pop, cont = tmp): partial argument match of ‘cont’
     to ‘container’
    fit4NM : Measure.Performance2 : calc.MP: warning in gframe("Save
     prediction probability - Individual", cont = Bgroup1): partial
     argument match of ‘cont’ to ‘container’
    fit4NM : Measure.Performance2 : calc.MP: warning in gbutton("OK",
     handler = save.MP.indiv, cont = tmp): partial argument match of
     ‘cont’ to ‘container’
    fit4NM : Measure.Performance2 : select.MP: warning in ggroup(cont =
     Bgroup1): partial argument match of ‘cont’ to ‘container’
    fit4NM : Measure.Performance2 : select.MP: warning in
     gdroplist(temp.list, cont = MP.g[[i]]): partial argument match of
     ‘cont’ to ‘container’
    fit4NM : Measure.Performance2 : select.MP: warning in
     glabel(MPparam.input[i], cont = MP.g[[i]]): partial argument match of
     ‘cont’ to ‘container’
    fit4NM : Measure.Performance2 : select.MP: warning in gframe("Effect of
     predictor on prediction", cont = Bgroup1): partial argument match of
     ‘cont’ to ‘container’
    fit4NM : Measure.Performance2 : select.MP: warning in
     gradio(c("Stimulation", "Inhibition"), selected = 1, cont = tmp,
     horizontal = TRUE): partial argument match of ‘cont’ to ‘container’
    fit4NM : Measure.Performance2 : select.MP: warning in gbutton("OK",
     handler = calc.MP, cont = tmp): partial argument match of ‘cont’ to
     ‘container’
    fit4NM : Measure.Performance2 : select.MP: warning in
     gframe("Formulae", cont = Bgroup1, horizontal = FALSE): partial
     argument match of ‘cont’ to ‘container’
    fit4NM : Measure.Performance2 : select.MP: warning in
     glabel("Prediction probability(Pk) = (Somers' d+1)/2\n", cont = tmp):
     partial argument match of ‘cont’ to ‘container’
    fit4NM : Measure.Performance2: warning in ggroup(cont = MP.win,
     horizontal = TRUE): partial argument match of ‘cont’ to ‘container’
    fit4NM : Measure.Performance2: warning in ggroup(cont = BBgroup,
     horizontal = FALSE): partial argument match of ‘cont’ to ‘container’
    fit4NM : Measure.Performance2: warning in gframe("Open csv file with
     ID, predictor, observation and prediction", cont = Bgroup1): partial
     argument match of ‘cont’ to ‘container’
    fit4NM : Measure.Performance2: warning in gedit(" ", cont = tmp):
     partial argument match of ‘cont’ to ‘container’
    fit4NM : Measure.Performance2: warning in gbutton("Open", handler =
     select.MP, cont = tmp): partial argument match of ‘cont’ to
     ‘container’
    fit4NM : postXY.plot: warning in ggroup(cont = win): partial argument
     match of ‘cont’ to ‘container’
    fit4NM : postXY.plot: warning in ggroup(horizontal = FALSE, cont =
     BigGroup): partial argument match of ‘cont’ to ‘container’
    fit4NM : DVvsPRED.plot: warning in ggroup(cont = win): partial argument
     match of ‘cont’ to ‘container’
    fit4NM : DVvsPRED.plot: warning in ggroup(horizontal = FALSE, cont =
     BigGroup): partial argument match of ‘cont’ to ‘container’
    fit4NM : DVvsRES.plot: warning in ggroup(cont = win): partial argument
     match of ‘cont’ to ‘container’
    fit4NM : DVvsRES.plot: warning in ggroup(horizontal = FALSE, cont =
     BigGroup): partial argument match of ‘cont’ to ‘container’
    fit4NM : TIMEvsRES.plot: warning in ggroup(cont = win): partial
     argument match of ‘cont’ to ‘container’
    fit4NM : TIMEvsRES.plot: warning in ggroup(horizontal = FALSE, cont =
     BigGroup): partial argument match of ‘cont’ to ‘container’
    fit4NM : TIMEvsDVandPRED.plot: warning in ggroup(cont = win): partial
     argument match of ‘cont’ to ‘container’
    fit4NM : TIMEvsDVandPRED.plot: warning in ggroup(horizontal = FALSE,
     cont = BigGroup): partial argument match of ‘cont’ to ‘container’
    fit4NM : TIMEvsDVandPREDID.plot: warning in read.table(outfile.name,
     skip = 1, header = T, na.string = "."): partial argument match of
     ‘na.string’ to ‘na.strings’
    fit4NM : TIMEvsDVandPREDID.plot: warning in ggroup(cont = window):
     partial argument match of ‘cont’ to ‘container’
    fit4NM : TIMEvsDVandPREDID.plot: warning in ggroup(horizontal = FALSE,
     cont = Biggroup): partial argument match of ‘cont’ to ‘container’
    fit4NM : EBEvsCOV.plot: warning in ggroup(cont = win): partial argument
     match of ‘cont’ to ‘container’
    fit4NM : EBEvsCOV.plot: warning in ggroup(horizontal = FALSE, cont =
     BigGroup): partial argument match of ‘cont’ to ‘container’
    fit4NM : PKparam.converter : convert.V: warning in
     gtable(convert.P.print, cont = gwindow()): partial argument match of
     ‘cont’ to ‘container’
    fit4NM : PKparam.converter : select.V1: warning in ggroup(cont =
     Bgroup1): partial argument match of ‘cont’ to ‘container’
    fit4NM : PKparam.converter : select.V1: warning in glabel("ID ", cont =
     PK.g[[1]]): partial argument match of ‘cont’ to ‘container’
    fit4NM : PKparam.converter : select.V1: warning in
     gdroplist(colnames(PK.data), cont = PK.g[[1]]): partial argument
     match of ‘cont’ to ‘container’
    fit4NM : PKparam.converter : select.V1: warning in
     glabel(PKparam.input[i - 1], cont = PK.g[[i]]): partial argument
     match of ‘cont’ to ‘container’
    fit4NM : PKparam.converter : select.V1: warning in
     gdroplist(colnames(PK.data), cont = PK.g[[i]]): partial argument
     match of ‘cont’ to ‘container’
    fit4NM : PKparam.converter : select.V1: warning in gframe("Convert and
     save", cont = Bgroup1): partial argument match of ‘cont’ to
     ‘container’
    fit4NM : PKparam.converter : select.V1: warning in gbutton("Convert",
     handler = convert.V, cont = tmp): partial argument match of ‘cont’ to
     ‘container’
    fit4NM : PKparam.converter : select.V1: warning in gbutton("Save",
     handler = save.convert.PK, cont = tmp): partial argument match of
     ‘cont’ to ‘container’
    fit4NM : PKparam.converter : select.V2: warning in ggroup(cont =
     Bgroup1): partial argument match of ‘cont’ to ‘container’
    fit4NM : PKparam.converter : select.V2: warning in glabel("ID ", cont =
     PK.g[[1]]): partial argument match of ‘cont’ to ‘container’
    fit4NM : PKparam.converter : select.V2: warning in
     gdroplist(colnames(PK.data), cont = PK.g[[1]]): partial argument
     match of ‘cont’ to ‘container’
    fit4NM : PKparam.converter : select.V2: warning in
     glabel(PKparam.input[i - 1], cont = PK.g[[i]]): partial argument
     match of ‘cont’ to ‘container’
    fit4NM : PKparam.converter : select.V2: warning in
     gdroplist(colnames(PK.data), cont = PK.g[[i]]): partial argument
     match of ‘cont’ to ‘container’
    fit4NM : PKparam.converter : select.V2: warning in gframe("Convert and
     save", cont = Bgroup1): partial argument match of ‘cont’ to
     ‘container’
    fit4NM : PKparam.converter : select.V2: warning in gbutton("Convert",
     handler = convert.V, cont = tmp): partial argument match of ‘cont’ to
     ‘container’
    fit4NM : PKparam.converter : select.V2: warning in gbutton("Save",
     handler = save.convert.PK, cont = tmp): partial argument match of
     ‘cont’ to ‘container’
    fit4NM : PKparam.converter: warning in ggroup(cont = convert.PK,
     horizontal = TRUE): partial argument match of ‘cont’ to ‘container’
    fit4NM : PKparam.converter: warning in ggroup(cont = BBgroup,
     horizontal = FALSE): partial argument match of ‘cont’ to ‘container’
    fit4NM : PKparam.converter: warning in gframe("Compartment", cont =
     Bgroup1): partial argument match of ‘cont’ to ‘container’
    fit4NM : PKparam.converter: warning in gradio(c("1-comp", "2-comp",
     "3-comp"), selected = 1, cont = tmp, horizontal = TRUE): partial
     argument match of ‘cont’ to ‘container’
    fit4NM : PKparam.converter: warning in gframe("Parameterization in
     NONMEM", cont = Bgroup1): partial argument match of ‘cont’ to
     ‘container’
    fit4NM : PKparam.converter: warning in gradio(c("Volumes and
     clearances", "V1,Rate Constants", "V1,Vdss,Cl,Half-lives",
     "Coefficients and Exponents", "V1,exponents, K21,K31"), selected = 1,
     cont = tmp, horizontal = FALSE): partial argument match of ‘cont’ to
     ‘container’
    fit4NM : PKparam.converter: warning in gframe("Individual PK
     parameters(runnumber.par)", cont = Bgroup1): partial argument match
     of ‘cont’ to ‘container’
    fit4NM : PKparam.converter: warning in gedit(" ", cont = tmp): partial
     argument match of ‘cont’ to ‘container’
    fit4NM : PKparam.converter: warning in gbutton("Open", handler =
     select.V1, cont = tmp): partial argument match of ‘cont’ to
     ‘container’
    fit4NM : PKparam.converter: warning in gframe("Individual PK
     parameters(csv file)", cont = Bgroup1): partial argument match of
     ‘cont’ to ‘container’
    fit4NM : PKparam.converter: warning in gbutton("Open", handler =
     select.V2, cont = tmp): partial argument match of ‘cont’ to
     ‘container’
    fit4NM : simulationD : sim2GUI: warning in ggroup(cont = win): partial
     argument match of ‘cont’ to ‘container’
    fit4NM : simulationD : sim2GUI: warning in ggroup(horizontal = FALSE,
     cont = BigGroup): partial argument match of ‘cont’ to ‘container’
    fit4NM : simulationD : openF: warning in gframe("Stratification", cont
     = group): partial argument match of ‘cont’ to ‘container’
    fit4NM : simulationD : openF: warning in gframe("Simulation summaries",
     cont = group): partial argument match of ‘cont’ to ‘container’
    fit4NM : simulationD : openF: warning in gframe("Load summaries of
     simulation", cont = group): partial argument match of ‘cont’ to
     ‘container’
    fit4NM : simulationD : openF: warning in gframe("PI", cont = group):
     partial argument match of ‘cont’ to ‘container’
    fit4NM : simulationD : openF: warning in gframe("Plot", cont = group):
     partial argument match of ‘cont’ to ‘container’
    fit4NM : simulationD : CalcSIM: warning in ggroup(cont = SIM.win,
     horizontal = FALSE): partial argument match of ‘cont’ to ‘container’
    fit4NM : simulationD : CalcSIM: warning in gslider(from = 0, to = 100,
     by = 1, value = 0, cont = Bgroup): partial argument match of ‘cont’
     to ‘container’
    fit4NM : simulationD : CalcSIM: warning in gframe("Read line", cont =
     Bgroup): partial argument match of ‘cont’ to ‘container’
    fit4NM : RandomTest : opendata: warning in gframe("Covariates", cont =
     BBgroup): partial argument match of ‘cont’ to ‘container’
    fit4NM : RandomTest : opendata: warning in gframe("OBJ for reference
     model", cont = BBgroup): partial argument match of ‘cont’ to
     ‘container’
    fit4NM : RandomTest : opendata: warning in gframe("# of iterations /
     Seed number", cont = BBgroup): partial argument match of ‘cont’ to
     ‘container’
    fit4NM : RandomTest : opendata: warning in gframe("Randomization test",
     cont = BBgroup): partial argument match of ‘cont’ to ‘container’
    fit4NM : RandomTest : opendata: warning in gframe("Save randomization
     test result", cont = BBgroup): partial argument match of ‘cont’ to
     ‘container’
    fit4NM : RandomTest : opendata: warning in gframe("Open randomization
     test result", cont = BBgroup): partial argument match of ‘cont’ to
     ‘container’
    fit4NM : RandomTest : randomstart: warning in gslider(from = 0, to =
     iteration.N, by = 1, value = 0, cont = RT.win): partial argument
     match of ‘cont’ to ‘container’
    fit4NM : RandomTest: warning in ggroup(cont = timewin, horizontal =
     TRUE): partial argument match of ‘cont’ to ‘container’
    fit4NM : RandomTest: warning in ggroup(cont = Bgroup, horizontal =
     FALSE): partial argument match of ‘cont’ to ‘container’
    fit4NM : RandomTest: warning in gframe("Find run number subfolder",
     cont = BBgroup): partial argument match of ‘cont’ to ‘container’
    fit4NM : NumericalCheck: warning in ggroup(horizontal = FALSE, cont =
     edit.win): partial argument match of ‘cont’ to ‘container’
    fit4NM : CalcNPC2: warning in gslider(from = 0, to = 100, by = 1, value
     = 0, cont = VPC.win): partial argument match of ‘cont’ to ‘container’
    fit4NM : openF: warning in ggroup(horizontal = TRUE, cont = group):
     partial argument match of ‘cont’ to ‘container’
    fit4NM : openF: warning in gframe("Calculate predictive checks", cont =
     group): partial argument match of ‘cont’ to ‘container’
    fit4NM : openF: warning in gframe("Save predictive checks calculation",
     cont = group): partial argument match of ‘cont’ to ‘container’
    fit4NM : openF: warning in gframe("Load predictive checks calculation",
     cont = group): partial argument match of ‘cont’ to ‘container’
    fit4NM : openF: warning in gframe("PI", cont = group): partial argument
     match of ‘cont’ to ‘container’
    fit4NM : openF: warning in gframe("Plot", cont = group): partial
     argument match of ‘cont’ to ‘container’
    fit4NM : openF: warning in gframe("Summary", cont = group): partial
     argument match of ‘cont’ to ‘container’
    fit4NM : VPC2GUI: warning in ggroup(cont = win): partial argument match
     of ‘cont’ to ‘container’
    fit4NM : VPC2GUI: warning in ggroup(horizontal = FALSE, cont =
     BigGroup): partial argument match of ‘cont’ to ‘container’
    fit4NM : VPC1GUI: warning in ggroup(cont = vpcwin, horizontal = FALSE):
     partial argument match of ‘cont’ to ‘container’
    fit4NM : VPC1GUI: warning in gframe("Find run number subfolder", cont =
     BBgroup): partial argument match of ‘cont’ to ‘container’
    fit4NM : VPC1GUI: warning in gframe("Find run number subfolder ", cont
     = BBgroup): partial argument match of ‘cont’ to ‘container’
    fit4NM : show.BTsummary: warning in gtable(s.Boot.total, cont = win):
     partial argument match of ‘cont’ to ‘container’
    fit4NM : show.BTsummary1: warning in gtable(s.Boot.total, cont = win):
     partial argument match of ‘cont’ to ‘container’
    fit4NM : Boot.try: warning in gslider(from = 0, to = B, by = 1, value =
     0, cont = win): partial argument match of ‘cont’ to ‘container’
    fit4NM : Boot.B.init: warning in ggroup(cont = bootwin, horizontal =
     FALSE): partial argument match of ‘cont’ to ‘container’
    fit4NM : Boot.B.init: warning in gframe("", cont = BBgroup): partial
     argument match of ‘cont’ to ‘container’
    fit4NM : LLprofiling : selRUNnum : LL.prof: warning in gslider(from =
     0, to = length(EST.list), by = 1, value = 0, cont = win): partial
     argument match of ‘cont’ to ‘container’
    fit4NM : LLprofiling : selRUNnum: warning in gframe("Maximum percent
     increase", cont = group): partial argument match of ‘cont’ to
     ‘container’
    fit4NM : LLprofiling : selRUNnum: warning in gframe("Percent interval",
     cont = group): partial argument match of ‘cont’ to ‘container’
    fit4NM : LLprofiling : selRUNnum: warning in gframe("Apply
     log-likelihood profiling method", cont = group): partial argument
     match of ‘cont’ to ‘container’
    fit4NM : LLprofiling : selRUNnum: warning in gframe("Save 95% CI as
     csv", cont = group): partial argument match of ‘cont’ to ‘container’
    fit4NM : LLprofiling : selRUNnum: warning in gframe("Save plot-data as
     csv", cont = group): partial argument match of ‘cont’ to ‘container’
    fit4NM : LLprofiling : selRUNnum: warning in gframe("Open 95% CI", cont
     = group): partial argument match of ‘cont’ to ‘container’
    fit4NM : LLprofiling : selRUNnum: warning in gframe("Open plot-data",
     cont = group): partial argument match of ‘cont’ to ‘container’
    fit4NM : LLprofiling : selRUNnum: warning in gframe("Log-likelihood
     profiling plot", cont = group): partial argument match of ‘cont’ to
     ‘container’
    fit4NM : LLprofiling : selRUNnum: warning in gframe("Delta.OBJ = OBJ
     during profiling - OBJ of selected model", cont = group): partial
     argument match of ‘cont’ to ‘container’
    fit4NM : LLprofiling : selRUNnum: warning in gframe("redline = delta.
     OBJ 3.84", cont = group): partial argument match of ‘cont’ to
     ‘container’
    fit4NM : LLprofiling: warning in ggroup(cont = win): partial argument
     match of ‘cont’ to ‘container’
    fit4NM : LLprofiling: warning in ggroup(horizontal = FALSE, cont =
     BigGroup): partial argument match of ‘cont’ to ‘container’
    fit4NM : WaldApprox : selRUNnum : selectTH: warning in gtable(WA.FINAL,
     cont = gwindow("Top 15 models based on the WAM algorithm", width =
     600, height = 300)): partial argument match of ‘cont’ to ‘container’
    fit4NM : WaldApprox : selRUNnum : openWA: warning in gtable(open.WA.t,
     cont = gwindow("Top 15 models based on the WAM algorithm", width =
     600, height = 300)): partial argument match of ‘cont’ to ‘container’
    fit4NM : WaldApprox : selRUNnum : wa.test: warning in gslider(from = 0,
     to = min(nrow(WA.tot.A), 15), by = 1, value = 0, cont = win): partial
     argument match of ‘cont’ to ‘container’
    fit4NM : WaldApprox : selRUNnum: warning in gframe("Apply Wald
     approximation method", cont = group): partial argument match of
     ‘cont’ to ‘container’
    fit4NM : WaldApprox : selRUNnum: warning in gframe("Save as csv", cont
     = group): partial argument match of ‘cont’ to ‘container’
    fit4NM : WaldApprox : selRUNnum: warning in gframe("Load WAM result",
     cont = group): partial argument match of ‘cont’ to ‘container’
    fit4NM : WaldApprox : selRUNnum: warning in gframe("Solid line : line
     of identity", cont = group): partial argument match of ‘cont’ to
     ‘container’
    fit4NM : WaldApprox: warning in ggroup(cont = win): partial argument
     match of ‘cont’ to ‘container’
    fit4NM : WaldApprox: warning in ggroup(horizontal = FALSE, cont =
     BigGroup): partial argument match of ‘cont’ to ‘container’
    fit4NM : Performance.CCIP : calc.PE: warning in gframe("Save external
     validation - Population", cont = Bgroup1): partial argument match of
     ‘cont’ to ‘container’
    fit4NM : Performance.CCIP : calc.PE: warning in gbutton("OK", handler =
     save.PE.pop, cont = tmp): partial argument match of ‘cont’ to
     ‘container’
    fit4NM : Performance.CCIP : calc.PE: warning in gframe("Save external
     validation - Individual", cont = Bgroup1): partial argument match of
     ‘cont’ to ‘container’
    fit4NM : Performance.CCIP : calc.PE: warning in gbutton("OK", handler =
     save.PE.indiv, cont = tmp): partial argument match of ‘cont’ to
     ‘container’
    fit4NM : Performance.CCIP : calc.PE: warning in gframe("Save raw data
     with PE and absolute PE(APE)", cont = Bgroup1): partial argument
     match of ‘cont’ to ‘container’
    fit4NM : Performance.CCIP : calc.PE: warning in gbutton("OK", handler =
     save.Raw.PE, cont = tmp): partial argument match of ‘cont’ to
     ‘container’
    fit4NM : Performance.CCIP : select.PE: warning in ggroup(cont =
     Bgroup1): partial argument match of ‘cont’ to ‘container’
    fit4NM : Performance.CCIP : select.PE: warning in
     glabel(PEparam.input[i], cont = PE.g[[i]]): partial argument match of
     ‘cont’ to ‘container’
    fit4NM : Performance.CCIP : select.PE: warning in gdroplist(temp.list,
     cont = PE.g[[i]]): partial argument match of ‘cont’ to ‘container’
    fit4NM : Performance.CCIP : select.PE: warning in gdroplist(c("sec",
     "min", "hour", "day"), cont = PE.g[[i]]): partial argument match of
     ‘cont’ to ‘container’
    fit4NM : Performance.CCIP : select.PE: warning in gframe("Calculate
     performance errors", cont = Bgroup1): partial argument match of
     ‘cont’ to ‘container’
    fit4NM : Performance.CCIP : select.PE: warning in gbutton("OK", handler
     = calc.PE, cont = tmp): partial argument match of ‘cont’ to
     ‘container’
    fit4NM : Performance.CCIP : select.PE: warning in gframe("Formulae",
     cont = Bgroup1, horizontal = FALSE): partial argument match of ‘cont’
     to ‘container’
    fit4NM : Performance.CCIP : select.PE: warning in glabel("Performance
     error(PE) = (observation-prediction)/prediction x 100(%)\n", cont =
     tmp): partial argument match of ‘cont’ to ‘container’
    fit4NM : Performance.CCIP : select.PE: warning in glabel("Median
     performance error(MDPE) = median(PE)\n", cont = tmp): partial
     argument match of ‘cont’ to ‘container’
    fit4NM : Performance.CCIP : select.PE: warning in glabel("Median
     absolute performance error(MDAPE) = median(|PE|)\n", cont = tmp):
     partial argument match of ‘cont’ to ‘container’
    fit4NM : Performance.CCIP : select.PE: warning in glabel("Mean
     performance error(MPE) = mean(PE)\n", cont = tmp): partial argument
     match of ‘cont’ to ‘container’
    fit4NM : Performance.CCIP : select.PE: warning in glabel("Mean absolute
     performance error(MAPE) = mean(|PE|)\n", cont = tmp): partial
     argument match of ‘cont’ to ‘container’
    fit4NM : Performance.CCIP : select.PE: warning in glabel("Divergence =
     the slope of |PE| ~ time(hour)\n", cont = tmp): partial argument
     match of ‘cont’ to ‘container’
    fit4NM : Performance.CCIP : select.PE: warning in glabel("Wobble =
     median(|PE-individual MDPE|)\n", cont = tmp): partial argument match
     of ‘cont’ to ‘container’
    fit4NM : Performance.CCIP : select.PE: warning in glabel("TS :
     Two-stage approach\n", cont = tmp): partial argument match of ‘cont’
     to ‘container’
    fit4NM : Performance.CCIP : select.PE: warning in glabel("PD : Pooled
     data approach\n", cont = tmp): partial argument match of ‘cont’ to
     ‘container’
    fit4NM : Performance.CCIP : select.PE: warning in glabel("VW :
     Variance-weighted approach\n", cont = tmp): partial argument match of
     ‘cont’ to ‘container’
    fit4NM : Performance.CCIP : Peformance.Error: warning in
     gtable(EX.pop.temp, cont = g1): partial argument match of ‘cont’ to
     ‘container’
    fit4NM : Performance.CCIP : Peformance.Error: warning in
     gtable(EX.Indiv.temp, cont = g2): partial argument match of ‘cont’ to
     ‘container’
    fit4NM : Performance.CCIP: warning in ggroup(cont = PE.win, horizontal
     = TRUE): partial argument match of ‘cont’ to ‘container’
    fit4NM : Performance.CCIP: warning in ggroup(cont = BBgroup, horizontal
     = FALSE): partial argument match of ‘cont’ to ‘container’
    fit4NM : Performance.CCIP: warning in gframe("Open csv file with ID,
     TIME, observation, and prediction", cont = Bgroup1): partial argument
     match of ‘cont’ to ‘container’
    fit4NM : Performance.CCIP: warning in gedit(" ", cont = tmp): partial
     argument match of ‘cont’ to ‘container’
    fit4NM : Performance.CCIP: warning in gbutton("Open", handler =
     select.PE, cont = tmp): partial argument match of ‘cont’ to
     ‘container’
    fit4NM : CDD : CDDcalc: warning in gslider(from = 0, to = N, by = 1,
     value = 0, cont = win): partial argument match of ‘cont’ to
     ‘container’
    fit4NM : CDD : CDDcalc: warning in gtable(CDD.summary.P, cont = g1):
     partial argument match of ‘cont’ to ‘container’
    fit4NM : CDD : load1: warning in gtable(CDD.summary.P, cont = g1):
     partial argument match of ‘cont’ to ‘container’
    fit4NM : CDD: warning in ggroup(cont = CDDwin, horizontal = TRUE):
     partial argument match of ‘cont’ to ‘container’
    fit4NM : CDD: warning in ggroup(cont = BigGroup, horizontal = FALSE):
     partial argument match of ‘cont’ to ‘container’
    fit4NM : CDD: warning in gframe("", cont = BBgroup): partial argument
     match of ‘cont’ to ‘container’
    fit4NM : CDD: warning in gframe("Formulae", cont = BBgroup, horizontal
     = FALSE): partial argument match of ‘cont’ to ‘container’
    fit4NM : CDD: warning in glabel("bias = (N-1)*(mean(TH(-k))-TH) \n",
     cont = tmp): partial argument match of ‘cont’ to ‘container’
    fit4NM : CDD: warning in glabel("CS : Cook's distance(k) =
     sqrt((TH(-k)-TH)*COV(TH)^(-1)*(TH(-k)-TH)) : best=0 \n", cont = tmp):
     partial argument match of ‘cont’ to ‘container’
    fit4NM : CDD: warning in glabel("CR : Cov ratio(k) =
     det(COV(TH))/det(COV(TH(-k))) : best=1\n", cont = tmp): partial
     argument match of ‘cont’ to ‘container’
    fit4NM : CDD: warning in glabel("Jackknife est. =
     sum(N*TH-(N-1)*TH(-k))/N\n", cont = tmp): partial argument match of
     ‘cont’ to ‘container’
    fit4NM : CDD: warning in glabel("Jackknife SE =
     sqrt(sum((N*TH-(N-1)*TH(-k)-Jackknife est.)**2)/(N*N-N))\n", cont =
     tmp): partial argument match of ‘cont’ to ‘container’
    fit4NM : CDD: warning in glabel("Jackknife 95% CI lower bound =
     Jackknife est. - qt(0.975,N-1)*Jackknife SE\n", cont = tmp): partial
     argument match of ‘cont’ to ‘container’
    fit4NM : CDD: warning in glabel("Jackknife 95% CI upper bound =
     Jackknife est. + qt(0.975,N-1)*Jackknife SE\n", cont = tmp): partial
     argument match of ‘cont’ to ‘container’
    fit4NM : CV : CVcalc: warning in gslider(from = 0, to = CV.n, by = 1,
     value = 0, cont = win): partial argument match of ‘cont’ to
     ‘container’
    fit4NM : CV : CVcalc: warning in gtable(CV.summary.P, cont = g1):
     partial argument match of ‘cont’ to ‘container’
    fit4NM : CV : load1: warning in gtable(CV.summary.P, cont = g1):
     partial argument match of ‘cont’ to ‘container’
    fit4NM : CV: warning in ggroup(cont = CVwin, horizontal = FALSE):
     partial argument match of ‘cont’ to ‘container’
    fit4NM : CV: warning in gframe("", cont = BBgroup): partial argument
     match of ‘cont’ to ‘container’
    fit4NM: warning in gmenu(menu.list, cont = NONMEM.win): partial
     argument match of ‘cont’ to ‘container’
    fit4NM: warning in gtable(nonmem.run, chosencol = length(table.name),
     cont = NONMEM.win): partial argument match of ‘cont’ to ‘container’
    fit4NM: no visible binding for '<<-' assignment to ‘PRED.list.7’
    fit4NM: no visible binding for '<<-' assignment to ‘RES.list.7’
    fit4NM: no visible binding for '<<-' assignment to ‘PRED.list.6’
    fit4NM: no visible binding for '<<-' assignment to ‘RES.list.6’
    fit4NM : NMpath1: no visible binding for '<<-' assignment to
     ‘Default.NMpath’
    fit4NM : NMpathHelp1: no visible binding for '<<-' assignment to
     ‘Default.Helppath’
    fit4NM : NMpath2: no visible binding for '<<-' assignment to
     ‘Alternative.NMpath’
    fit4NM : NMpathHelp2: no visible binding for '<<-' assignment to
     ‘Alternative.Helppath’
    fit4NM : Editorpath: no visible binding for '<<-' assignment to
     ‘Editor.path’
    fit4NM : CalcTime : openStandard: no visible binding for '<<-'
     assignment to ‘standard.file’
    fit4NM : CalcTime : openStandard: no visible binding for global
     variable ‘standard.file’
    fit4NM : CalcTime : openStandard: no visible binding for global
     variable ‘BBgroup’
    fit4NM : CalcTime : openStandard: no visible binding for '<<-'
     assignment to ‘indc.t’
    fit4NM : CalcTime : openStandard: no visible binding for global
     variable ‘indc.t’
    fit4NM : CalcTime : openStandard: no visible binding for '<<-'
     assignment to ‘indiv.t’
    fit4NM : CalcTime : openStandard: no visible binding for global
     variable ‘indiv.t’
    fit4NM : CalcTime : openStandard: no visible binding for '<<-'
     assignment to ‘time.t’
    fit4NM : CalcTime : openStandard: no visible binding for global
     variable ‘time.t’
    fit4NM : CalcTime : openIndiv1: no visible binding for '<<-' assignment
     to ‘indiv.dir’
    fit4NM : CalcTime : openIndiv1: no visible binding for global variable
     ‘indiv.dir’
    fit4NM : CalcTime : ElapseTime: no visible binding for global variable
     ‘indiv.dir’
    fit4NM : CalcTime : ElapseTime: no visible binding for global variable
     ‘time.t’
    fit4NM : CalcTime : ElapseTime: no visible binding for global variable
     ‘indc.t’
    fit4NM : CalcTime : ElapseTime: no visible binding for global variable
     ‘timewin1’
    fit4NM : CalcTime : CalcTIME0: no visible binding for global variable
     ‘standard.file’
    fit4NM : CalcTime: no visible binding for '<<-' assignment to
     ‘timewin1’
    fit4NM : CalcTime: no visible binding for '<<-' assignment to ‘BBgroup’
    fit4NM : CalcTime: no visible binding for global variable ‘timewin1’
    fit4NM : CalcTime: no visible binding for '<<-' assignment to ‘Bgroup1’
    fit4NM : CalcTime: no visible binding for global variable ‘BBgroup’
    fit4NM : DataJoinhandler : DataJoin: no visible binding for global
     variable ‘DataJoin.totDATA’
    fit4NM : DataJoinhandler : DataJoin: no visible binding for '<<-'
     assignment to ‘dir.name’
    fit4NM : DataJoinhandler : DataJoin: no visible binding for global
     variable ‘dir.name’
    fit4NM : DataJoinhandler : DataJoin: no visible binding for '<<-'
     assignment to ‘DataJoin.totDATA’
    fit4NM : DataJoinhandler : DataJoin: no visible binding for '<<-'
     assignment to ‘DJk’
    fit4NM : DataJoinhandler : JoinData: no visible binding for global
     variable ‘DataJoin.totDATA’
    fit4NM : DataJoinhandler : JoinData: no visible binding for global
     variable ‘DJk’
    fit4NM : DataJoinhandler : JoinData: no visible binding for global
     variable ‘Toptt’
    fit4NM : DataJoinhandler: no visible binding for '<<-' assignment to
     ‘DataJoin.totDATA’
    fit4NM : DataJoinhandler: no visible binding for '<<-' assignment to
     ‘Toptt’
    fit4NM : DataJoinhandler: no visible binding for global variable
     ‘Toptt’
    fit4NM : ColtoLine : convert.CL: no visible binding for global variable
     ‘CL.list’
    fit4NM : ColtoLine : convert.CL: no visible binding for '<<-'
     assignment to ‘CL.final’
    fit4NM : ColtoLine : save.CL: no visible binding for global variable
     ‘CL.final’
    fit4NM : ColtoLine : save.CL: no visible binding for global variable
     ‘CtoL.win’
    fit4NM : ColtoLine : select.CL: no visible binding for '<<-' assignment
     to ‘conv.data’
    fit4NM : ColtoLine : select.CL: no visible binding for '<<-' assignment
     to ‘CL.list’
    fit4NM : ColtoLine : select.CL: no visible binding for global variable
     ‘conv.data’
    fit4NM : ColtoLine : select.CL: no visible binding for global variable
     ‘CL.list’
    fit4NM : ColtoLine: no visible binding for '<<-' assignment to
     ‘CtoL.win’
    fit4NM : ColtoLine: no visible binding for global variable ‘CtoL.win’
    fit4NM : ColtoLine: no visible binding for '<<-' assignment to
     ‘file.CL’
    fit4NM : LinetoCol : convert.CL: no visible binding for global variable
     ‘conv.data’
    fit4NM : LinetoCol : convert.CL: no visible binding for '<<-'
     assignment to ‘LC.final’
    fit4NM : LinetoCol : save.LC: no visible binding for global variable
     ‘LC.final’
    fit4NM : LinetoCol : save.LC: no visible binding for global variable
     ‘CtoL.win’
    fit4NM : LinetoCol : select.CL: no visible binding for '<<-' assignment
     to ‘conv.data’
    fit4NM : LinetoCol: no visible binding for '<<-' assignment to
     ‘CtoL.win’
    fit4NM : LinetoCol: no visible binding for global variable ‘CtoL.win’
    fit4NM : LinetoCol: no visible binding for '<<-' assignment to
     ‘file.CL’
    fit4NM : BDS.batch : openBDS: no visible binding for '<<-' assignment
     to ‘BDS.dir’
    fit4NM : BDS.batch : openBDS: no visible binding for global variable
     ‘BDS.dir’
    fit4NM : BDS.batch : BDScalc: no visible binding for global variable
     ‘indiv.file’
    fit4NM : BDS.batch : BDScalc: no visible binding for global variable
     ‘BDS.list’
    fit4NM : BDS.batch : BDScalc: no visible binding for global variable
     ‘sel.rate’
    fit4NM : BDS.batch : TDselect: no visible binding for global variable
     ‘BDS.dir’
    fit4NM : BDS.batch : TDselect: no visible binding for '<<-' assignment
     to ‘indiv.file’
    fit4NM : BDS.batch : TDselect: no visible binding for global variable
     ‘indiv.file’
    fit4NM : BDS.batch : TDselect: no visible binding for global variable
     ‘BBgroup’
    fit4NM : BDS.batch: no visible binding for '<<-' assignment to ‘BDSwin’
    fit4NM : BDS.batch: no visible binding for '<<-' assignment to
     ‘BigGroup’
    fit4NM : BDS.batch: no visible binding for global variable ‘BDSwin’
    fit4NM : BDS.batch: no visible binding for '<<-' assignment to
     ‘BBgroup’
    fit4NM : BDS.batch: no visible binding for global variable ‘BigGroup’
    fit4NM : BDS.batch: no visible binding for global variable ‘BBgroup’
    fit4NM : BDS.batch: no visible binding for '<<-' assignment to
     ‘sel.rate’
    fit4NM : BDS.batch: no visible binding for global variable ‘sel.rate’
    fit4NM : BDS.indiv : BDSsave: no visible binding for global variable
     ‘file.name’
    fit4NM : BDS.indiv : BDSsave: no visible binding for global variable
     ‘sel.FINAL’
    fit4NM : BDS.indiv : BDSsave: no visible binding for global variable
     ‘BDS.list’
    fit4NM : BDS.indiv : BDS.indiv.GUI: no visible binding for '<<-'
     assignment to ‘file.name’
    fit4NM : BDS.indiv : BDS.indiv.GUI: no visible binding for global
     variable ‘FileList’
    fit4NM : BDS.indiv : BDS.indiv.GUI: no visible binding for global
     variable ‘file.name’
    fit4NM : BDS.indiv : BDS.indiv.GUI: no visible binding for '<<-'
     assignment to ‘BDSINDwin’
    fit4NM : BDS.indiv : BDS.indiv.GUI: no visible binding for '<<-'
     assignment to ‘BigGroup’
    fit4NM : BDS.indiv : BDS.indiv.GUI: no visible binding for global
     variable ‘BDSINDwin’
    fit4NM : BDS.indiv : BDS.indiv.GUI: no visible binding for '<<-'
     assignment to ‘BBgroup’
    fit4NM : BDS.indiv : BDS.indiv.GUI: no visible binding for global
     variable ‘BigGroup’
    fit4NM : BDS.indiv : BDS.indiv.GUI: no visible binding for '<<-'
     assignment to ‘sel.rate’
    fit4NM : BDS.indiv : BDS.indiv.GUI: no visible binding for global
     variable ‘BBgroup’
    fit4NM : BDS.indiv : BDS.indiv.GUI: no visible binding for global
     variable ‘sel.rate’
    fit4NM : BDS.indiv : BDS.indiv.GUI: no visible binding for '<<-'
     assignment to ‘flag.start’
    fit4NM : BDS.indiv : BDS.indiv.GUI: no visible binding for '<<-'
     assignment to ‘iter.N’
    fit4NM : BDS.indiv : openBDS: no visible binding for '<<-' assignment
     to ‘BDS.dir’
    fit4NM : BDS.indiv : openBDS: no visible binding for global variable
     ‘BDS.dir’
    fit4NM : BDS.indiv : openBDS: no visible binding for '<<-' assignment
     to ‘indiv.file’
    fit4NM : BDS.indiv : openBDS: no visible binding for global variable
     ‘BBgroup’
    fit4NM : BDS.indiv : openBDS: no visible binding for global variable
     ‘indiv.file’
    fit4NM : BDS.indiv : BDScalc: no visible binding for '<<-' assignment
     to ‘iter.N’
    fit4NM : BDS.indiv : BDScalc: no visible binding for global variable
     ‘iter.N’
    fit4NM : BDS.indiv : BDScalc: no visible binding for global variable
     ‘flag.start’
    fit4NM : BDS.indiv : BDScalc: no visible binding for '<<-' assignment
     to ‘flag.start’
    fit4NM : BDS.indiv : BDScalc: no visible binding for global variable
     ‘file.name’
    fit4NM : BDS.indiv : BDScalc: no visible binding for global variable
     ‘BDS.list’
    fit4NM : BDS.indiv : BDScalc: no visible binding for global variable
     ‘BigGroup’
    fit4NM : BDS.indiv : BDScalc: no visible binding for global variable
     ‘sel.rate’
    fit4NM : BDS.indiv: no visible binding for '<<-' assignment to ‘BDSwin’
    fit4NM : BDS.indiv: no visible binding for '<<-' assignment to
     ‘BigGroup’
    fit4NM : BDS.indiv: no visible binding for global variable ‘BDSwin’
    fit4NM : BDS.indiv: no visible binding for '<<-' assignment to
     ‘BBgroup’
    fit4NM : BDS.indiv: no visible binding for global variable ‘BigGroup’
    fit4NM : BDS.indiv: no visible binding for '<<-' assignment to ‘NITER’
    fit4NM : BDS.indiv: no visible binding for global variable ‘BBgroup’
    fit4NM : BDS.smooth.batch : openBDS: no visible binding for '<<-'
     assignment to ‘BDS.dir’
    fit4NM : BDS.smooth.batch : openBDS: no visible binding for global
     variable ‘BDS.dir’
    fit4NM : BDS.smooth.batch : BDScalc: no visible binding for global
     variable ‘indiv.file’
    fit4NM : BDS.smooth.batch : BDScalc: no visible binding for '<<-'
     assignment to ‘saveDIR’
    fit4NM : BDS.smooth.batch : BDScalc: no visible binding for '<<-'
     assignment to ‘file.name’
    fit4NM : BDS.smooth.batch : BDScalc: no visible binding for global
     variable ‘BDS.list’
    fit4NM : BDS.smooth.batch : BDScalc: no visible binding for global
     variable ‘saveDIR’
    fit4NM : BDS.smooth.batch : BDScalc: no visible binding for global
     variable ‘file.name’
    fit4NM : BDS.smooth.batch : BDScalc: no visible binding for global
     variable ‘MW’
    fit4NM : BDS.smooth.batch : TDselect: no visible binding for global
     variable ‘BDS.dir’
    fit4NM : BDS.smooth.batch : TDselect: no visible binding for '<<-'
     assignment to ‘indiv.file’
    fit4NM : BDS.smooth.batch : TDselect: no visible binding for global
     variable ‘indiv.file’
    fit4NM : BDS.smooth.batch : TDselect: no visible binding for global
     variable ‘BBgroup’
    fit4NM : BDS.smooth.batch: no visible binding for '<<-' assignment to
     ‘BDSwin’
    fit4NM : BDS.smooth.batch: no visible binding for '<<-' assignment to
     ‘BigGroup’
    fit4NM : BDS.smooth.batch: no visible binding for global variable
     ‘BDSwin’
    fit4NM : BDS.smooth.batch: no visible binding for '<<-' assignment to
     ‘BBgroup’
    fit4NM : BDS.smooth.batch: no visible binding for global variable
     ‘BigGroup’
    fit4NM : BDS.smooth.batch: no visible binding for global variable
     ‘BBgroup’
    fit4NM : BDS.smooth.batch: no visible binding for '<<-' assignment to
     ‘MW’
    fit4NM : BDS.smooth.batch: no visible binding for global variable ‘MW’
    fit4NM : BDS.smooth : BDSsave: no visible binding for global variable
     ‘tot.data’
    fit4NM : BDS.smooth : BDS.indiv.GUI: no visible binding for '<<-'
     assignment to ‘file.name’
    fit4NM : BDS.smooth : BDS.indiv.GUI: no visible binding for global
     variable ‘FileList’
    fit4NM : BDS.smooth : BDS.indiv.GUI: no visible binding for global
     variable ‘file.name’
    fit4NM : BDS.smooth : BDS.indiv.GUI: no visible binding for '<<-'
     assignment to ‘BDSINDwin’
    fit4NM : BDS.smooth : BDS.indiv.GUI: no visible binding for '<<-'
     assignment to ‘BigGroup’
    fit4NM : BDS.smooth : BDS.indiv.GUI: no visible binding for global
     variable ‘BDSINDwin’
    fit4NM : BDS.smooth : BDS.indiv.GUI: no visible binding for '<<-'
     assignment to ‘BBgroup’
    fit4NM : BDS.smooth : BDS.indiv.GUI: no visible binding for global
     variable ‘BigGroup’
    fit4NM : BDS.smooth : BDS.indiv.GUI: no visible binding for '<<-'
     assignment to ‘MW’
    fit4NM : BDS.smooth : BDS.indiv.GUI: no visible binding for global
     variable ‘BBgroup’
    fit4NM : BDS.smooth : BDS.indiv.GUI: no visible binding for global
     variable ‘MW’
    fit4NM : BDS.smooth : BDS.indiv.GUI: no visible binding for '<<-'
     assignment to ‘flag.start’
    fit4NM : BDS.smooth : BDSplot: no visible binding for global variable
     ‘X.plot’
    fit4NM : BDS.smooth : BDSplot: no visible binding for global variable
     ‘Y.plot’
    fit4NM : BDS.smooth : BDSplot: no visible binding for global variable
     ‘Y.new.plot’
    fit4NM : BDS.smooth : openBDS: no visible binding for '<<-' assignment
     to ‘BDS.dir’
    fit4NM : BDS.smooth : openBDS: no visible binding for global variable
     ‘BDS.dir’
    fit4NM : BDS.smooth : openBDS: no visible binding for '<<-' assignment
     to ‘indiv.file’
    fit4NM : BDS.smooth : openBDS: no visible binding for global variable
     ‘BBgroup’
    fit4NM : BDS.smooth : openBDS: no visible binding for global variable
     ‘indiv.file’
    fit4NM : BDS.smooth : BDSsmoothcalc: no visible binding for global
     variable ‘start.flag’
    fit4NM : BDS.smooth : BDSsmoothcalc: no visible binding for global
     variable ‘BigGroup’
    fit4NM : BDS.smooth : BDSsmoothcalc: no visible binding for '<<-'
     assignment to ‘start.flag’
    fit4NM : BDS.smooth : BDSsmoothcalc: no visible binding for global
     variable ‘file.name’
    fit4NM : BDS.smooth : BDSsmoothcalc: no visible binding for global
     variable ‘BDS.list’
    fit4NM : BDS.smooth : BDSsmoothcalc: no visible binding for global
     variable ‘MW’
    fit4NM : BDS.smooth : BDSsmoothcalc: no visible binding for '<<-'
     assignment to ‘X.plot’
    fit4NM : BDS.smooth : BDSsmoothcalc: no visible binding for '<<-'
     assignment to ‘Y.plot’
    fit4NM : BDS.smooth : BDSsmoothcalc: no visible binding for '<<-'
     assignment to ‘Y.new.plot’
    fit4NM : BDS.smooth: no visible binding for '<<-' assignment to
     ‘BDSwin’
    fit4NM : BDS.smooth: no visible binding for '<<-' assignment to
     ‘BigGroup’
    fit4NM : BDS.smooth: no visible binding for global variable ‘BDSwin’
    fit4NM : BDS.smooth: no visible binding for '<<-' assignment to
     ‘BBgroup’
    fit4NM : BDS.smooth: no visible binding for global variable ‘BigGroup’
    fit4NM : BDS.smooth: no visible binding for global variable ‘BBgroup’
    fit4NM : BDS.smooth: no visible binding for '<<-' assignment to
     ‘start.flag’
    fit4NM : DataPrep : DemogOK: no visible binding for '<<-' assignment to
     ‘fileName1’
    fit4NM : DataPrep : DemogOK: no visible binding for global variable
     ‘fileName1’
    fit4NM : DataPrep : AdmOK: no visible binding for '<<-' assignment to
     ‘fileName2’
    fit4NM : DataPrep : AdmOK: no visible binding for global variable
     ‘fileName2’
    fit4NM : DataPrep : DVOK: no visible binding for '<<-' assignment to
     ‘fileName3’
    fit4NM : DataPrep : DVOK: no visible binding for global variable
     ‘fileName3’
    fit4NM : DataPrep : IPKOK: no visible binding for '<<-' assignment to
     ‘fileName5’
    fit4NM : DataPrep : IPKOK: no visible binding for global variable
     ‘fileName5’
    fit4NM : DataPrep : openSpread: no visible binding for global variable
     ‘NM.data’
    fit4NM : DataPrep : Combine: no visible binding for '<<-' assignment to
     ‘Demog’
    fit4NM : DataPrep : Combine: no visible binding for global variable
     ‘fileName1’
    fit4NM : DataPrep : Combine: no visible binding for '<<-' assignment to
     ‘Adm’
    fit4NM : DataPrep : Combine: no visible binding for global variable
     ‘fileName2’
    fit4NM : DataPrep : Combine: no visible binding for '<<-' assignment to
     ‘DV’
    fit4NM : DataPrep : Combine: no visible binding for global variable
     ‘fileName3’
    fit4NM : DataPrep : Combine: no visible binding for '<<-' assignment to
     ‘fileName5’
    fit4NM : DataPrep : Combine: no visible binding for global variable
     ‘fileName5’
    fit4NM : DataPrep : Combine: no visible binding for '<<-' assignment to
     ‘IPK’
    fit4NM : DataPrep : Combine: no visible binding for global variable
     ‘Demog’
    fit4NM : DataPrep : Combine: no visible binding for global variable
     ‘IPK’
    fit4NM : DataPrep : Combine: no visible binding for global variable
     ‘Adm’
    fit4NM : DataPrep : Combine: no visible binding for global variable
     ‘DV’
    fit4NM : DataPrep : Combine: no visible binding for '<<-' assignment to
     ‘NM.data’
    fit4NM : DataPrep : Save: no visible binding for global variable
     ‘NM.data’
    fit4NM : DataPrep : Save: no visible binding for global variable
     ‘Toptt’
    fit4NM : DataPrep: no visible binding for '<<-' assignment to ‘Demog’
    fit4NM : DataPrep: no visible binding for '<<-' assignment to ‘Adm’
    fit4NM : DataPrep: no visible binding for '<<-' assignment to ‘DV’
    fit4NM : DataPrep: no visible binding for '<<-' assignment to ‘IPK’
    fit4NM : DataPrep: no visible binding for '<<-' assignment to ‘Toptt’
    fit4NM : DataPrep: no visible binding for global variable ‘Toptt’
    fit4NM : OpenEDAData: no visible binding for '<<-' assignment to
     ‘EDAfileName’
    fit4NM : OpenEDAData: no visible binding for '<<-' assignment to
     ‘EDA.data’
    fit4NM : OpenEDAData: no visible binding for global variable
     ‘EDAfileName’
    fit4NM : OpenEDAData: no visible binding for '<<-' assignment to
     ‘Var.Name’
    fit4NM : OpenEDAData: no visible binding for global variable ‘EDA.data’
    fit4NM : Summary.stat : calc.summary: no visible binding for global
     variable ‘EDA.data’
    fit4NM : Summary.stat : calc.summary: no visible binding for global
     variable ‘Con.list’
    fit4NM : Summary.stat : calc.summary : savesummarydata: no visible
     binding for global variable ‘EDAfileName’
    fit4NM : Summary.stat : saveCat: no visible binding for '<<-'
     assignment to ‘Con.list’
    fit4NM : Summary.stat: no visible binding for global variable
     ‘EDA.data’
    fit4NM : Summary.stat.ind : calc.summary: no visible binding for global
     variable ‘EDA.data’
    fit4NM : Summary.stat.ind : calc.summary: no visible binding for global
     variable ‘Con.list’
    fit4NM : Summary.stat.ind : calc.summary: no visible binding for global
     variable ‘Cat.list’
    fit4NM : Summary.stat.ind : calc.summary : savesummarydata: no visible
     binding for global variable ‘EDAfileName’
    fit4NM : Summary.stat.ind : saveCat: no visible binding for '<<-'
     assignment to ‘Con.list’
    fit4NM : Summary.stat.ind : saveCat: no visible binding for '<<-'
     assignment to ‘Cat.list’
    fit4NM : Summary.stat.ind: no visible binding for global variable
     ‘EDA.data’
    fit4NM : Summary.stat.cat.ind : calc.summary: no visible binding for
     global variable ‘EDA.data’
    fit4NM : Summary.stat.cat.ind : calc.summary: no visible binding for
     global variable ‘Con.list’
    fit4NM : Summary.stat.cat.ind : calc.summary : savesummarydata: no
     visible binding for global variable ‘EDAfileName’
    fit4NM : Summary.stat.cat.ind : saveCat: no visible binding for '<<-'
     assignment to ‘Con.list’
    fit4NM : Summary.stat.cat.ind: no visible binding for global variable
     ‘EDA.data’
    fit4NM : Summary.cat : saveCat : savesummarycdata: no visible binding
     for global variable ‘EDAfileName’
    fit4NM : Summary.cat : saveCat: no visible binding for '<<-' assignment
     to ‘Cat.list’
    fit4NM : Summary.cat : saveCat: no visible binding for global variable
     ‘EDA.data’
    fit4NM : Summary.cat : saveCat: no visible binding for global variable
     ‘Cat.list’
    fit4NM : Summary.cat: no visible binding for global variable ‘EDA.data’
    fit4NM : Summary.cat1 : saveCat : savesummarycdata: no visible binding
     for global variable ‘EDAfileName’
    fit4NM : Summary.cat1 : saveCat: no visible binding for '<<-'
     assignment to ‘Cat.list’
    fit4NM : Summary.cat1 : saveCat: no visible binding for global variable
     ‘EDA.data’
    fit4NM : Summary.cat1 : saveCat: no visible binding for global variable
     ‘Cat.list’
    fit4NM : Summary.cat1: no visible binding for global variable
     ‘EDA.data’
    fit4NM : XY.plot: no visible binding for global variable ‘EDA.data’
    fit4NM : XY.plot : updatePlot: no visible binding for global variable
     ‘Var.Name’
    fit4NM : XY.plot : saveData: no visible binding for global variable
     ‘Var.Name’
    fit4NM : XY.plot: no visible binding for global variable ‘Var.Name’
    fit4NM : ID.plot: no visible binding for global variable ‘EDA.data’
    fit4NM : ID.plot : savedata: no visible binding for global variable
     ‘EDAfileName’
    fit4NM : ID.plot : savedata: no visible binding for global variable
     ‘EDA.data’
    fit4NM : IDCOV.plot: no visible binding for global variable ‘EDA.data’
    fit4NM : IDCOV.plot : updatePlot: no visible binding for global
     variable ‘EDA.data’
    fit4NM : COVvsCOV.plot : CovPlot : updatePlot: no visible binding for
     global variable ‘Cov.list’
    fit4NM : COVvsCOV.plot : CovPlot : updatePlot: no visible binding for
     global variable ‘EDA.data’
    fit4NM : COVvsCOV.plot : CovPlot : updatePlot: no visible binding for
     '<<-' assignment to ‘DD’
    fit4NM : COVvsCOV.plot : CovPlot : saveData: no visible binding for
     global variable ‘D.data’
    fit4NM : COVvsCOV.plot : CovPlot : saveData: no visible binding for
     global variable ‘ID.id’
    fit4NM : COVvsCOV.plot : CovPlot: no visible binding for global
     variable ‘Cov.list’
    fit4NM : COVvsCOV.plot : saveCov: no visible binding for '<<-'
     assignment to ‘Cov.list’
    fit4NM : COVvsCOV.plot: no visible binding for global variable
     ‘EDA.data’
    fit4NM : EditEditor: no visible binding for '<<-' assignment to
     ‘Current.CTL’
    fit4NM : EditEditor: no visible binding for '<<-' assignment to
     ‘NONMEM.CTL’
    fit4NM : EditEditor: no visible binding for global variable
     ‘Current.CTL’
    fit4NM : EditEditor : <anonymous>: no visible global function
     definition for ‘Editor1’
    fit4NM : ExternalEditor: no visible binding for global variable
     ‘Editor.path’
    fit4NM : Editor: no visible binding for '<<-' assignment to ‘file.ctl’
    fit4NM : Editor : Editor1 : <anonymous>: no visible binding for global
     variable ‘data.file’
    fit4NM : Editor : Editor1 : <anonymous>: no visible binding for global
     variable ‘Default.NMpath’
    fit4NM : Editor : Editor1 : <anonymous>: no visible binding for global
     variable ‘TOT.RUN’
    fit4NM : Editor : Editor1 : <anonymous>: no visible binding for '<<-'
     assignment to ‘TOT.RUN’
    fit4NM : Editor : Editor1 : <anonymous>: no visible binding for global
     variable ‘Alternative.NMpath’
    fit4NM : Editor : Editor1 : openrundata: no visible binding for '<<-'
     assignment to ‘data.file’
    fit4NM : Editor : Editor1 : openrundata: no visible binding for global
     variable ‘data.file’
    fit4NM : Editor : Editor1: no visible binding for global variable
     ‘TOT.RUN’
    fit4NM : Editor: no visible binding for global variable ‘file.ctl’
    fit4NM : ShowResult1: no visible binding for global variable ‘TOT.RUN’
    fit4NM : ExternalRun : opendata: no visible binding for '<<-'
     assignment to ‘data.file’
    fit4NM : ExternalRun : opendata: no visible binding for global variable
     ‘data.file’
    fit4NM : ExternalRun : openControl: no visible binding for '<<-'
     assignment to ‘control.file’
    fit4NM : ExternalRun : openControl: no visible binding for global
     variable ‘control.file’
    fit4NM : ExternalRun : openEdtRun: no visible binding for global
     variable ‘control.file’
    fit4NM : ExternalRun : openEdtRun: no visible binding for global
     variable ‘data.file’
    fit4NM : ExternalRun : openEdtRun: no visible binding for global
     variable ‘Default.NMpath’
    fit4NM : ExternalRun : openEdtRun: no visible binding for global
     variable ‘Editor.path’
    fit4NM : DirectRun : RunNONMEM: no visible binding for global variable
     ‘DataFile.Name’
    fit4NM : DirectRun : RunNONMEM: no visible binding for global variable
     ‘ControlFile.Name’
    fit4NM : DirectRun : RunNONMEM: no visible binding for global variable
     ‘Param.Num’
    fit4NM : DirectRun : RunNONMEM: no visible binding for global variable
     ‘Description.N’
    fit4NM : DirectRun : RunNONMEM: no visible binding for global variable
     ‘Parent.Num’
    fit4NM : DirectRun : RunNONMEM: no visible binding for global variable
     ‘Default.NMpath’
    fit4NM : DirectRun : RunNONMEM: no visible binding for global variable
     ‘TOT.RUN’
    fit4NM : DirectRun : RunNONMEM: no visible binding for '<<-' assignment
     to ‘TOT.RUN’
    fit4NM : DirectRun : SeqRun: no visible binding for global variable ‘k’
    fit4NM : DirectRun : SeqRun: no visible binding for global variable
     ‘DataFile.Name’
    fit4NM : DirectRun : SeqRun: no visible binding for global variable
     ‘ControlFile.Name’
    fit4NM : DirectRun : SeqRun: no visible binding for global variable
     ‘Param.Num’
    fit4NM : DirectRun : SeqRun: no visible binding for global variable
     ‘Description.N’
    fit4NM : DirectRun : SeqRun: no visible binding for global variable
     ‘Parent.Num’
    fit4NM : DirectRun : SeqRun: no visible binding for global variable
     ‘Default.NMpath’
    fit4NM : DirectRun : SeqRun: no visible binding for global variable
     ‘TOT.RUN’
    fit4NM : DirectRun : SeqRun: no visible binding for '<<-' assignment to
     ‘TOT.RUN’
    fit4NM : DirectRun : Add: no visible binding for global variable ‘k’
    fit4NM : DirectRun : AddLine: no visible binding for '<<-' assignment
     to ‘k’
    fit4NM : DirectRun : AddLine: no visible binding for '<<-' assignment
     to ‘ControlFile.Name’
    fit4NM : DirectRun : AddLine: no visible binding for global variable
     ‘ControlFile.Name’
    fit4NM : DirectRun : AddLine: no visible binding for '<<-' assignment
     to ‘ControlFileName’
    fit4NM : DirectRun : AddLine: no visible binding for global variable
     ‘ControlFileName’
    fit4NM : DirectRun : AddLine: no visible binding for '<<-' assignment
     to ‘DataFile.Name’
    fit4NM : DirectRun : AddLine: no visible binding for global variable
     ‘DataFile.Name’
    fit4NM : DirectRun : AddLine: no visible binding for '<<-' assignment
     to ‘DataFileName’
    fit4NM : DirectRun : AddLine: no visible binding for global variable
     ‘DataFileName’
    fit4NM : DirectRun : AddLine: no visible binding for '<<-' assignment
     to ‘Run.Num’
    fit4NM : DirectRun : AddLine: no visible binding for global variable
     ‘Run.Num’
    fit4NM : DirectRun : AddLine: no visible binding for '<<-' assignment
     to ‘RunNum’
    fit4NM : DirectRun : AddLine: no visible binding for global variable
     ‘RunNum’
    fit4NM : DirectRun : AddLine: no visible binding for '<<-' assignment
     to ‘Description.N’
    fit4NM : DirectRun : AddLine: no visible binding for global variable
     ‘Description.N’
    fit4NM : DirectRun : AddLine: no visible binding for '<<-' assignment
     to ‘DescriptionN’
    fit4NM : DirectRun : AddLine: no visible binding for global variable
     ‘DescriptionN’
    fit4NM : DirectRun : AddLine: no visible binding for '<<-' assignment
     to ‘Param.Num’
    fit4NM : DirectRun : AddLine: no visible binding for global variable
     ‘Param.Num’
    fit4NM : DirectRun : AddLine: no visible binding for '<<-' assignment
     to ‘ParamNum’
    fit4NM : DirectRun : AddLine: no visible binding for global variable
     ‘ParamNum’
    fit4NM : DirectRun : AddLine: no visible binding for '<<-' assignment
     to ‘Parent.Num’
    fit4NM : DirectRun : AddLine: no visible binding for global variable
     ‘Parent.Num’
    fit4NM : DirectRun : AddLine: no visible binding for '<<-' assignment
     to ‘ParentNum’
    fit4NM : DirectRun : AddLine: no visible binding for global variable
     ‘ParentNum’
    fit4NM : DirectRun : ConFile: no visible binding for global variable
     ‘k’
    fit4NM : DirectRun : ConFile: no visible binding for '<<-' assignment
     to ‘ControlFile.Name’
    fit4NM : DirectRun : ConFile: no visible binding for global variable
     ‘ControlFile.Name’
    fit4NM : DirectRun : ConFile: no visible binding for '<<-' assignment
     to ‘Run.Num’
    fit4NM : DirectRun : ConFile: no visible binding for global variable
     ‘Run.Num’
    fit4NM : DirectRun : ConFile: no visible binding for '<<-' assignment
     to ‘DirectRunNum’
    fit4NM : DirectRun : ConFile: no visible binding for global variable
     ‘DirectRunNum’
    fit4NM : DirectRun : DataFile: no visible binding for global variable
     ‘k’
    fit4NM : DirectRun : DataFile: no visible binding for global variable
     ‘ControlFile.Name’
    fit4NM : DirectRun : DataFile: no visible binding for '<<-' assignment
     to ‘DataFile.Name’
    fit4NM : DirectRun : DataFile: no visible binding for global variable
     ‘DataFile.Name’
    fit4NM : DirectRun : SaveRun: no visible binding for global variable
     ‘k’
    fit4NM : DirectRun : SaveRun: no visible binding for global variable
     ‘DataFile.Name’
    fit4NM : DirectRun : SaveRun: no visible binding for global variable
     ‘ControlFile.Name’
    fit4NM : DirectRun : SaveRun: no visible binding for global variable
     ‘Param.Num’
    fit4NM : DirectRun : SaveRun: no visible binding for global variable
     ‘Description.N’
    fit4NM : DirectRun : SaveRun: no visible binding for global variable
     ‘Parent.Num’
    fit4NM : DirectRun : SaveRun: no visible binding for global variable
     ‘Run.Num’
    fit4NM : DirectRun: no visible binding for '<<-' assignment to
     ‘DirectRunNum’
    fit4NM : DirectRun: no visible binding for '<<-' assignment to ‘Toptt’
    fit4NM : DirectRun: no visible binding for global variable ‘Toptt’
    fit4NM : DirectRun: no visible binding for '<<-' assignment to
     ‘ControlFile.Name’
    fit4NM : DirectRun: no visible binding for '<<-' assignment to
     ‘ControlFileName’
    fit4NM : DirectRun: no visible binding for '<<-' assignment to
     ‘DataFile.Name’
    fit4NM : DirectRun: no visible binding for '<<-' assignment to
     ‘DataFileName’
    fit4NM : DirectRun: no visible binding for '<<-' assignment to ‘RunNum’
    fit4NM : DirectRun: no visible binding for '<<-' assignment to
     ‘Run.Num’
    fit4NM : DirectRun: no visible binding for '<<-' assignment to
     ‘DescriptionN’
    fit4NM : DirectRun: no visible binding for '<<-' assignment to
     ‘Description.N’
    fit4NM : DirectRun: no visible binding for '<<-' assignment to
     ‘ParamNum’
    fit4NM : DirectRun: no visible binding for '<<-' assignment to
     ‘Param.Num’
    fit4NM : DirectRun: no visible binding for '<<-' assignment to
     ‘ParentNum’
    fit4NM : DirectRun: no visible binding for '<<-' assignment to
     ‘Parent.Num’
    fit4NM : DirectRun: no visible binding for '<<-' assignment to ‘k’
    fit4NM : DirectRun: no visible binding for global variable
     ‘ControlFile.Name’
    fit4NM : DirectRun: no visible binding for global variable ‘k’
    fit4NM : DirectRun: no visible binding for global variable
     ‘ControlFileName’
    fit4NM : DirectRun: no visible binding for global variable
     ‘DataFile.Name’
    fit4NM : DirectRun: no visible binding for global variable
     ‘DataFileName’
    fit4NM : DirectRun: no visible binding for global variable ‘Run.Num’
    fit4NM : DirectRun: no visible binding for global variable ‘RunNum’
    fit4NM : DirectRun: no visible binding for global variable
     ‘Description.N’
    fit4NM : DirectRun: no visible binding for global variable
     ‘DescriptionN’
    fit4NM : DirectRun: no visible binding for global variable ‘Param.Num’
    fit4NM : DirectRun: no visible binding for global variable ‘ParamNum’
    fit4NM : DirectRun: no visible binding for global variable ‘Parent.Num’
    fit4NM : DirectRun: no visible binding for global variable ‘ParentNum’
    fit4NM : AddRunTable : AddTable: no visible binding for global variable
     ‘kk’
    fit4NM : AddRunTable : AddTable: no visible binding for global variable
     ‘ControlFile.Dir’
    fit4NM : AddRunTable : AddTable: no visible binding for global variable
     ‘Run.Num’
    fit4NM : AddRunTable : AddTable: no visible binding for global variable
     ‘Param.Num’
    fit4NM : AddRunTable : AddTable: no visible binding for global variable
     ‘Description.N’
    fit4NM : AddRunTable : AddTable: no visible binding for global variable
     ‘TOT.RUN’
    fit4NM : AddRunTable : AddTable: no visible binding for global variable
     ‘Parent.Num’
    fit4NM : AddRunTable : AddTable: no visible binding for '<<-'
     assignment to ‘TOT.RUN’
    fit4NM : AddRunTable : AddTable: no visible binding for global variable
     ‘Toptt’
    fit4NM : AddRunTable : Add: no visible binding for global variable ‘kk’
    fit4NM : AddRunTable : AddLine: no visible binding for '<<-' assignment
     to ‘kk’
    fit4NM : AddRunTable : AddLine: no visible binding for '<<-' assignment
     to ‘ControlFile.Dir’
    fit4NM : AddRunTable : AddLine: no visible binding for global variable
     ‘ControlFile.Dir’
    fit4NM : AddRunTable : AddLine: no visible binding for '<<-' assignment
     to ‘ControlFileDir’
    fit4NM : AddRunTable : AddLine: no visible binding for global variable
     ‘ControlFileDir’
    fit4NM : AddRunTable : AddLine: no visible binding for '<<-' assignment
     to ‘Run.Num’
    fit4NM : AddRunTable : AddLine: no visible binding for global variable
     ‘Run.Num’
    fit4NM : AddRunTable : AddLine: no visible binding for '<<-' assignment
     to ‘RunNum’
    fit4NM : AddRunTable : AddLine: no visible binding for global variable
     ‘RunNum’
    fit4NM : AddRunTable : AddLine: no visible binding for '<<-' assignment
     to ‘Description.N’
    fit4NM : AddRunTable : AddLine: no visible binding for global variable
     ‘Description.N’
    fit4NM : AddRunTable : AddLine: no visible binding for '<<-' assignment
     to ‘DescriptionN’
    fit4NM : AddRunTable : AddLine: no visible binding for global variable
     ‘DescriptionN’
    fit4NM : AddRunTable : AddLine: no visible binding for '<<-' assignment
     to ‘Param.Num’
    fit4NM : AddRunTable : AddLine: no visible binding for global variable
     ‘Param.Num’
    fit4NM : AddRunTable : AddLine: no visible binding for '<<-' assignment
     to ‘ParamNum’
    fit4NM : AddRunTable : AddLine: no visible binding for global variable
     ‘ParamNum’
    fit4NM : AddRunTable : AddLine: no visible binding for '<<-' assignment
     to ‘Parent.Num’
    fit4NM : AddRunTable : AddLine: no visible binding for global variable
     ‘Parent.Num’
    fit4NM : AddRunTable : AddLine: no visible binding for '<<-' assignment
     to ‘ParentNum’
    fit4NM : AddRunTable : AddLine: no visible binding for global variable
     ‘ParentNum’
    fit4NM : AddRunTable : ConFile: no visible binding for global variable
     ‘kk’
    fit4NM : AddRunTable : ConFile: no visible binding for '<<-' assignment
     to ‘ControlFile.Dir’
    fit4NM : AddRunTable : ConFile: no visible binding for global variable
     ‘ControlFile.Dir’
    fit4NM : AddRunTable : ConFile: no visible binding for '<<-' assignment
     to ‘Run.Num’
    fit4NM : AddRunTable : ConFile: no visible binding for global variable
     ‘Run.Num’
    fit4NM : AddRunTable: no visible binding for '<<-' assignment to
     ‘Toptt’
    fit4NM : AddRunTable: no visible binding for global variable ‘Toptt’
    fit4NM : AddRunTable: no visible binding for '<<-' assignment to
     ‘ControlFile.Dir’
    fit4NM : AddRunTable: no visible binding for '<<-' assignment to
     ‘ControlFileDir’
    fit4NM : AddRunTable: no visible binding for '<<-' assignment to
     ‘RunNum’
    fit4NM : AddRunTable: no visible binding for '<<-' assignment to
     ‘Run.Num’
    fit4NM : AddRunTable: no visible binding for '<<-' assignment to
     ‘DescriptionN’
    fit4NM : AddRunTable: no visible binding for '<<-' assignment to
     ‘Description.N’
    fit4NM : AddRunTable: no visible binding for '<<-' assignment to
     ‘ParamNum’
    fit4NM : AddRunTable: no visible binding for '<<-' assignment to
     ‘Param.Num’
    fit4NM : AddRunTable: no visible binding for '<<-' assignment to
     ‘ParentNum’
    fit4NM : AddRunTable: no visible binding for '<<-' assignment to
     ‘Parent.Num’
    fit4NM : AddRunTable: no visible binding for '<<-' assignment to ‘kk’
    fit4NM : AddRunTable: no visible binding for global variable
     ‘ControlFile.Dir’
    fit4NM : AddRunTable: no visible binding for global variable ‘kk’
    fit4NM : AddRunTable: no visible binding for global variable
     ‘ControlFileDir’
    fit4NM : AddRunTable: no visible binding for global variable ‘Run.Num’
    fit4NM : AddRunTable: no visible binding for global variable ‘RunNum’
    fit4NM : AddRunTable: no visible binding for global variable
     ‘Description.N’
    fit4NM : AddRunTable: no visible binding for global variable
     ‘DescriptionN’
    fit4NM : AddRunTable: no visible binding for global variable
     ‘Param.Num’
    fit4NM : AddRunTable: no visible binding for global variable ‘ParamNum’
    fit4NM : AddRunTable: no visible binding for global variable
     ‘Parent.Num’
    fit4NM : AddRunTable: no visible binding for global variable
     ‘ParentNum’
    fit4NM : saveRUNTABLE.handler: no visible binding for global variable
     ‘run.table’
    fit4NM : saveRUNTABLE.handler: no visible binding for global variable
     ‘TOT.RUN’
    fit4NM : loadRUNTABLE.handler: no visible binding for global variable
     ‘TOT.RUN’
    fit4NM : loadRUNTABLE.handler: no visible binding for '<<-' assignment
     to ‘TOT.RUN’
    fit4NM : Tree.handler: no visible binding for global variable ‘TOT.RUN’
    fit4NM : outputselect : selRUNnum : selectIDs: no visible binding for
     '<<-' assignment to ‘SEL.ID’
    fit4NM : outputselect : selRUNnum : selectIDs: no visible binding for
     '<<-' assignment to ‘OUTPUT.file’
    fit4NM : outputselect : selRUNnum : selectIDs: no visible binding for
     global variable ‘SEL.ID’
    fit4NM : outputselect : selRUNnum : selectIDs: no visible binding for
     global variable ‘OUTPUT.file’
    fit4NM : outputselect : selRUNnum: no visible binding for '<<-'
     assignment to ‘FILE.ID’
    fit4NM : outputselect : selRUNnum: no visible binding for global
     variable ‘TOT.RUN’
    fit4NM : outputselect: no visible binding for global variable ‘TOT.RUN’
    fit4NM : showRES: no visible binding for global variable ‘TOT.RUN’
    fit4NM : showRES: no visible binding for global variable ‘FILE.ID’
    fit4NM : Measure.Performance1 : save.MP.pop: no visible binding for
     global variable ‘MP.pop’
    fit4NM : Measure.Performance1 : save.MP.indiv: no visible binding for
     global variable ‘MP.Indiv’
    fit4NM : Measure.Performance1 : calc.MP: no visible binding for global
     variable ‘MP.list’
    fit4NM : Measure.Performance1 : calc.MP: no visible binding for global
     variable ‘EX.data.T’
    fit4NM : Measure.Performance1 : select.MP: no visible binding for '<<-'
     assignment to ‘EX.data.T’
    fit4NM : Measure.Performance1 : select.MP: no visible binding for
     global variable ‘EX.data.T’
    fit4NM : Measure.Performance1: no visible binding for '<<-' assignment
     to ‘MP.win’
    fit4NM : Measure.Performance1: no visible binding for global variable
     ‘MP.win’
    fit4NM : Measure.Performance1: no visible binding for '<<-' assignment
     to ‘file.MP’
    fit4NM : Measure.Performance2 : MeasureP: no visible binding for global
     variable ‘XY’
    fit4NM : Measure.Performance2 : save.MP.pop: no visible binding for
     global variable ‘MP.pop’
    fit4NM : Measure.Performance2 : save.MP.indiv: no visible binding for
     global variable ‘MP.Indiv’
    fit4NM : Measure.Performance2 : calc.MP: no visible binding for global
     variable ‘MP.list’
    fit4NM : Measure.Performance2 : calc.MP: no visible binding for global
     variable ‘EX.data.T’
    fit4NM : Measure.Performance2 : select.MP: no visible binding for '<<-'
     assignment to ‘EX.data.T’
    fit4NM : Measure.Performance2 : select.MP: no visible binding for
     global variable ‘EX.data.T’
    fit4NM : Measure.Performance2 : select.MP: no visible binding for '<<-'
     assignment to ‘XY’
    fit4NM : Measure.Performance2: no visible binding for '<<-' assignment
     to ‘MP.win’
    fit4NM : Measure.Performance2: no visible binding for global variable
     ‘MP.win’
    fit4NM : Measure.Performance2: no visible binding for '<<-' assignment
     to ‘file.MP’
    fit4NM : postXY.plot: no visible binding for global variable ‘TOT.RUN’
    fit4NM : postXY.plot: no visible binding for global variable ‘FILE.ID’
    fit4NM : postXY.plot: no visible binding for global variable ‘SEL.ID’
    fit4NM : postXY.plot : saveData: no visible binding for global variable
     ‘ID.id’
    fit4NM : postXY.plot : saveData: no visible binding for global variable
     ‘ID’
    fit4NM : DVvsPRED.plot: no visible binding for global variable
     ‘TOT.RUN’
    fit4NM : DVvsPRED.plot: no visible binding for global variable
     ‘FILE.ID’
    fit4NM : DVvsPRED.plot: no visible binding for global variable ‘SEL.ID’
    fit4NM : DVvsPRED.plot: no visible binding for global variable
     ‘OUTPUT.file’
    fit4NM : DVvsPRED.plot: no visible binding for global variable
     ‘PRED.list.6’
    fit4NM : DVvsPRED.plot: no visible binding for global variable
     ‘PRED.list.7’
    fit4NM : DVvsRES.plot: no visible binding for global variable ‘TOT.RUN’
    fit4NM : DVvsRES.plot: no visible binding for global variable ‘FILE.ID’
    fit4NM : DVvsRES.plot: no visible binding for global variable ‘SEL.ID’
    fit4NM : DVvsRES.plot: no visible binding for global variable
     ‘OUTPUT.file’
    fit4NM : DVvsRES.plot: no visible binding for global variable
     ‘RES.list.6’
    fit4NM : DVvsRES.plot: no visible binding for global variable
     ‘RES.list.7’
    fit4NM : TIMEvsRES.plot : updatePlot: no visible binding for global
     variable ‘TOT.RUN’
    fit4NM : TIMEvsRES.plot : updatePlot: no visible binding for global
     variable ‘FILE.ID’
    fit4NM : TIMEvsRES.plot : updatePlot: no visible binding for global
     variable ‘SEL.ID’
    fit4NM : TIMEvsRES.plot: no visible binding for global variable
     ‘OUTPUT.file’
    fit4NM : TIMEvsRES.plot: no visible binding for global variable
     ‘RES.list.6’
    fit4NM : TIMEvsRES.plot: no visible binding for global variable
     ‘RES.list.7’
    fit4NM : TIMEvsDVandPRED.plot : updatePlot: no visible binding for
     global variable ‘TOT.RUN’
    fit4NM : TIMEvsDVandPRED.plot : updatePlot: no visible binding for
     global variable ‘FILE.ID’
    fit4NM : TIMEvsDVandPRED.plot : updatePlot: no visible binding for
     global variable ‘SEL.ID’
    fit4NM : TIMEvsDVandPRED.plot: no visible binding for global variable
     ‘OUTPUT.file’
    fit4NM : TIMEvsDVandPRED.plot: no visible binding for global variable
     ‘PRED.list.6’
    fit4NM : TIMEvsDVandPRED.plot: no visible binding for global variable
     ‘PRED.list.7’
    fit4NM : TIMEvsDVandPREDID.plot: no visible binding for global variable
     ‘TOT.RUN’
    fit4NM : TIMEvsDVandPREDID.plot: no visible binding for global variable
     ‘FILE.ID’
    fit4NM : TIMEvsDVandPREDID.plot: no visible binding for global variable
     ‘SEL.ID’
    fit4NM : TIMEvsDVandPREDID.plot: no visible binding for global variable
     ‘PRED.list.6’
    fit4NM : TIMEvsDVandPREDID.plot: no visible binding for global variable
     ‘PRED.list.7’
    fit4NM : EBEvsCOV.plot : updatePlot: no visible binding for global
     variable ‘TOT.RUN’
    fit4NM : EBEvsCOV.plot : updatePlot: no visible binding for global
     variable ‘FILE.ID’
    fit4NM : EBEvsCOV.plot : savePlot: no visible binding for global
     variable ‘T.data’
    fit4NM : EBEvsCOV.plot: no visible binding for global variable
     ‘TOT.RUN’
    fit4NM : EBEvsCOV.plot: no visible binding for global variable
     ‘FILE.ID’
    fit4NM : EBEvsCOV.plot: no visible binding for global variable ‘SEL.ID’
    fit4NM : EBEvsCOV.plot: no visible binding for '<<-' assignment to
     ‘T.data’
    fit4NM : PKparam.converter : save.convert.PK: no visible binding for
     global variable ‘convert.T’
    fit4NM : PKparam.converter : convert.V: no visible binding for global
     variable ‘Method.t’
    fit4NM : PKparam.converter : convert.V: no visible binding for global
     variable ‘Comp.t’
    fit4NM : PKparam.converter : convert.V: no visible binding for global
     variable ‘PKparam.input’
    fit4NM : PKparam.converter : convert.V: no visible binding for global
     variable ‘PK.list’
    fit4NM : PKparam.converter : convert.V: no visible binding for global
     variable ‘PK.data’
    fit4NM : PKparam.converter : select.V1: no visible binding for global
     variable ‘Method.t’
    fit4NM : PKparam.converter : select.V1: no visible binding for global
     variable ‘Comp.t’
    fit4NM : PKparam.converter : select.V1: no visible binding for '<<-'
     assignment to ‘PK.list’
    fit4NM : PKparam.converter : select.V1: no visible binding for global
     variable ‘PK.list’
    fit4NM : PKparam.converter : select.V2: no visible binding for global
     variable ‘Method.t’
    fit4NM : PKparam.converter : select.V2: no visible binding for global
     variable ‘Comp.t’
    fit4NM : PKparam.converter : select.V2: no visible binding for '<<-'
     assignment to ‘PK.list’
    fit4NM : PKparam.converter : select.V2: no visible binding for global
     variable ‘PK.list’
    fit4NM : PKparam.converter : convert.comp2.m5: no visible binding for
     '<<-' assignment to ‘Result.P’
    fit4NM : PKparam.converter : convert.comp2.m5: no visible binding for
     global variable ‘Result.P’
    fit4NM : PKparam.converter : convert.comp3.m5: no visible binding for
     '<<-' assignment to ‘Result.P’
    fit4NM : PKparam.converter : convert.comp3.m5: no visible binding for
     global variable ‘Result.P’
    fit4NM : PKparam.converter: no visible binding for '<<-' assignment to
     ‘convert.PK’
    fit4NM : PKparam.converter: no visible binding for global variable
     ‘convert.PK’
    fit4NM : PKparam.converter: no visible binding for '<<-' assignment to
     ‘Comp.t’
    fit4NM : PKparam.converter: no visible binding for '<<-' assignment to
     ‘Method.t’
    fit4NM : PKparam.converter: no visible binding for '<<-' assignment to
     ‘file.n1’
    fit4NM : PKparam.converter: no visible binding for '<<-' assignment to
     ‘file.n2’
    fit4NM : simulationD : sim2GUI: no visible binding for '<<-' assignment
     to ‘BigGroup’
    fit4NM : simulationD : sim2GUI: no visible binding for '<<-' assignment
     to ‘group’
    fit4NM : simulationD : sim2GUI: no visible binding for global variable
     ‘BigGroup’
    fit4NM : simulationD : sim2GUI: no visible binding for '<<-' assignment
     to ‘dir.g1’
    fit4NM : simulationD : sim2GUI: no visible binding for global variable
     ‘group’
    fit4NM : simulationD : sim2GUI: no visible binding for global variable
     ‘dir.g1’
    fit4NM : simulationD : sim2GUI: no visible binding for '<<-' assignment
     to ‘N.g1’
    fit4NM : simulationD : sim2GUI: no visible binding for global variable
     ‘N.g1’
    fit4NM : simulationD : openF: no visible binding for '<<-' assignment
     to ‘SIM.file’
    fit4NM : simulationD : openF: no visible binding for global variable
     ‘SIM.file’
    fit4NM : simulationD : openF: no visible binding for global variable
     ‘group’
    fit4NM : simulationD : openF: no visible binding for '<<-' assignment
     to ‘str.list’
    fit4NM : simulationD : openF: no visible binding for '<<-' assignment
     to ‘str.v’
    fit4NM : simulationD : openF: no visible binding for global variable
     ‘str.list’
    fit4NM : simulationD : openF: no visible binding for global variable
     ‘str.v’
    fit4NM : simulationD : openF: no visible binding for '<<-' assignment
     to ‘var.list’
    fit4NM : simulationD : openF: no visible binding for global variable
     ‘var.list’
    fit4NM : simulationD : openF: no visible binding for '<<-' assignment
     to ‘Button1’
    fit4NM : simulationD : openF: no visible binding for global variable
     ‘Button1’
    fit4NM : simulationD : openF: no visible binding for '<<-' assignment
     to ‘Button2’
    fit4NM : simulationD : openF: no visible binding for global variable
     ‘Button2’
    fit4NM : simulationD : openF: no visible binding for '<<-' assignment
     to ‘Button14’
    fit4NM : simulationD : openF: no visible binding for '<<-' assignment
     to ‘edit14’
    fit4NM : simulationD : openF: no visible binding for global variable
     ‘Button14’
    fit4NM : simulationD : openF: no visible binding for global variable
     ‘edit14’
    fit4NM : simulationD : openF: no visible binding for '<<-' assignment
     to ‘CI.list’
    fit4NM : simulationD : openF: no visible binding for global variable
     ‘CI.list’
    fit4NM : simulationD : openF: no visible binding for '<<-' assignment
     to ‘Button’
    fit4NM : simulationD : openF: no visible binding for global variable
     ‘Button’
    fit4NM : simulationD : openF: no visible binding for global variable
     ‘BigGroup’
    fit4NM : simulationD : CalcSIM: no visible binding for global variable
     ‘N.g1’
    fit4NM : simulationD : CalcSIM: no visible binding for global variable
     ‘SIM.file’
    fit4NM : simulationD : CalcSIM: no visible binding for global variable
     ‘str.list’
    fit4NM : simulationD : CalcSIM: no visible binding for global variable
     ‘str.v’
    fit4NM : simulationD : CalcSIM: no visible binding for global variable
     ‘var.list’
    fit4NM : simulationD : CalcSIM: no visible binding for '<<-' assignment
     to ‘Quantile.keep’
    fit4NM : simulationD : OpenSIM: no visible binding for '<<-' assignment
     to ‘file.SIM’
    fit4NM : simulationD : OpenSIM: no visible binding for global variable
     ‘file.SIM’
    fit4NM : simulationD : OpenSIM: no visible binding for '<<-' assignment
     to ‘Quantile.keep’
    fit4NM : simulationD : SaveSIM: no visible binding for '<<-' assignment
     to ‘file.SIM’
    fit4NM : simulationD : SaveSIM: no visible binding for global variable
     ‘Quantile.keep’
    fit4NM : simulationD : SaveSIM: no visible binding for global variable
     ‘file.SIM’
    fit4NM : simulationD : updatePlot: no visible binding for global
     variable ‘Quantile.keep’
    fit4NM : simulationD : updatePlot: no visible binding for global
     variable ‘CI.list’
    fit4NM : simulationD : updatePlot: no visible binding for global
     variable ‘var.list’
    fit4NM : RandomTest : openControl: no visible binding for '<<-'
     assignment to ‘current.ctl’
    fit4NM : RandomTest : openControl: no visible binding for '<<-'
     assignment to ‘file.id’
    fit4NM : RandomTest : randomsave: no visible binding for global
     variable ‘RAN.result’
    fit4NM : RandomTest : randomopen: no visible binding for '<<-'
     assignment to ‘RAN.result’
    fit4NM : RandomTest : opendata: no visible binding for '<<-' assignment
     to ‘data.file’
    fit4NM : RandomTest : opendata: no visible binding for '<<-' assignment
     to ‘D.data’
    fit4NM : RandomTest : opendata: no visible binding for global variable
     ‘data.file’
    fit4NM : RandomTest : opendata: no visible binding for global variable
     ‘D.data’
    fit4NM : RandomTest : opendata: no visible binding for '<<-' assignment
     to ‘cov.t’
    fit4NM : RandomTest : opendata: no visible binding for global variable
     ‘cov.t’
    fit4NM : RandomTest : opendata: no visible binding for '<<-' assignment
     to ‘base.obj.t’
    fit4NM : RandomTest : opendata: no visible binding for global variable
     ‘base.obj.t’
    fit4NM : RandomTest : opendata: no visible binding for '<<-' assignment
     to ‘iteration.n’
    fit4NM : RandomTest : opendata: no visible binding for global variable
     ‘iteration.n’
    fit4NM : RandomTest : opendata: no visible binding for '<<-' assignment
     to ‘Seed.input.RT’
    fit4NM : RandomTest : opendata: no visible binding for global variable
     ‘Seed.input.RT’
    fit4NM : RandomTest : opendata: no visible binding for '<<-' assignment
     to ‘edit5’
    fit4NM : RandomTest : opendata: no visible binding for global variable
     ‘edit5’
    fit4NM : RandomTest : randomstart: no visible binding for global
     variable ‘cov.t’
    fit4NM : RandomTest : randomstart: no visible binding for global
     variable ‘current.ctl’
    fit4NM : RandomTest : randomstart: no visible binding for global
     variable ‘D.data’
    fit4NM : RandomTest : randomstart: no visible binding for global
     variable ‘iteration.n’
    fit4NM : RandomTest : randomstart: no visible binding for global
     variable ‘Seed.input.RT’
    fit4NM : RandomTest : randomstart: no visible binding for global
     variable ‘Default.NMpath’
    fit4NM : RandomTest : randomstart: no visible binding for global
     variable ‘base.obj.t’
    fit4NM : RandomTest : randomstart: no visible binding for global
     variable ‘file.id’
    fit4NM : RandomTest : randomstart: no visible binding for '<<-'
     assignment to ‘RAN.result’
    fit4NM : RandomTest : randomstart: no visible binding for '<<-'
     assignment to ‘tempR’
    fit4NM : RandomTest : Rplot: no visible binding for global variable
     ‘RAN.result’
    fit4NM : RandomTest : Rplot: no visible binding for global variable
     ‘iteration.n’
    fit4NM : RandomTest : Rplot: no visible binding for global variable
     ‘cov.t’
    fit4NM : RandomTest : Rplot: no visible binding for global variable
     ‘file.id’
    fit4NM : NumericalCheck: no visible binding for global variable
     ‘Quantile.keep’
    fit4NM : NumericalCheck: no visible binding for global variable
     ‘VarList.g1’
    fit4NM : NumericalCheck: no visible binding for global variable
     ‘VarList.g2’
    fit4NM : NumericalCheck: no visible binding for global variable
     ‘VarList.g3’
    fit4NM : NumericalCheck: no visible binding for global variable
     ‘VPC.RUN’
    fit4NM : NumericalCheck: no visible binding for global variable ‘id.g1’
    fit4NM : NumericalCheck: no visible binding for global variable ‘id.g2’
    fit4NM : NumericalCheck: no visible binding for global variable ‘id.g3’
    fit4NM : NumericalCheck: no visible binding for global variable
     ‘D.data’
    fit4NM : NumericalCheck: no visible binding for global variable ‘VPC.N’
    fit4NM : NumericalCheck: no visible binding for '<<-' assignment to
     ‘NPC’
    fit4NM : NumericalCheck.save: no visible binding for global variable
     ‘NPC’
    fit4NM : updatePlot: no visible binding for global variable
     ‘VarList.g1’
    fit4NM : updatePlot: no visible binding for global variable
     ‘VarList.g2’
    fit4NM : updatePlot: no visible binding for global variable
     ‘VarList.g3’
    fit4NM : updatePlot: no visible binding for global variable
     ‘Quantile.keep’
    fit4NM : updatePlot: no visible binding for global variable ‘VPC.RUN’
    fit4NM : updatePlot: no visible binding for global variable ‘id.g1’
    fit4NM : updatePlot: no visible binding for global variable ‘id.g2’
    fit4NM : updatePlot: no visible binding for global variable ‘id.g3’
    fit4NM : updatePlot: no visible binding for global variable ‘CI.list’
    fit4NM : updatePlot: no visible binding for '<<-' assignment to
     ‘VPC.data’
    fit4NM : OpenPC: no visible binding for '<<-' assignment to ‘file.PC’
    fit4NM : OpenPC: no visible binding for global variable ‘file.PC’
    fit4NM : OpenPC: no visible binding for '<<-' assignment to
     ‘Quantile.keep’
    fit4NM : SavePC: no visible binding for '<<-' assignment to ‘file.PC’
    fit4NM : SavePC: no visible binding for global variable ‘Quantile.keep’
    fit4NM : SavePC: no visible binding for global variable ‘file.PC’
    fit4NM : CalcNPC2: no visible binding for global variable ‘N.g1’
    fit4NM : CalcNPC2: no visible binding for global variable ‘TOT.RUN’
    fit4NM : CalcNPC2: no visible binding for global variable ‘VPC.RUN’
    fit4NM : CalcNPC2: no visible binding for global variable ‘D.data’
    fit4NM : CalcNPC2: no visible binding for global variable ‘VarList.g1’
    fit4NM : CalcNPC2: no visible binding for global variable ‘VarList.g2’
    fit4NM : CalcNPC2: no visible binding for global variable ‘VarList.g3’
    fit4NM : CalcNPC2: no visible binding for global variable ‘id.g1’
    fit4NM : CalcNPC2: no visible binding for global variable ‘id.g2’
    fit4NM : CalcNPC2: no visible binding for global variable ‘id.g3’
    fit4NM : CalcNPC2: no visible binding for '<<-' assignment to
     ‘Quantile.keep’
    fit4NM : openF: no visible binding for '<<-' assignment to ‘VPC.dir’
    fit4NM : openF: no visible binding for global variable ‘VPC.dir’
    fit4NM : openF: no visible binding for '<<-' assignment to ‘VPC.RUN’
    fit4NM : openF: no visible binding for '<<-' assignment to
     ‘current.result’
    fit4NM : openF: no visible binding for global variable ‘VPC.RUN’
    fit4NM : openF: no visible binding for '<<-' assignment to ‘group1’
    fit4NM : openF: no visible binding for global variable ‘group’
    fit4NM : openF: no visible binding for '<<-' assignment to ‘VarList.g1’
    fit4NM : openF: no visible binding for '<<-' assignment to ‘VarList.g2’
    fit4NM : openF: no visible binding for '<<-' assignment to ‘id.g1’
    fit4NM : openF: no visible binding for '<<-' assignment to ‘id.g2’
    fit4NM : openF: no visible binding for '<<-' assignment to ‘label.g1’
    fit4NM : openF: no visible binding for '<<-' assignment to ‘label.g2’
    fit4NM : openF: no visible binding for global variable ‘group1’
    fit4NM : openF: no visible binding for global variable ‘label.g1’
    fit4NM : openF: no visible binding for global variable ‘VarList.g1’
    fit4NM : openF: no visible binding for global variable ‘id.g1’
    fit4NM : openF: no visible binding for global variable ‘label.g2’
    fit4NM : openF: no visible binding for global variable ‘VarList.g2’
    fit4NM : openF: no visible binding for global variable ‘id.g2’
    fit4NM : openF: no visible binding for '<<-' assignment to ‘id.g3’
    fit4NM : openF: no visible binding for '<<-' assignment to ‘VarList.g3’
    fit4NM : openF: no visible binding for global variable ‘VarList.g3’
    fit4NM : openF: no visible binding for global variable ‘id.g3’
    fit4NM : openF: no visible binding for '<<-' assignment to ‘Button2’
    fit4NM : openF: no visible binding for global variable ‘Button2’
    fit4NM : openF: no visible binding for '<<-' assignment to ‘Button13’
    fit4NM : openF: no visible binding for global variable ‘Button13’
    fit4NM : openF: no visible binding for '<<-' assignment to ‘Button14’
    fit4NM : openF: no visible binding for '<<-' assignment to ‘edit14’
    fit4NM : openF: no visible binding for global variable ‘Button14’
    fit4NM : openF: no visible binding for global variable ‘edit14’
    fit4NM : openF: no visible binding for '<<-' assignment to ‘CI.list’
    fit4NM : openF: no visible binding for '<<-' assignment to ‘Button’
    fit4NM : openF: no visible binding for global variable ‘CI.list’
    fit4NM : openF: no visible binding for global variable ‘Button’
    fit4NM : openF: no visible binding for '<<-' assignment to ‘Button3’
    fit4NM : openF: no visible binding for '<<-' assignment to
     ‘Button3.save’
    fit4NM : openF: no visible binding for global variable ‘Button3’
    fit4NM : openF: no visible binding for global variable ‘Button3.save’
    fit4NM : openF: no visible binding for global variable ‘BigGroup’
    fit4NM : VPC.try: no visible binding for global variable ‘current.ctl’
    fit4NM : VPC.try: no visible binding for global variable ‘VPC.N’
    fit4NM : VPC.try: no visible binding for global variable
     ‘Default.NMpath’
    fit4NM : VPC2GUI: no visible binding for '<<-' assignment to ‘VPC.N’
    fit4NM : VPC2GUI: no visible binding for global variable ‘VPC.input’
    fit4NM : VPC2GUI: no visible binding for global variable ‘vpcwin’
    fit4NM : VPC2GUI: no visible binding for '<<-' assignment to ‘BigGroup’
    fit4NM : VPC2GUI: no visible binding for '<<-' assignment to ‘group’
    fit4NM : VPC2GUI: no visible binding for global variable ‘BigGroup’
    fit4NM : VPC2GUI: no visible binding for '<<-' assignment to ‘dir.g1’
    fit4NM : VPC2GUI: no visible binding for global variable ‘group’
    fit4NM : VPC2GUI: no visible binding for global variable ‘dir.g1’
    fit4NM : VPC2GUI: no visible binding for '<<-' assignment to ‘N.g1’
    fit4NM : VPC2GUI: no visible binding for global variable ‘VPC.N’
    fit4NM : VPC2GUI: no visible binding for global variable ‘N.g1’
    fit4NM : openControl: no visible binding for '<<-' assignment to
     ‘current.ctl’
    fit4NM : openControl: no visible binding for '<<-' assignment to
     ‘VPC.dir’
    fit4NM : openControl: no visible binding for global variable ‘VPC.dir’
    fit4NM : opendata: no visible binding for '<<-' assignment to
     ‘data.file’
    fit4NM : opendata: no visible binding for '<<-' assignment to ‘D.data’
    fit4NM : opendata: no visible binding for global variable ‘data.file’
    fit4NM : set.VPCN: no visible binding for '<<-' assignment to ‘VPC.N’
    fit4NM : set.VPCN: no visible binding for global variable ‘VPC.input’
    fit4NM : VPC1GUI: no visible binding for '<<-' assignment to ‘vpcwin’
    fit4NM : VPC1GUI: no visible binding for global variable ‘vpcwin’
    fit4NM : VPC1GUI: no visible binding for '<<-' assignment to
     ‘control.t’
    fit4NM : VPC1GUI: no visible binding for global variable ‘control.t’
    fit4NM : VPC1GUI: no visible binding for '<<-' assignment to ‘data.t’
    fit4NM : VPC1GUI: no visible binding for global variable ‘data.t’
    fit4NM : VPC1GUI: no visible binding for '<<-' assignment to
     ‘VPC.input’
    fit4NM : VPC1GUI: no visible binding for global variable ‘VPC.input’
    fit4NM : show.BTsummary: no visible binding for global variable
     ‘TOT.RUN’
    fit4NM : show.BTsummary: no visible binding for global variable
     ‘Boot.RUN’
    fit4NM : show.BTsummary: no visible binding for global variable
     ‘Boot.keep’
    fit4NM : Boot.ctl: no visible binding for global variable ‘current.ctl’
    fit4NM : Boot.ctl: no visible binding for '<<-' assignment to
     ‘Boot.CTL’
    fit4NM : Boot.ctl: no visible binding for global variable ‘Boot.CTL’
    fit4NM : Boot.try: no visible binding for global variable ‘D.data’
    fit4NM : Boot.try: no visible binding for global variable ‘Seed.input’
    fit4NM : Boot.try: no visible binding for global variable ‘B’
    fit4NM : Boot.try: no visible binding for global variable
     ‘Default.NMpath’
    fit4NM : Boot.try: no visible binding for '<<-' assignment to ‘N.theta’
    fit4NM : Boot.try: no visible binding for '<<-' assignment to ‘N.eps’
    fit4NM : Boot.try: no visible binding for '<<-' assignment to
     ‘Boot.keep’
    fit4NM : Boot.B.init : setB: no visible binding for '<<-' assignment to
     ‘B’
    fit4NM : Boot.B.init : openControl: no visible binding for '<<-'
     assignment to ‘current.ctl’
    fit4NM : Boot.B.init : opendata: no visible binding for '<<-'
     assignment to ‘data.file’
    fit4NM : Boot.B.init : opendata: no visible binding for '<<-'
     assignment to ‘D.data’
    fit4NM : Boot.B.init : opendata: no visible binding for global variable
     ‘data.file’
    fit4NM : Boot.B.init : save1: no visible binding for global variable
     ‘Boot.keep’
    fit4NM : Boot.B.init : save2: no visible binding for global variable
     ‘s.Boot.summary’
    fit4NM : Boot.B.init: no visible binding for '<<-' assignment to
     ‘Seed.input’
    fit4NM : Boot.B.init: no visible binding for global variable
     ‘Seed.input’
    fit4NM : LLprofiling : selRUNnum : selectTH: no visible binding for
     global variable ‘D.LST’
    fit4NM : LLprofiling : selRUNnum : selectTH: no visible binding for
     global variable ‘THcheck1’
    fit4NM : LLprofiling : selRUNnum : selectTH: no visible binding for
     global variable ‘THcheck2’
    fit4NM : LLprofiling : selRUNnum : selectTH: no visible binding for
     global variable ‘THcheck3’
    fit4NM : LLprofiling : selRUNnum : selectTH: no visible binding for
     global variable ‘THcheck’
    fit4NM : LLprofiling : selRUNnum : selectTH: no visible binding for
     global variable ‘range.E’
    fit4NM : LLprofiling : selRUNnum : selectTH: no visible binding for
     global variable ‘Int.E’
    fit4NM : LLprofiling : selRUNnum : selectTH: no visible binding for
     '<<-' assignment to ‘LLT.FINAL’
    fit4NM : LLprofiling : selRUNnum : saveLLT: no visible binding for
     global variable ‘LLT.FINAL’
    fit4NM : LLprofiling : selRUNnum : saveLLT1: no visible binding for
     global variable ‘LLT.save’
    fit4NM : LLprofiling : selRUNnum : openLLT: no visible binding for
     '<<-' assignment to ‘LLT.CI’
    fit4NM : LLprofiling : selRUNnum : openLLT1: no visible binding for
     '<<-' assignment to ‘LLT.tot’
    fit4NM : LLprofiling : selRUNnum : drawLLT: no visible binding for
     global variable ‘LLT.tot’
    fit4NM : LLprofiling : selRUNnum : drawLLT: no visible binding for
     global variable ‘LLT.CI’
    fit4NM : LLprofiling : selRUNnum : LL.prof: no visible binding for
     global variable ‘FILE.ID’
    fit4NM : LLprofiling : selRUNnum : LL.prof: no visible binding for
     global variable ‘Default.NMpath’
    fit4NM : LLprofiling : selRUNnum: no visible binding for '<<-'
     assignment to ‘FILE.ID’
    fit4NM : LLprofiling : selRUNnum: no visible binding for global
     variable ‘TOT.RUN’
    fit4NM : LLprofiling : selRUNnum: no visible binding for '<<-'
     assignment to ‘N’
    fit4NM : LLprofiling : selRUNnum: no visible binding for '<<-'
     assignment to ‘D.LST’
    fit4NM : LLprofiling : selRUNnum: no visible binding for '<<-'
     assignment to ‘D.CTL’
    fit4NM : LLprofiling : selRUNnum: no visible binding for global
     variable ‘D.LST’
    fit4NM : LLprofiling : selRUNnum: no visible binding for '<<-'
     assignment to ‘THcheck1’
    fit4NM : LLprofiling : selRUNnum: no visible binding for '<<-'
     assignment to ‘THcheck2’
    fit4NM : LLprofiling : selRUNnum: no visible binding for '<<-'
     assignment to ‘THcheck3’
    fit4NM : LLprofiling : selRUNnum: no visible binding for global
     variable ‘THcheck1’
    fit4NM : LLprofiling : selRUNnum: no visible binding for global
     variable ‘THcheck2’
    fit4NM : LLprofiling : selRUNnum: no visible binding for global
     variable ‘THcheck3’
    fit4NM : LLprofiling : selRUNnum: no visible binding for '<<-'
     assignment to ‘THcheck’
    fit4NM : LLprofiling : selRUNnum: no visible binding for global
     variable ‘THcheck’
    fit4NM : LLprofiling : selRUNnum: no visible binding for '<<-'
     assignment to ‘range.E’
    fit4NM : LLprofiling : selRUNnum: no visible binding for '<<-'
     assignment to ‘Int.E’
    fit4NM : LLprofiling : selRUNnum: no visible binding for global
     variable ‘range.E’
    fit4NM : LLprofiling : selRUNnum: no visible binding for global
     variable ‘Int.E’
    fit4NM : LLprofiling: no visible binding for global variable ‘TOT.RUN’
    fit4NM : LLprofiling: no visible binding for '<<-' assignment to
     ‘BigGroup’
    fit4NM : LLprofiling: no visible binding for global variable ‘BigGroup’
    fit4NM : WaldApprox : selRUNnum : selectTH: no visible binding for
     global variable ‘D.LST’
    fit4NM : WaldApprox : selRUNnum : selectTH: no visible binding for
     '<<-' assignment to ‘OBJ.full’
    fit4NM : WaldApprox : selRUNnum : selectTH: no visible binding for
     global variable ‘THcheck1’
    fit4NM : WaldApprox : selRUNnum : selectTH: no visible binding for
     global variable ‘THcheck2’
    fit4NM : WaldApprox : selRUNnum : selectTH: no visible binding for
     global variable ‘THcheck3’
    fit4NM : WaldApprox : selRUNnum : selectTH: no visible binding for
     global variable ‘THcheck’
    fit4NM : WaldApprox : selRUNnum : selectTH: no visible binding for
     '<<-' assignment to ‘WA.FINAL’
    fit4NM : WaldApprox : selRUNnum : selectTH: no visible binding for
     global variable ‘N’
    fit4NM : WaldApprox : selRUNnum : selectTH: no visible binding for
     global variable ‘WA.FINAL’
    fit4NM : WaldApprox : selRUNnum : saveWA: no visible binding for global
     variable ‘WA.FINAL’
    fit4NM : WaldApprox : selRUNnum : wa.test: no visible binding for
     global variable ‘FILE.ID’
    fit4NM : WaldApprox : selRUNnum : wa.test: no visible binding for
     global variable ‘OBJ.full’
    fit4NM : WaldApprox : selRUNnum : wa.test: no visible binding for
     global variable ‘N’
    fit4NM : WaldApprox : selRUNnum : wa.test: no visible binding for '<<-'
     assignment to ‘temp.1’
    fit4NM : WaldApprox : selRUNnum : wa.test: no visible binding for '<<-'
     assignment to ‘temp.2’
    fit4NM : WaldApprox : selRUNnum: no visible binding for '<<-'
     assignment to ‘FILE.ID’
    fit4NM : WaldApprox : selRUNnum: no visible binding for global variable
     ‘TOT.RUN’
    fit4NM : WaldApprox : selRUNnum: no visible binding for '<<-'
     assignment to ‘N’
    fit4NM : WaldApprox : selRUNnum: no visible binding for '<<-'
     assignment to ‘D.LST’
    fit4NM : WaldApprox : selRUNnum: no visible binding for global variable
     ‘D.LST’
    fit4NM : WaldApprox : selRUNnum: no visible binding for '<<-'
     assignment to ‘THcheck1’
    fit4NM : WaldApprox : selRUNnum: no visible binding for '<<-'
     assignment to ‘THcheck2’
    fit4NM : WaldApprox : selRUNnum: no visible binding for '<<-'
     assignment to ‘THcheck3’
    fit4NM : WaldApprox : selRUNnum: no visible binding for global variable
     ‘THcheck1’
    fit4NM : WaldApprox : selRUNnum: no visible binding for global variable
     ‘THcheck2’
    fit4NM : WaldApprox : selRUNnum: no visible binding for global variable
     ‘THcheck3’
    fit4NM : WaldApprox : selRUNnum: no visible binding for '<<-'
     assignment to ‘THcheck’
    fit4NM : WaldApprox : selRUNnum: no visible binding for global variable
     ‘THcheck’
    fit4NM : WaldApprox: no visible binding for global variable ‘TOT.RUN’
    fit4NM : WaldApprox: no visible binding for '<<-' assignment to
     ‘BigGroup’
    fit4NM : WaldApprox: no visible binding for global variable ‘BigGroup’
    fit4NM : Performance.CCIP : save.PE.pop: no visible binding for global
     variable ‘EX.pop’
    fit4NM : Performance.CCIP : save.PE.indiv: no visible binding for
     global variable ‘EX.Indiv’
    fit4NM : Performance.CCIP : save.Raw.PE: no visible binding for global
     variable ‘Raw.PE’
    fit4NM : Performance.CCIP : calc.PE: no visible binding for global
     variable ‘PE.list’
    fit4NM : Performance.CCIP : calc.PE: no visible binding for global
     variable ‘EX.data.T’
    fit4NM : Performance.CCIP : calc.PE: no visible binding for '<<-'
     assignment to ‘EX.data’
    fit4NM : Performance.CCIP : calc.PE: no visible binding for global
     variable ‘EX.data’
    fit4NM : Performance.CCIP : select.PE: no visible binding for '<<-'
     assignment to ‘EX.data.T’
    fit4NM : Performance.CCIP : select.PE: no visible binding for global
     variable ‘EX.data.T’
    fit4NM : Performance.CCIP : Peformance.Error: no visible binding for
     '<<-' assignment to ‘Raw.PE’
    fit4NM : Performance.CCIP : Peformance.Error: no visible binding for
     global variable ‘time.t’
    fit4NM : Performance.CCIP: no visible binding for '<<-' assignment to
     ‘PE.win’
    fit4NM : Performance.CCIP: no visible binding for global variable
     ‘PE.win’
    fit4NM : Performance.CCIP: no visible binding for '<<-' assignment to
     ‘file.PE’
    fit4NM : CDD : CDD.ctl: no visible binding for global variable
     ‘current.ctl’
    fit4NM : CDD : CDDcalc: no visible binding for global variable ‘D.data’
    fit4NM : CDD : CDDcalc: no visible binding for '<<-' assignment to
     ‘D.LST1’
    fit4NM : CDD : CDDcalc: no visible binding for global variable
     ‘CDD.RUN’
    fit4NM : CDD : CDDcalc: no visible binding for global variable ‘D.LST1’
    fit4NM : CDD : CDDcalc: no visible binding for global variable
     ‘Default.NMpath’
    fit4NM : CDD : CDDcalc: no visible binding for '<<-' assignment to
     ‘D.LST’
    fit4NM : CDD : CDDcalc: no visible binding for global variable ‘D.LST’
    fit4NM : CDD : CDDcalc: no visible binding for '<<-' assignment to
     ‘CDD.summary.P’
    fit4NM : CDD : CDDcalc: no visible binding for global variable
     ‘CDD.summary.P’
    fit4NM : CDD : openControl: no visible binding for '<<-' assignment to
     ‘current.ctl’
    fit4NM : CDD : opendata: no visible binding for '<<-' assignment to
     ‘data.file’
    fit4NM : CDD : opendata: no visible binding for '<<-' assignment to
     ‘D.data’
    fit4NM : CDD : opendata: no visible binding for global variable
     ‘data.file’
    fit4NM : CDD : save1: no visible binding for global variable ‘CDD.tot’
    fit4NM : CDD : save2: no visible binding for global variable
     ‘CDD.summary.P’
    fit4NM : CDD : load1: no visible binding for global variable ‘D.data’
    fit4NM : CDD : load1: no visible binding for '<<-' assignment to
     ‘CDD.summary.P’
    fit4NM : CDD : load1: no visible binding for global variable
     ‘CDD.summary.P’
    fit4NM : CV : CVRUN.ctl: no visible binding for global variable
     ‘current.ctl’
    fit4NM : CV : CVTEST.ctl: no visible binding for global variable
     ‘current.ctl’
    fit4NM : CV : CVTEST.ctl: no visible binding for global variable ‘EST’
    fit4NM : CV : CVTEST.ctl: no visible binding for global variable
     ‘RUN.EST’
    fit4NM : CV : CVcalc: no visible binding for '<<-' assignment to ‘K’
    fit4NM : CV : CVcalc: no visible binding for global variable ‘D.data’
    fit4NM : CV : CVcalc: no visible binding for global variable ‘K’
    fit4NM : CV : CVcalc: no visible binding for global variable ‘CV.RUN’
    fit4NM : CV : CVcalc: no visible binding for '<<-' assignment to ‘EST’
    fit4NM : CV : CVcalc: no visible binding for global variable
     ‘Default.NMpath’
    fit4NM : CV : CVcalc: no visible binding for '<<-' assignment to
     ‘RUN.EST’
    fit4NM : CV : CVcalc: no visible binding for global variable ‘RUN.EST’
    fit4NM : CV : CVcalc: no visible binding for global variable ‘EST’
    fit4NM : CV : CVcalc: no visible binding for '<<-' assignment to
     ‘CV.tot.t’
    fit4NM : CV : CVcalc: no visible binding for '<<-' assignment to
     ‘CV.summary.P’
    fit4NM : CV : CVcalc: no visible binding for global variable
     ‘CV.summary.P’
    fit4NM : CV : openControl: no visible binding for '<<-' assignment to
     ‘current.ctl’
    fit4NM : CV : opendata: no visible binding for '<<-' assignment to
     ‘data.file’
    fit4NM : CV : opendata: no visible binding for '<<-' assignment to
     ‘D.data’
    fit4NM : CV : opendata: no visible binding for global variable
     ‘data.file’
    fit4NM : CV : save1: no visible binding for global variable ‘CV.tot’
    fit4NM : CV : save2: no visible binding for global variable
     ‘CV.summary.P’
    fit4NM : CV : load1: no visible binding for global variable ‘D.data’
    fit4NM : CV : load1: no visible binding for '<<-' assignment to
     ‘CV.summary.P’
    fit4NM : CV : load1: no visible binding for global variable
     ‘CV.summary.P’
    fit4NM : Help1: no visible binding for global variable
     ‘Default.Helppath’
    fit4NM : Help2: no visible binding for global variable
     ‘Alternative.Helppath’
    fit4NM : SaveResult.RES: no visible binding for global variable
     ‘TOT.RUN’
    fit4NM : runNONMEM.addRUNtable: no visible binding for global variable
     ‘Default.NMpath’
    fit4NM : runNONMEM.addRUNtable: no visible binding for '<<-' assignment
     to ‘AA’
    fit4NM : runNONMEM.addRUNtable: no visible binding for global variable
     ‘dir.name’
    fit4NM : select.AddInfo: no visible binding for global variable ‘D.LST’
    fit4NM: no visible binding for '<<-' assignment to ‘TOT.RUN’
    fit4NM: no visible binding for '<<-' assignment to ‘TOT.RESULT’
    fit4NM: no visible binding for '<<-' assignment to ‘NONMEM.win’
    fit4NM : <anonymous>: no visible binding for global variable
     ‘NONMEM.win’
    fit4NM: no visible binding for global variable ‘NONMEM.win’
    fit4NM: no visible binding for '<<-' assignment to ‘run.table’
Flavors: r-devel-linux-x86_64-debian-clang, r-devel-linux-x86_64-debian-gcc, r-devel-linux-x86_64-fedora-clang, r-devel-linux-x86_64-fedora-gcc, r-devel-osx-x86_64-clang, r-devel-windows-ix86+x86_64, r-patched-linux-x86_64, r-patched-solaris-sparc, r-patched-solaris-x86, r-release-linux-ix86, r-release-linux-x86_64, r-release-osx-x86_64-snowleopard, r-release-windows-ix86+x86_64, r-oldrel-windows-ix86+x86_64

Version: 3.3.3
Check: package dependencies
Result: ERROR
    Packages required but not available: ‘RGtk2’ ‘gWidgetsRGtk2’ ‘cairoDevice’
    
    Depends: includes the non-default packages:
     ‘gWidgets’ ‘tcltk’ ‘tkrplot’ ‘RGtk2’ ‘gWidgetsRGtk2’ ‘cairoDevice’
    Adding so many packages to the search path is excessive and importing
    selectively is preferable.
    
    See the information on DESCRIPTION files in the chapter ‘Creating R
    packages’ of the ‘Writing R Extensions’ manual.
Flavor: r-release-osx-x86_64-mavericks

Version: 3.3.3
Check: examples
Result: ERROR
    Running examples in ‘fit4NM-Ex.R’ failed
    The error most likely occurred in:
    
    > ### Name: fit4NM
    > ### Title: Platform for NONMEM
    > ### Aliases: fit4NM
    > ### Keywords: utilities
    >
    > ### ** Examples
    >
    > fit4NM()
    R(84268,0x7fff70128cc0) malloc: *** error for object 0x102c80eb8: pointer being freed was not allocated
    *** set a breakpoint in malloc_error_break to debug
Flavor: r-release-osx-x86_64-snowleopard