CRAN Package Check Results for Package fitTetra

Last updated on 2015-04-01 21:47:37.

Flavor Version Tinstall Tcheck Ttotal Status Flags
r-devel-linux-x86_64-debian-clang 1.0 0.64 20.51 21.15 NOTE
r-devel-linux-x86_64-debian-gcc 1.0 0.62 20.74 21.36 NOTE
r-devel-linux-x86_64-fedora-clang 1.0 29.53 NOTE
r-devel-linux-x86_64-fedora-gcc 1.0 28.49 NOTE
r-devel-osx-x86_64-clang 1.0 40.28 NOTE
r-prerel-windows-ix86+x86_64 1.0 2.00 27.00 29.00 NOTE
r-prerel-linux-x86_64 1.0 0.66 20.20 20.86 NOTE
r-prerel-solaris-sparc 1.0 188.80 NOTE
r-prerel-solaris-x86 1.0 38.30 NOTE
r-release-linux-x86_64 1.0 0.68 21.56 22.24 NOTE
r-release-osx-x86_64-mavericks 1.0 NOTE
r-release-windows-ix86+x86_64 1.0 2.00 33.00 35.00 NOTE
r-oldrel-windows-ix86+x86_64 1.0 2.00 33.00 35.00 NOTE

Check Details

Version: 1.0
Check: dependencies in R code
Result: NOTE
    'library' or 'require' calls in package code:
     ‘devEMF’ ‘doMC’ ‘foreach’ ‘grDevices’
     Please use :: or requireNamespace() instead.
     See section 'Suggested packages' in the 'Writing R Extensions' manual.
Flavors: r-devel-linux-x86_64-debian-clang, r-devel-linux-x86_64-debian-gcc, r-devel-linux-x86_64-fedora-clang, r-devel-linux-x86_64-fedora-gcc, r-devel-osx-x86_64-clang, r-prerel-windows-ix86+x86_64, r-prerel-linux-x86_64, r-prerel-solaris-sparc, r-prerel-solaris-x86, r-release-linux-x86_64, r-release-windows-ix86+x86_64

Version: 1.0
Check: R code for possible problems
Result: NOTE
    saveMarkerModels: no visible global function definition for
     ‘registerDoMC’
    saveMarkerModels: no visible global function definition for ‘%dopar%’
    saveMarkerModels: no visible global function definition for ‘foreach’
    start.plot: no visible global function definition for ‘emf’
Flavors: r-devel-linux-x86_64-debian-clang, r-devel-linux-x86_64-debian-gcc, r-devel-linux-x86_64-fedora-clang, r-devel-linux-x86_64-fedora-gcc, r-devel-osx-x86_64-clang, r-prerel-windows-ix86+x86_64, r-prerel-linux-x86_64, r-prerel-solaris-sparc, r-prerel-solaris-x86, r-release-linux-x86_64, r-release-osx-x86_64-mavericks, r-release-windows-ix86+x86_64

Version: 1.0
Check: package dependencies
Result: NOTE
    Packages suggested but not available for checking: 'doMC' 'RSvgDevice'
Flavor: r-prerel-windows-ix86+x86_64

Version: 1.0
Check: package dependencies
Result: NOTE
    Package suggested but not available for checking: 'doMC'
Flavors: r-release-windows-ix86+x86_64, r-oldrel-windows-ix86+x86_64

Version: 1.0
Check: R code for possible problems
Result: NOTE
    saveMarkerModels: no visible global function definition for
     'registerDoMC'
Flavor: r-oldrel-windows-ix86+x86_64