CRAN Package Check Results for Package fitTetra

Last updated on 2015-05-27 05:47:38.

Flavor Version Tinstall Tcheck Ttotal Status Flags
r-devel-linux-x86_64-debian-clang 1.0 0.64 20.38 21.02 NOTE
r-devel-linux-x86_64-debian-gcc 1.0 0.63 20.27 20.90 NOTE
r-devel-linux-x86_64-fedora-clang 1.0 29.66 NOTE
r-devel-linux-x86_64-fedora-gcc 1.0 27.86 NOTE
r-devel-osx-x86_64-clang 1.0 36.43 NOTE
r-devel-windows-ix86+x86_64 1.0 2.00 29.00 31.00 NOTE
r-patched-linux-x86_64 1.0 0.64 19.84 20.48 NOTE
r-patched-solaris-sparc 1.0 209.50 NOTE
r-patched-solaris-x86 1.0 40.90 NOTE
r-release-linux-x86_64 1.0 0.63 20.51 21.14 NOTE
r-release-osx-x86_64-mavericks 1.0 NOTE
r-release-osx-x86_64-snowleopard 1.0 NOTE
r-release-windows-ix86+x86_64 1.0 2.00 31.00 33.00 NOTE
r-oldrel-windows-ix86+x86_64 1.0 2.00 45.00 47.00 NOTE

Check Details

Version: 1.0
Check: dependencies in R code
Result: NOTE
    'library' or 'require' calls in package code:
     ‘devEMF’ ‘doMC’ ‘foreach’ ‘grDevices’
     Please use :: or requireNamespace() instead.
     See section 'Suggested packages' in the 'Writing R Extensions' manual.
Flavors: r-devel-linux-x86_64-debian-clang, r-devel-linux-x86_64-debian-gcc, r-devel-linux-x86_64-fedora-clang, r-devel-linux-x86_64-fedora-gcc, r-devel-osx-x86_64-clang, r-devel-windows-ix86+x86_64, r-patched-linux-x86_64, r-patched-solaris-sparc, r-patched-solaris-x86, r-release-linux-x86_64, r-release-osx-x86_64-mavericks, r-release-osx-x86_64-snowleopard, r-release-windows-ix86+x86_64, r-oldrel-windows-ix86+x86_64

Version: 1.0
Check: R code for possible problems
Result: NOTE
    saveMarkerModels: no visible global function definition for
     ‘registerDoMC’
    saveMarkerModels: no visible global function definition for ‘%dopar%’
    saveMarkerModels: no visible global function definition for ‘foreach’
    start.plot: no visible global function definition for ‘emf’
Flavors: r-devel-linux-x86_64-debian-clang, r-devel-linux-x86_64-debian-gcc, r-devel-linux-x86_64-fedora-clang, r-devel-linux-x86_64-fedora-gcc, r-devel-osx-x86_64-clang, r-devel-windows-ix86+x86_64, r-patched-linux-x86_64, r-patched-solaris-sparc, r-patched-solaris-x86, r-release-linux-x86_64, r-release-osx-x86_64-mavericks, r-release-osx-x86_64-snowleopard, r-release-windows-ix86+x86_64, r-oldrel-windows-ix86+x86_64

Version: 1.0
Check: package dependencies
Result: NOTE
    Packages suggested but not available for checking: 'doMC' 'RSvgDevice'
Flavors: r-devel-windows-ix86+x86_64, r-release-windows-ix86+x86_64

Version: 1.0
Check: package dependencies
Result: NOTE
    Package suggested but not available for checking: 'doMC'
Flavor: r-oldrel-windows-ix86+x86_64