CRAN Package Check Results for Package fitTetra

Last updated on 2014-10-22 09:51:37.

Flavor Version Tinstall Tcheck Ttotal Status Flags
r-devel-linux-x86_64-debian-clang 1.0 0.69 21.08 21.77 NOTE
r-devel-linux-x86_64-debian-gcc 1.0 0.67 20.80 21.47 NOTE
r-devel-linux-x86_64-fedora-clang 1.0 31.40 NOTE
r-devel-linux-x86_64-fedora-gcc 1.0 31.15 NOTE
r-devel-osx-x86_64-clang 1.0 39.23 NOTE
r-devel-windows-ix86+x86_64 1.0 2.00 31.00 33.00 NOTE
r-patched-linux-x86_64 1.0 0.85 21.71 22.56 NOTE
r-patched-solaris-sparc 1.0 190.90 NOTE
r-patched-solaris-x86 1.0 44.90 NOTE
r-release-linux-ix86 1.0 1.04 28.41 29.45 OK
r-release-linux-x86_64 1.0 0.66 21.52 22.17 OK
r-release-osx-x86_64-mavericks 1.0 OK
r-release-windows-ix86+x86_64 1.0 2.00 29.00 31.00 NOTE
r-oldrel-windows-ix86+x86_64 1.0 2.00 34.00 36.00 NOTE

Check Details

Version: 1.0
Check: R code for possible problems
Result: NOTE
    saveMarkerModels: no visible global function definition for
     ‘registerDoMC’
    saveMarkerModels: no visible global function definition for ‘%dopar%’
    saveMarkerModels: no visible global function definition for ‘foreach’
    start.plot: no visible global function definition for ‘emf’
Flavors: r-devel-linux-x86_64-debian-clang, r-devel-linux-x86_64-debian-gcc, r-devel-linux-x86_64-fedora-clang, r-devel-linux-x86_64-fedora-gcc, r-devel-osx-x86_64-clang, r-devel-windows-ix86+x86_64, r-patched-linux-x86_64, r-patched-solaris-sparc, r-patched-solaris-x86

Version: 1.0
Check: package dependencies
Result: NOTE
    Packages suggested but not available for checking: 'doMC' 'RSvgDevice'
Flavor: r-devel-windows-ix86+x86_64

Version: 1.0
Check: package dependencies
Result: NOTE
    Package suggested but not available for checking: 'doMC'
Flavors: r-release-windows-ix86+x86_64, r-oldrel-windows-ix86+x86_64

Version: 1.0
Check: R code for possible problems
Result: NOTE
    saveMarkerModels: no visible global function definition for
     'registerDoMC'
Flavors: r-release-windows-ix86+x86_64, r-oldrel-windows-ix86+x86_64