CRAN Package Check Results for Package fitTetra

Last updated on 2014-09-01 23:46:41.

Flavor Version Tinstall Tcheck Ttotal Status Flags
r-devel-linux-x86_64-debian-clang 1.0 0.60 20.39 21.00 NOTE
r-devel-linux-x86_64-debian-gcc 1.0 0.63 20.12 20.75 NOTE
r-devel-linux-x86_64-fedora-clang 1.0 32.62 NOTE
r-devel-linux-x86_64-fedora-gcc 1.0 29.86 NOTE
r-devel-osx-x86_64-clang 1.0 35.60 NOTE
r-devel-windows-ix86+x86_64 1.0 2.00 30.00 32.00 NOTE
r-patched-linux-x86_64 1.0 0.65 21.79 22.44 OK
r-patched-solaris-sparc 1.0 202.00 OK
r-patched-solaris-x86 1.0 44.20 OK
r-release-linux-ix86 1.0 1.04 28.26 29.30 OK
r-release-linux-x86_64 1.0 0.65 21.36 22.02 OK
r-release-osx-x86_64-mavericks 1.0 OK
r-release-windows-ix86+x86_64 1.0 2.00 44.00 46.00 NOTE
r-oldrel-windows-ix86+x86_64 1.0 3.00 33.00 36.00 NOTE

Check Details

Version: 1.0
Check: R code for possible problems
Result: NOTE
    saveMarkerModels: no visible global function definition for
     ‘registerDoMC’
    saveMarkerModels: no visible global function definition for ‘%dopar%’
    saveMarkerModels: no visible global function definition for ‘foreach’
    start.plot: no visible global function definition for ‘emf’
Flavors: r-devel-linux-x86_64-debian-clang, r-devel-linux-x86_64-debian-gcc, r-devel-linux-x86_64-fedora-clang, r-devel-linux-x86_64-fedora-gcc, r-devel-osx-x86_64-clang, r-devel-windows-ix86+x86_64

Version: 1.0
Check: package dependencies
Result: NOTE
    Packages suggested but not available for checking: 'doMC' 'RSvgDevice'
Flavor: r-devel-windows-ix86+x86_64

Version: 1.0
Check: package dependencies
Result: NOTE
    Package suggested but not available for checking: 'doMC'
Flavors: r-release-windows-ix86+x86_64, r-oldrel-windows-ix86+x86_64

Version: 1.0
Check: R code for possible problems
Result: NOTE
    saveMarkerModels: no visible global function definition for
     'registerDoMC'
Flavors: r-release-windows-ix86+x86_64, r-oldrel-windows-ix86+x86_64