CRAN Package Check Results for Package fitTetra

Last updated on 2014-07-28 08:48:53.

Flavor Version Tinstall Tcheck Ttotal Status Flags
r-devel-linux-x86_64-debian-clang 1.0 0.63 20.98 21.62 OK
r-devel-linux-x86_64-debian-gcc 1.0 0.65 20.94 21.59 OK
r-devel-linux-x86_64-fedora-clang 1.0 32.43 OK
r-devel-linux-x86_64-fedora-gcc 1.0 30.75 OK
r-devel-osx-x86_64-clang 1.0 37.70 OK
r-devel-windows-ix86+x86_64 1.0 2.00 32.00 34.00 NOTE
r-patched-linux-x86_64 1.0 0.63 21.10 21.73 OK
r-patched-solaris-sparc 1.0 189.30 OK
r-patched-solaris-x86 1.0 43.60 OK
r-release-linux-ix86 1.0 1.05 27.91 28.96 OK
r-release-linux-x86_64 1.0 0.64 21.54 22.18 OK
r-release-osx-x86_64-mavericks 1.0 OK
r-release-windows-ix86+x86_64 1.0 3.00 30.00 33.00 NOTE
r-oldrel-windows-ix86+x86_64 1.0 3.00 34.00 37.00 NOTE

Check Details

Version: 1.0
Check: package dependencies
Result: NOTE
    Packages suggested but not available for checking: 'doMC' 'RSvgDevice'
Flavor: r-devel-windows-ix86+x86_64

Version: 1.0
Check: R code for possible problems
Result: NOTE
    saveMarkerModels: no visible global function definition for
     'registerDoMC'
Flavors: r-devel-windows-ix86+x86_64, r-release-windows-ix86+x86_64, r-oldrel-windows-ix86+x86_64

Version: 1.0
Check: package dependencies
Result: NOTE
    Package suggested but not available for checking: 'doMC'
Flavors: r-release-windows-ix86+x86_64, r-oldrel-windows-ix86+x86_64