CRAN Package Check Results for Package fitTetra

Last updated on 2014-04-19 11:48:50.

Flavor Version Tinstall Tcheck Ttotal Status Flags
r-devel-linux-x86_64-debian-clang 1.0 0.70 21.58 22.28 OK
r-devel-linux-x86_64-debian-gcc 1.0 0.67 21.93 22.60 OK
r-devel-linux-x86_64-fedora-clang 1.0 33.87 OK
r-devel-linux-x86_64-fedora-gcc 1.0 32.19 OK
r-devel-macosx-x86_64-clang 1.0 35.34 OK
r-devel-macosx-x86_64-gcc 1.0 NOTE
r-devel-windows-ix86+x86_64 1.0 2.00 30.00 32.00 NOTE
r-patched-linux-x86_64 1.0 0.67 21.74 22.41 OK
r-patched-solaris-sparc 1.0 189.30 OK
r-patched-solaris-x86 1.0 43.80 OK
r-release-linux-ix86 1.0 2.00 39.00 41.00 OK
r-release-linux-x86_64 1.0 0.66 21.79 22.45 OK
r-release-windows-ix86+x86_64 1.0 3.00 33.00 36.00 NOTE
r-oldrel-windows-ix86+x86_64 1.0 3.00 32.00 35.00 NOTE

Check Details

Version: 1.0
Check: package dependencies
Result: NOTE
    Packages suggested but not available for checking: ‘doMC’ ‘foreach’
Flavor: r-devel-macosx-x86_64-gcc

Version: 1.0
Check: R code for possible problems
Result: NOTE
    saveMarkerModels: no visible global function definition for
     ‘registerDoMC’
    saveMarkerModels: no visible global function definition for ‘%dopar%’
    saveMarkerModels: no visible global function definition for ‘foreach’
Flavor: r-devel-macosx-x86_64-gcc

Version: 1.0
Check: package dependencies
Result: NOTE
    Packages suggested but not available for checking: 'doMC' 'RSvgDevice'
Flavor: r-devel-windows-ix86+x86_64

Version: 1.0
Check: R code for possible problems
Result: NOTE
    saveMarkerModels: no visible global function definition for
     'registerDoMC'
Flavors: r-devel-windows-ix86+x86_64, r-release-windows-ix86+x86_64, r-oldrel-windows-ix86+x86_64

Version: 1.0
Check: package dependencies
Result: NOTE
    Package suggested but not available for checking: 'doMC'
Flavors: r-release-windows-ix86+x86_64, r-oldrel-windows-ix86+x86_64