CRAN Package Check Results for Package fitTetra

Last updated on 2015-01-25 23:52:10.

Flavor Version Tinstall Tcheck Ttotal Status Flags
r-devel-linux-x86_64-debian-clang 1.0 0.67 20.83 21.50 NOTE
r-devel-linux-x86_64-debian-gcc 1.0 0.65 20.84 21.49 NOTE
r-devel-linux-x86_64-fedora-clang 1.0 33.89 NOTE
r-devel-linux-x86_64-fedora-gcc 1.0 31.18 NOTE
r-devel-osx-x86_64-clang 1.0 39.01 NOTE
r-devel-windows-ix86+x86_64 1.0 4.00 35.00 39.00 NOTE
r-patched-linux-x86_64 1.0 0.72 21.37 22.09 NOTE
r-patched-solaris-sparc 1.0 177.10 NOTE
r-patched-solaris-x86 1.0 44.10 NOTE
r-release-linux-ix86 1.0 1.04 27.99 29.03 NOTE
r-release-linux-x86_64 1.0 0.90 21.25 22.15 NOTE
r-release-osx-x86_64-mavericks 1.0 NOTE
r-release-windows-ix86+x86_64 1.0 3.00 32.00 35.00 NOTE
r-oldrel-windows-ix86+x86_64 1.0 3.00 48.00 51.00 NOTE

Check Details

Version: 1.0
Check: package dependencies
Result: NOTE
    Package suggested but not available for checking: ‘devEMF’
Flavors: r-devel-linux-x86_64-debian-clang, r-devel-linux-x86_64-debian-gcc, r-devel-linux-x86_64-fedora-clang, r-devel-linux-x86_64-fedora-gcc, r-devel-osx-x86_64-clang, r-patched-linux-x86_64, r-patched-solaris-sparc, r-patched-solaris-x86, r-release-linux-ix86, r-release-linux-x86_64

Version: 1.0
Check: dependencies in R code
Result: NOTE
    'library' or 'require' calls in package code:
     ‘devEMF’ ‘doMC’ ‘foreach’ ‘grDevices’
     Please use :: or requireNamespace() instead.
     See section 'Suggested packages' in the 'Writing R Extensions' manual.
Flavors: r-devel-linux-x86_64-debian-clang, r-devel-linux-x86_64-debian-gcc, r-devel-linux-x86_64-fedora-clang, r-devel-linux-x86_64-fedora-gcc, r-devel-osx-x86_64-clang, r-devel-windows-ix86+x86_64

Version: 1.0
Check: R code for possible problems
Result: NOTE
    saveMarkerModels: no visible global function definition for
     ‘registerDoMC’
    saveMarkerModels: no visible global function definition for ‘%dopar%’
    saveMarkerModels: no visible global function definition for ‘foreach’
    start.plot: no visible global function definition for ‘emf’
Flavors: r-devel-linux-x86_64-debian-clang, r-devel-linux-x86_64-debian-gcc, r-devel-linux-x86_64-fedora-clang, r-devel-linux-x86_64-fedora-gcc, r-devel-osx-x86_64-clang, r-devel-windows-ix86+x86_64, r-patched-linux-x86_64, r-patched-solaris-sparc, r-patched-solaris-x86, r-release-linux-ix86, r-release-linux-x86_64, r-release-osx-x86_64-mavericks, r-release-windows-ix86+x86_64

Version: 1.0
Check: package dependencies
Result: NOTE
    Packages suggested but not available for checking: 'doMC' 'RSvgDevice'
Flavor: r-devel-windows-ix86+x86_64

Version: 1.0
Check: package dependencies
Result: NOTE
    Package suggested but not available for checking: 'doMC'
Flavors: r-release-windows-ix86+x86_64, r-oldrel-windows-ix86+x86_64

Version: 1.0
Check: R code for possible problems
Result: NOTE
    saveMarkerModels: no visible global function definition for
     'registerDoMC'
Flavor: r-oldrel-windows-ix86+x86_64