CRAN Package Check Results for Package fitTetra

Last updated on 2015-07-07 11:48:07.

Flavor Version Tinstall Tcheck Ttotal Status Flags
r-devel-linux-x86_64-debian-clang 1.0 0.61 19.51 20.12 NOTE
r-devel-linux-x86_64-debian-gcc 1.0 0.60 19.84 20.44 NOTE
r-devel-linux-x86_64-fedora-clang 1.0 27.71 NOTE
r-devel-linux-x86_64-fedora-gcc 1.0 26.92 NOTE
r-devel-osx-x86_64-clang 1.0 32.45 NOTE
r-devel-windows-ix86+x86_64 1.0 4.00 43.00 47.00 NOTE
r-patched-linux-x86_64 1.0 0.62 20.85 21.48 NOTE
r-patched-solaris-sparc 1.0 209.50 NOTE
r-patched-solaris-x86 1.0 40.30 NOTE
r-release-linux-x86_64 1.0 0.67 20.03 20.70 NOTE
r-release-osx-x86_64-mavericks 1.0 NOTE
r-release-windows-ix86+x86_64 1.0 4.00 30.00 34.00 NOTE
r-oldrel-windows-ix86+x86_64 1.0 2.00 48.00 50.00 NOTE

Check Details

Version: 1.0
Check: dependencies in R code
Result: NOTE
    'library' or 'require' calls in package code:
     ‘devEMF’ ‘doMC’ ‘foreach’ ‘grDevices’
     Please use :: or requireNamespace() instead.
     See section 'Suggested packages' in the 'Writing R Extensions' manual.
Flavors: r-devel-linux-x86_64-debian-clang, r-devel-linux-x86_64-debian-gcc, r-devel-linux-x86_64-fedora-clang, r-devel-linux-x86_64-fedora-gcc, r-devel-osx-x86_64-clang, r-devel-windows-ix86+x86_64, r-patched-linux-x86_64, r-patched-solaris-sparc, r-patched-solaris-x86, r-release-linux-x86_64, r-release-osx-x86_64-mavericks, r-release-windows-ix86+x86_64, r-oldrel-windows-ix86+x86_64

Version: 1.0
Check: R code for possible problems
Result: NOTE
    ClusterInit: no visible global function definition for ‘kmeans’
    ClusterInit: no visible binding for global variable ‘dnorm’
    EMGaussExp.vectorized: no visible global function definition for
     ‘dnorm’
    EMGaussMix: no visible global function definition for ‘hist’
    EMMax.mu.ratiodist: no visible global function definition for ‘nls’
    EMMax.mu.ratiodist: no visible global function definition for ‘predict’
    EMMax.p: no visible binding for global variable ‘weighted.mean’
    EMMax.p.HW: no visible binding for global variable ‘weighted.mean’
    EMMax.sd.const: no visible global function definition for
     ‘weighted.mean’
    MarkerResult: no visible global function definition for ‘hist’
    MarkerResult: no visible binding for global variable ‘sd’
    PlotHistDensity: no visible global function definition for ‘hist’
    PlotHistDensity: no visible global function definition for ‘barplot’
    PlotHistDensity: no visible global function definition for ‘axis’
    PlotHistDensity: no visible global function definition for ‘lines’
    PlotHistDensity: no visible global function definition for ‘dnorm’
    PlotHistDensity: no visible global function definition for ‘integrate’
    PlotHistDensity: no visible global function definition for ‘points’
    dnormasr: no visible global function definition for ‘dnorm’
    dnormlogit: no visible global function definition for ‘dnorm’
    errorplot: no visible global function definition for ‘plot’
    errorplot: no visible global function definition for ‘text’
    fitOneDist: no visible global function definition for ‘sd’
    fitOneDist: no visible binding for global variable ‘dnorm’
    fitTetra: no visible global function definition for ‘runif’
    fitTetra: no visible global function definition for ‘hist’
    fitTetra: no visible global function definition for ‘layout’
    fitTetra: no visible global function definition for ‘par’
    fitTetra: no visible global function definition for ‘barplot’
    fitTetra: no visible global function definition for ‘lines’
    fitTetra: no visible global function definition for ‘points’
    fitTetra: no visible global function definition for ‘axis’
    loglikf: no visible binding for global variable ‘dnorm’
    save.plot: no visible global function definition for ‘dev.off’
    saveMarkerModels: no visible global function definition for
     ‘registerDoMC’
    saveMarkerModels: no visible global function definition for ‘%dopar%’
    saveMarkerModels: no visible global function definition for ‘foreach’
    saveMarkerModels: no visible global function definition for
     ‘read.table’
    saveMarkerModels: no visible global function definition for
     ‘write.table’
    start.plot: no visible global function definition for ‘pdf’
    start.plot: no visible global function definition for ‘png’
    start.plot: no visible global function definition for ‘emf’
    start.plot: no visible global function definition for ‘svg’
    start.plot: no visible global function definition for ‘layout’
    wmean: no visible global function definition for ‘weighted.mean’
    wmean2: no visible global function definition for ‘weighted.mean’
    write.files: no visible global function definition for ‘write.table’
    Undefined global functions or variables:
     %dopar% axis barplot dev.off dnorm emf foreach hist integrate kmeans
     layout lines nls par pdf plot png points predict read.table
     registerDoMC runif sd svg text weighted.mean write.table
Flavors: r-devel-linux-x86_64-debian-clang, r-devel-linux-x86_64-debian-gcc, r-devel-linux-x86_64-fedora-clang, r-devel-linux-x86_64-fedora-gcc, r-devel-windows-ix86+x86_64

Version: 1.0
Check: R code for possible problems
Result: NOTE
    saveMarkerModels: no visible global function definition for
     ‘registerDoMC’
    saveMarkerModels: no visible global function definition for ‘%dopar%’
    saveMarkerModels: no visible global function definition for ‘foreach’
    start.plot: no visible global function definition for ‘emf’
    Undefined global functions or variables:
     %dopar% emf foreach registerDoMC
Flavor: r-devel-osx-x86_64-clang

Version: 1.0
Check: package dependencies
Result: NOTE
    Packages suggested but not available for checking: 'doMC' 'RSvgDevice'
Flavors: r-devel-windows-ix86+x86_64, r-release-windows-ix86+x86_64

Version: 1.0
Check: R code for possible problems
Result: NOTE
    saveMarkerModels: no visible global function definition for
     ‘registerDoMC’
    saveMarkerModels: no visible global function definition for ‘%dopar%’
    saveMarkerModels: no visible global function definition for ‘foreach’
    start.plot: no visible global function definition for ‘emf’
Flavors: r-patched-linux-x86_64, r-patched-solaris-sparc, r-patched-solaris-x86, r-release-linux-x86_64, r-release-osx-x86_64-mavericks, r-release-windows-ix86+x86_64, r-oldrel-windows-ix86+x86_64

Version: 1.0
Check: package dependencies
Result: NOTE
    Package suggested but not available for checking: 'doMC'
Flavor: r-oldrel-windows-ix86+x86_64