CRAN Package Check Results for Package fitbitViz

Last updated on 2021-11-30 00:51:29 CET.

Flavor Version Tinstall Tcheck Ttotal Status Flags
r-devel-linux-x86_64-debian-clang 1.0.2 33.81 335.19 369.00 OK
r-devel-linux-x86_64-debian-gcc 1.0.2 30.01 248.32 278.33 OK
r-devel-linux-x86_64-fedora-clang 1.0.2 450.88 NOTE
r-devel-linux-x86_64-fedora-gcc 1.0.2 441.31 OK
r-devel-windows-x86_64-new-UL 1.0.2 58.00 377.00 435.00 NOTE
r-devel-windows-x86_64-new-TK 1.0.2 OK
r-devel-windows-x86_64-old 1.0.2 148.00 282.00 430.00 NOTE
r-patched-linux-x86_64 1.0.2 34.31 320.05 354.36 OK
r-patched-solaris-x86 1.0.2 654.70 WARN
r-release-linux-x86_64 1.0.2 30.73 319.62 350.35 OK
r-release-macos-arm64 1.0.2 NOTE
r-release-macos-x86_64 1.0.2 WARN
r-release-windows-ix86+x86_64 1.0.2 85.00 367.00 452.00 NOTE
r-oldrel-macos-x86_64 1.0.2 WARN
r-oldrel-windows-ix86+x86_64 1.0.2 63.00 286.00 349.00 NOTE

Check Details

Version: 1.0.2
Check: package dependencies
Result: NOTE
    Imports includes 25 non-default packages.
    Importing from so many packages makes the package vulnerable to any of
    them becoming unavailable. Move as many as possible to Suggests and
    use conditionally.
Flavor: r-devel-linux-x86_64-fedora-clang

Version: 1.0.2
Check: installed package size
Result: NOTE
     installed size is 5.6Mb
     sub-directories of 1Mb or more:
     doc 4.4Mb
Flavors: r-devel-linux-x86_64-fedora-clang, r-devel-windows-x86_64-new-UL, r-devel-windows-x86_64-old, r-patched-solaris-x86, r-release-macos-arm64, r-release-macos-x86_64, r-release-windows-ix86+x86_64, r-oldrel-macos-x86_64, r-oldrel-windows-ix86+x86_64

Version: 1.0.2
Check: re-building of vignette outputs
Result: WARN
    Error(s) in re-building vignettes:
     ...
    --- re-building ‘fitbit_viz.Rmd’ using rmarkdown
    Pandoc is required to build R Markdown vignettes but not available. Please make sure it is installed.
    Quitting from lines 157-173 (fitbit_viz.Rmd)
    Error: processing vignette 'fitbit_viz.Rmd' failed with diagnostics:
    there is no package called 'webshot'
    --- failed re-building ‘fitbit_viz.Rmd’
    
    SUMMARY: processing the following file failed:
     ‘fitbit_viz.Rmd’
    
    Error: Vignette re-building failed.
    Execution halted
Flavor: r-patched-solaris-x86

Version: 1.0.2
Check: re-building of vignette outputs
Result: WARN
    Error(s) in re-building vignettes:
     ...
    --- re-building ‘fitbit_viz.Rmd’ using rmarkdown
    Warning in engine$weave(file, quiet = quiet, encoding = enc) :
     Pandoc (>= 1.12.3) not available. Falling back to R Markdown v1.
    PhantomJS not found. You can install it with webshot::install_phantomjs(). If it is installed, please make sure the phantomjs executable can be found via the PATH variable.
    PhantomJS not found. You can install it with webshot::install_phantomjs(). If it is installed, please make sure the phantomjs executable can be found via the PATH variable.
    Quitting from lines 157-173 (fitbit_viz.Rmd)
    Error: processing vignette 'fitbit_viz.Rmd' failed with diagnostics:
    invalid 'path' argument
    --- failed re-building ‘fitbit_viz.Rmd’
    
    SUMMARY: processing the following file failed:
     ‘fitbit_viz.Rmd’
    
    Error: Vignette re-building failed.
    Execution halted
Flavors: r-release-macos-x86_64, r-oldrel-macos-x86_64