CRAN Package Check Results for Package fitdistrplus

Last updated on 2017-10-22 22:48:46.

Flavor Version Tinstall Tcheck Ttotal Status Flags
r-devel-linux-x86_64-debian-clang 1.0-9 3.01 241.69 244.70 OK
r-devel-linux-x86_64-debian-gcc 1.0-9 3.80 246.49 250.28 OK
r-devel-linux-x86_64-fedora-clang 1.0-9 520.80 OK
r-devel-linux-x86_64-fedora-gcc 1.0-9 514.69 OK
r-devel-windows-ix86+x86_64 1.0-9 7.00 393.00 400.00 ERROR
r-patched-linux-x86_64 1.0-9 3.10 247.55 250.64 OK
r-patched-solaris-x86 1.0-9 623.60 OK
r-release-linux-x86_64 1.0-9 3.00 245.21 248.21 OK
r-release-windows-ix86+x86_64 1.0-9 11.00 417.00 428.00 OK
r-release-osx-x86_64 1.0-9 OK
r-oldrel-windows-ix86+x86_64 1.0-9 9.00 451.00 460.00 OK
r-oldrel-osx-x86_64 1.0-9 OK

Check Details

Version: 1.0-9
Check: tests
Result: ERROR
     Running 't-CIcdfplot.R' [6s]
     Running 't-bootdist.R' [21s]
     Running 't-bootdistcens.R' [5s]
     Running 't-cdfcomp.R' [15s]
     Running 't-cdfcompcens.R' [3s]
     Running 't-cvg-algo.R' [4s]
     Running 't-denscomp.R' [12s]
     Running 't-descdist.R' [3s]
     Running 't-detectbound.R' [2s]
     Running 't-fitbench.R' [10s]
     Running 't-fitdist-customoptim.R' [2s]
     Running 't-fitdist.R' [17s]
     Running 't-fitdistcens.R' [8s]
     Running 't-gofstat.R' [2s]
     Running 't-llplot.R' [7s]
     Running 't-lnL-surf.R' [4s]
     Running 't-logLik-vcov-coef.R' [2s]
     Running 't-mgedist.R' [3s]
     Running 't-mledist.R' [2s]
     Running 't-mmedist.R' [4s]
     Running 't-parallel.R' [2s]
     Running 't-plotdist.R' [2s]
     Running 't-plotdistcens.R' [2s]
     Running 't-ppcomp.R' [10s]
     Running 't-prefit.R' [3s]
     Running 't-qme-discrete.R' [7s]
     Running 't-qmedist.R' [6s]
     Running 't-qqcomp.R' [14s]
     Running 't-quantiledist.R' [3s]
     Running 't-startingvalues.R' [3s]
    Running the tests in 'tests/t-fitdist-customoptim.R' failed.
    Last 13 lines of output:
     > fitdist(x, "exp", lower= 2, optim.method="L-BFGS-B")
     Fitting of the distribution ' exp ' by maximum likelihood
     Parameters:
     estimate Std. Error
     rate 2 0.06324554
     >
     > #two parameter example
     > x <- rbeta(100, pi, 1/pi)
     >
     > fitdist(x, "beta")
     <simpleError in optim(par = vstart, fn = fnobj, fix.arg = fix.arg, obs = data, gr = gradient, ddistnam = ddistname, hessian = TRUE, method = meth, lower = lower, upper = upper, ...): function cannot be evaluated at initial parameters>
     Error in fitdist(x, "beta") :
     the function mle failed to estimate the parameters,
     with the error code 100
     Execution halted
Flavor: r-devel-windows-ix86+x86_64