CRAN Package Check Results for Package fitdistrplus

Last updated on 2016-05-02 19:49:30.

Flavor Version Tinstall Tcheck Ttotal Status Flags
r-devel-linux-x86_64-debian-gcc 1.0-6 2.97 125.41 128.38 OK
r-devel-linux-x86_64-fedora-clang 1.0-6 254.01 OK
r-devel-linux-x86_64-fedora-gcc 1.0-6 240.58 OK
r-devel-osx-x86_64-clang 1.0-6 244.83 OK
r-devel-windows-ix86+x86_64 1.0-6 9.00 221.00 230.00 OK
r-patched-linux-x86_64 1.0-6 3.00 123.73 126.73 OK
r-patched-solaris-sparc 1.0-6 1012.50 OK
r-patched-solaris-x86 1.0-6 296.60 OK
r-release-linux-x86_64 1.0-6 3.28 143.04 146.32 OK
r-release-osx-x86_64-mavericks 1.0-6 OK
r-release-windows-ix86+x86_64 1.0-6 12.00 293.00 305.00 OK
r-oldrel-windows-ix86+x86_64 1.0-5 8.00 62.00 70.00 ERROR

Check Details

Version: 1.0-5
Check: R code for possible problems
Result: NOTE
    mmedist: no visible global function definition for 'get0'
Flavor: r-oldrel-windows-ix86+x86_64

Version: 1.0-5
Check: tests
Result: ERROR
    Running the tests in 'tests/bootdist.R' failed.
    Last 13 lines of output:
     + }
     Loading required package: actuar
    
     Attaching package: 'actuar'
    
     The following object is masked from 'package:grDevices':
    
     cm
    
     Error in mmedist(data, distname, start = start, fix.arg = fix.arg, ...) :
     could not find function "get0"
     Calls: fitdist -> mmedist
     Execution halted
Flavor: r-oldrel-windows-ix86+x86_64