CRAN Package Check Results for Package fitdistrplus

Last updated on 2014-04-24 07:52:27.

Flavor Version Tinstall Tcheck Ttotal Status Flags
r-devel-linux-x86_64-debian-clang 1.0-2 1.17 82.07 83.24 OK
r-devel-linux-x86_64-debian-gcc 1.0-2 1.10 83.60 84.70 OK
r-devel-linux-x86_64-fedora-clang 1.0-2 163.31 OK
r-devel-linux-x86_64-fedora-gcc 1.0-2 167.98 OK
r-devel-osx-x86_64-clang 1.0-2 110.13 OK
r-devel-osx-x86_64-gcc 1.0-2 OK
r-devel-windows-ix86+x86_64 1.0-2 4.00 115.00 119.00 OK
r-patched-linux-x86_64 1.0-2 1.10 84.94 86.04 OK
r-patched-solaris-sparc 1.0-2 971.70 OK
r-patched-solaris-x86 1.0-2 180.30 OK
r-release-linux-ix86 1.0-2 2.00 127.00 129.00 OK
r-release-linux-x86_64 1.0-2 1.10 84.46 85.56 OK
r-release-osx-x86_64-mavericks 1.0-2 WARN
r-release-osx-x86_64-snowleopard 1.0-2 OK
r-release-windows-ix86+x86_64 1.0-2 4.00 120.00 124.00 OK
r-oldrel-windows-ix86+x86_64 1.0-2 4.00 124.00 128.00 OK

Check Details

Version: 1.0-2
Check: PDF version of manual
Result: WARNING
    LaTeX errors when creating PDF version.
    This typically indicates Rd problems.
    LaTeX errors found:
    ! LaTeX Error: File `upquote.sty' not found.
    
    Type X to quit or <RETURN> to proceed,
    or enter new name. (Default extension: sty)
    
    2f5ca5da/Rd2.tex:8: ==> Fatal error occurred, no output PDF file produced!
Flavor: r-release-osx-x86_64-mavericks