CRAN Package Check Results for Package fitdistrplus

Last updated on 2015-09-04 14:46:59.

Flavor Version Tinstall Tcheck Ttotal Status Flags
r-devel-linux-x86_64-debian-clang 1.0-4 0.99 107.05 108.04 NOTE
r-devel-linux-x86_64-debian-gcc 1.0-4 0.94 110.66 111.61 NOTE
r-devel-linux-x86_64-fedora-clang 1.0-4 212.00 NOTE
r-devel-linux-x86_64-fedora-gcc 1.0-4 212.44 NOTE
r-devel-osx-x86_64-clang 1.0-4 154.32 OK
r-devel-windows-ix86+x86_64 1.0-4 4.00 233.00 237.00 NOTE
r-patched-linux-x86_64 1.0-4 1.10 110.94 112.04 OK
r-patched-solaris-sparc 1.0-4 1351.30 OK
r-patched-solaris-x86 1.0-4 242.70 OK
r-release-linux-x86_64 1.0-4 1.00 111.34 112.34 OK
r-release-osx-x86_64-mavericks 1.0-4 OK
r-release-windows-ix86+x86_64 1.0-4 6.00 181.00 187.00 OK
r-oldrel-windows-ix86+x86_64 1.0-4 8.00 220.00 228.00 OK

Check Details

Version: 1.0-4
Check: R code for possible problems
Result: NOTE
    cdfcomp: no visible global function definition for ‘plot’
    cdfcomp: no visible global function definition for ‘segments’
    cdfcomp: no visible global function definition for ‘lines’
    cdfcomp: no visible global function definition for ‘abline’
    cdfcomp: no visible global function definition for ‘legend’
    cdfcompcens: no visible global function definition for ‘plot’
    cdfcompcens : plot.fti: no visible global function definition for
     ‘lines’
    cdfcompcens: no visible global function definition for ‘abline’
    cdfcompcens: no visible global function definition for ‘legend’
    denscomp: no visible global function definition for ‘hist’
    denscomp: no visible global function definition for ‘lines’
    denscomp: no visible global function definition for ‘legend’
    descdist: no visible global function definition for ‘plot’
    descdist: no visible global function definition for ‘axis’
    descdist: no visible global function definition for ‘polygon’
    descdist: no visible global function definition for ‘lines’
    descdist: no visible global function definition for ‘legend’
    descdist: no visible global function definition for ‘points’
    plot.bootdist: no visible global function definition for ‘stripchart’
    plot.bootdist: no visible global function definition for ‘plot’
    plot.bootdistcens: no visible global function definition for
     ‘stripchart’
    plot.bootdistcens: no visible global function definition for ‘plot’
    plotdist: no visible global function definition for ‘par’
    plotdist: no visible global function definition for ‘hist’
    plotdist: no visible global function definition for ‘lines’
    plotdist: no visible global function definition for ‘plot’
    plotdist: no visible global function definition for ‘legend’
    plotdist: no visible global function definition for ‘abline’
    plotdist: no visible global function definition for ‘points’
    plotdistcens: no visible global function definition for ‘par’
    plotdistcens: no visible global function definition for ‘plot’
    plotdistcens : plotlcens: no visible global function definition for
     ‘lines’
    plotdistcens : plotnoricens: no visible global function definition for
     ‘lines’
    plotdistcens : plotnoricens: no visible global function definition for
     ‘points’
    plotdistcens : plotrcens: no visible global function definition for
     ‘lines’
    plotdistcens: no visible global function definition for ‘lines’
    ppcomp: no visible global function definition for ‘plot’
    ppcomp: no visible global function definition for ‘points’
    ppcomp: no visible global function definition for ‘abline’
    ppcomp: no visible global function definition for ‘legend’
    qqcomp: no visible global function definition for ‘plot’
    qqcomp: no visible global function definition for ‘points’
    qqcomp: no visible global function definition for ‘abline’
    qqcomp: no visible global function definition for ‘legend’
    Undefined global functions or variables:
     abline axis hist legend lines par plot points polygon segments
     stripchart
    Consider adding
     importFrom("graphics", "abline", "axis", "hist", "legend", "lines",
     "par", "plot", "points", "polygon", "segments",
     "stripchart")
    to your NAMESPACE.
Flavors: r-devel-linux-x86_64-debian-clang, r-devel-linux-x86_64-debian-gcc, r-devel-linux-x86_64-fedora-clang, r-devel-linux-x86_64-fedora-gcc, r-devel-windows-ix86+x86_64