CRAN Package Check Results for Package fitdistrplus

Last updated on 2014-12-18 23:47:49.

Flavor Version Tinstall Tcheck Ttotal Status Flags
r-devel-linux-x86_64-debian-clang 1.0-3 1.12 113.64 114.76 OK
r-devel-linux-x86_64-debian-gcc 1.0-3 1.04 113.11 114.15 OK
r-devel-linux-x86_64-fedora-clang 1.0-3 229.34 OK
r-devel-linux-x86_64-fedora-gcc 1.0-3 208.77 OK
r-devel-osx-x86_64-clang 1.0-3 165.01 OK
r-devel-windows-ix86+x86_64 1.0-3 7.00 167.00 174.00 OK
r-patched-linux-x86_64 1.0-3 1.08 122.55 123.63 OK
r-patched-solaris-sparc 1.0-3 1325.70 OK
r-patched-solaris-x86 1.0-3 261.50 OK
r-release-linux-ix86 1.0-3 1.51 203.24 204.74 OK
r-release-linux-x86_64 1.0-3 1.08 121.94 123.02 OK
r-release-osx-x86_64-mavericks 1.0-3 NOTE
r-release-osx-x86_64-snowleopard 1.0-3 OK
r-release-windows-ix86+x86_64 1.0-3 4.00 173.00 177.00 OK
r-oldrel-windows-ix86+x86_64 1.0-3 4.00 227.00 231.00 OK

Check Details

Version: 1.0-3
Check: re-building of vignette outputs
Result: NOTE
    Error in re-building vignettes:
     ...
     NaNs produced
    Warning in dgamma(c(30, 10, 20, 24, 20, 24, 40, 20, 50, 30, 26, 44, 25, :
     NaNs produced
    Warning in dgamma(c(30, 10, 20, 24, 20, 24, 40, 20, 50, 30, 26, 44, 25, :
     NaNs produced
    Warning in dgamma(c(30, 10, 20, 24, 20, 24, 40, 20, 50, 30, 26, 44, 25, :
     NaNs produced
    Warning in genoud(fn, starting.values = par, ...) :
     Stopped because hard maximum generation limit was hit.
    Warning in dnbinom(c(0L, 0L, 0L, 0L, 0L, 0L, 0L, 0L, 0L, 0L, 0L, 0L, 0L, :
     NaNs produced
    Warning in dnbinom(c(0L, 0L, 0L, 0L, 0L, 0L, 0L, 0L, 0L, 0L, 0L, 0L, 0L, :
     NaNs produced
    Error in texi2dvi(file = file, pdf = TRUE, clean = clean, quiet = quiet, :
     Running 'texi2dvi' on 'paper2JSS.tex' failed.
    LaTeX errors:
    ! LaTeX Error: File `wrapfig.sty' not found.
    
    Type X to quit or <RETURN> to proceed,
    or enter new name. (Default extension: sty)
    
    /vign_test/fitdistrplus/vignettes/paper2JSS.tex:30: ==> Fatal error occurred,
    no output PDF file produced!
    Calls: buildVignettes -> texi2pdf -> texi2dvi
    Execution halted
Flavor: r-release-osx-x86_64-mavericks