CRAN Package Check Results for Package fitdistrplus

Last updated on 2016-02-06 07:47:52.

Flavor Version Tinstall Tcheck Ttotal Status Flags
r-devel-linux-x86_64-debian-gcc 1.0-6 1.15 83.97 85.12 OK
r-devel-linux-x86_64-fedora-clang 1.0-6 171.50 OK
r-devel-linux-x86_64-fedora-gcc 1.0-6 163.64 OK
r-devel-osx-x86_64-clang 1.0-6 152.19 OK
r-devel-windows-ix86+x86_64 1.0-6 6.00 143.00 149.00 OK
r-patched-linux-x86_64 1.0-6 1.30 99.91 101.21 OK
r-patched-solaris-sparc 1.0-6 1180.60 OK
r-patched-solaris-x86 1.0-6 217.50 OK
r-release-linux-x86_64 1.0-6 1.24 99.09 100.33 OK
r-release-osx-x86_64-mavericks 1.0-6 OK
r-release-windows-ix86+x86_64 1.0-6 6.00 174.00 180.00 OK
r-oldrel-windows-ix86+x86_64 1.0-5 8.00 62.00 70.00 ERROR

Check Details

Version: 1.0-5
Check: R code for possible problems
Result: NOTE
    mmedist: no visible global function definition for 'get0'
Flavor: r-oldrel-windows-ix86+x86_64

Version: 1.0-5
Check: tests
Result: ERROR
    Running the tests in 'tests/bootdist.R' failed.
    Last 13 lines of output:
     + }
     Loading required package: actuar
    
     Attaching package: 'actuar'
    
     The following object is masked from 'package:grDevices':
    
     cm
    
     Error in mmedist(data, distname, start = start, fix.arg = fix.arg, ...) :
     could not find function "get0"
     Calls: fitdist -> mmedist
     Execution halted
Flavor: r-oldrel-windows-ix86+x86_64