Last updated on 2023-12-09 07:49:31 CET.
Flavor | Version | Tinstall | Tcheck | Ttotal | Status | Flags |
---|---|---|---|---|---|---|
r-devel-linux-x86_64-debian-clang | 0.1.0 | 6.39 | 61.32 | 67.71 | OK | |
r-devel-linux-x86_64-debian-gcc | 0.1.0 | 6.20 | 46.09 | 52.29 | OK | |
r-devel-linux-x86_64-fedora-clang | 0.1.0 | 85.49 | NOTE | |||
r-devel-linux-x86_64-fedora-gcc | 0.1.0 | 79.38 | OK | |||
r-devel-windows-x86_64 | 0.1.0 | 8.00 | 65.00 | 73.00 | OK | |
r-patched-linux-x86_64 | 0.1.0 | 6.91 | 58.93 | 65.84 | OK | |
r-release-linux-x86_64 | 0.1.0 | 5.19 | 57.31 | 62.50 | OK | |
r-release-macos-arm64 | 0.1.0 | 29.00 | OK | |||
r-release-macos-x86_64 | 0.1.0 | 39.00 | OK | |||
r-release-windows-x86_64 | 0.1.0 | 10.00 | 71.00 | 81.00 | OK | |
r-oldrel-macos-arm64 | 0.1.0 | 24.00 | OK | |||
r-oldrel-macos-x86_64 | 0.1.0 | 39.00 | OK | |||
r-oldrel-windows-x86_64 | 0.1.0 | 12.00 | 75.00 | 87.00 | OK |
Version: 0.1.0
Check: Rd cross-references
Result: NOTE
Undeclared package ‘ks’ in Rd xrefs
Flavor: r-devel-linux-x86_64-fedora-clang