CRAN Package Check Results for Package fitteR

Last updated on 2019-06-25 09:50:43 CEST.

Flavor Version Tinstall Tcheck Ttotal Status Flags
r-devel-linux-x86_64-debian-clang 0.1.0 5.88 57.97 63.85 NOTE
r-devel-linux-x86_64-debian-gcc 0.1.0 4.68 44.98 49.66 NOTE
r-devel-linux-x86_64-fedora-clang 0.1.0 71.95 NOTE
r-devel-linux-x86_64-fedora-gcc 0.1.0 74.82 NOTE
r-devel-windows-ix86+x86_64 0.1.0 25.00 68.00 93.00 OK
r-patched-linux-x86_64 0.1.0 5.88 56.06 61.94 NOTE
r-patched-solaris-x86 0.1.0 110.10 NOTE
r-release-linux-x86_64 0.1.0 5.53 56.66 62.19 NOTE
r-release-windows-ix86+x86_64 0.1.0 11.00 109.00 120.00 OK
r-release-osx-x86_64 0.1.0 NOTE
r-oldrel-windows-ix86+x86_64 0.1.0 6.00 58.00 64.00 OK
r-oldrel-osx-x86_64 0.1.0 NOTE

Check Details

Version: 0.1.0
Check: package dependencies
Result: NOTE
    Package suggested but not available for checking: 'ExtDist'
Flavors: r-devel-linux-x86_64-debian-clang, r-devel-linux-x86_64-debian-gcc, r-devel-linux-x86_64-fedora-clang, r-devel-linux-x86_64-fedora-gcc, r-patched-linux-x86_64, r-patched-solaris-x86, r-release-linux-x86_64, r-release-osx-x86_64, r-oldrel-osx-x86_64