CRAN Package Check Results for Package fitteR

Last updated on 2019-01-22 11:52:09 CET.

Flavor Version Tinstall Tcheck Ttotal Status Flags
r-devel-linux-x86_64-debian-clang 0.1.0 3.81 58.67 62.48 NOTE
r-devel-linux-x86_64-debian-gcc 0.1.0 3.10 45.31 48.41 NOTE
r-devel-linux-x86_64-fedora-clang 0.1.0 69.28 NOTE
r-devel-linux-x86_64-fedora-gcc 0.1.0 70.76 NOTE
r-devel-windows-ix86+x86_64 0.1.0 10.00 81.00 91.00 OK
r-patched-linux-x86_64 0.1.0 3.50 53.80 57.30 NOTE
r-patched-solaris-x86 0.1.0 101.00 NOTE
r-release-linux-x86_64 0.1.0 2.82 52.80 55.62 NOTE
r-release-windows-ix86+x86_64 0.1.0 10.00 121.00 131.00 OK
r-release-osx-x86_64 0.1.0 NOTE
r-oldrel-windows-ix86+x86_64 0.1.0 12.00 95.00 107.00 OK
r-oldrel-osx-x86_64 0.1.0 OK

Check Details

Version: 0.1.0
Check: package dependencies
Result: NOTE
    Package suggested but not available for checking: ‘ExtDist’
Flavors: r-devel-linux-x86_64-debian-clang, r-devel-linux-x86_64-debian-gcc, r-devel-linux-x86_64-fedora-clang, r-devel-linux-x86_64-fedora-gcc, r-patched-linux-x86_64, r-patched-solaris-x86, r-release-linux-x86_64, r-release-osx-x86_64