CRAN Package Check Results for Package fitteR

Last updated on 2019-03-23 15:47:51 CET.

Flavor Version Tinstall Tcheck Ttotal Status Flags
r-devel-linux-x86_64-debian-clang 0.1.0 4.57 55.91 60.48 NOTE
r-devel-linux-x86_64-debian-gcc 0.1.0 4.38 43.25 47.63 NOTE
r-devel-linux-x86_64-fedora-clang 0.1.0 71.71 NOTE
r-devel-linux-x86_64-fedora-gcc 0.1.0 67.08 NOTE
r-devel-windows-ix86+x86_64 0.1.0 19.00 96.00 115.00 OK
r-patched-linux-x86_64 0.1.0 3.26 53.24 56.50 NOTE
r-patched-solaris-x86 0.1.0 103.80 NOTE
r-release-linux-x86_64 0.1.0 0.32 1.94 2.26 ERROR
r-release-windows-ix86+x86_64 0.1.0 10.00 64.00 74.00 OK
r-release-osx-x86_64 0.1.0 NOTE
r-oldrel-windows-ix86+x86_64 0.1.0 14.00 96.00 110.00 OK
r-oldrel-osx-x86_64 0.1.0 OK

Check Details

Version: 0.1.0
Check: package dependencies
Result: NOTE
    Package suggested but not available for checking: 'ExtDist'
Flavors: r-devel-linux-x86_64-debian-clang, r-devel-linux-x86_64-debian-gcc, r-devel-linux-x86_64-fedora-clang, r-devel-linux-x86_64-fedora-gcc, r-patched-linux-x86_64, r-patched-solaris-x86, r-release-linux-x86_64, r-release-osx-x86_64

Version: 0.1.0
Check: whether package can be installed
Result: ERROR
    Installation failed.
Flavor: r-release-linux-x86_64