Last updated on 2022-07-07 09:50:52 CEST.
Flavor | Version | Tinstall | Tcheck | Ttotal | Status | Flags |
---|---|---|---|---|---|---|
r-devel-linux-x86_64-debian-clang | 0.6.2 | 7.30 | 91.56 | 98.86 | OK | |
r-devel-linux-x86_64-debian-gcc | 0.6.2 | 5.59 | 67.79 | 73.38 | OK | |
r-devel-linux-x86_64-fedora-clang | 0.6.2 | 125.24 | NOTE | |||
r-devel-linux-x86_64-fedora-gcc | 0.6.2 | 124.15 | NOTE | |||
r-devel-windows-x86_64 | 0.6.2 | 20.00 | 130.00 | 150.00 | OK | |
r-patched-linux-x86_64 | 0.6.2 | 7.01 | 83.54 | 90.55 | OK | |
r-release-linux-x86_64 | 0.6.2 | 6.66 | 84.68 | 91.34 | OK | |
r-release-macos-arm64 | 0.6.2 | 37.00 | NOTE | |||
r-release-macos-x86_64 | 0.6.2 | 77.00 | NOTE | |||
r-release-windows-x86_64 | 0.6.2 | 21.00 | 131.00 | 152.00 | OK | |
r-oldrel-macos-arm64 | 0.6.2 | 47.00 | NOTE | |||
r-oldrel-macos-x86_64 | 0.6.2 | 52.00 | NOTE | |||
r-oldrel-windows-ix86+x86_64 | 0.6.2 | 19.00 | 112.00 | 131.00 | OK |
Version: 0.6.2
Check: dependencies in R code
Result: NOTE
Namespace in Imports field not imported from: ‘rstudioapi’
All declared Imports should be used.
Flavors: r-devel-linux-x86_64-fedora-clang, r-devel-linux-x86_64-fedora-gcc, r-release-macos-arm64, r-release-macos-x86_64, r-oldrel-macos-arm64, r-oldrel-macos-x86_64