CRAN Package Check Results for Package fixedpointproperty

Last updated on 2024-03-03 06:09:23 CET.

Flavor Version Tinstall Tcheck Ttotal Status Flags
r-devel-linux-x86_64-debian-clang 1.0 9.78 95.10 104.88 OK
r-devel-linux-x86_64-debian-gcc 1.0 8.14 71.55 79.69 OK
r-devel-linux-x86_64-fedora-clang 1.0 134.74 OK
r-devel-linux-x86_64-fedora-gcc 1.0 124.66 OK
r-devel-windows-x86_64 1.0 10.00 84.00 94.00 OK
r-patched-linux-x86_64 1.0 11.83 93.33 105.16 OK
r-release-linux-x86_64 1.0 11.37 93.69 105.06 OK
r-release-macos-arm64 1.0 45.00 OK
r-release-macos-x86_64 1.0 108.00 OK
r-release-windows-x86_64 1.0 12.00 99.00 111.00 OK
r-oldrel-macos-arm64 1.0 41.00 NOTE
r-oldrel-windows-x86_64 1.0 12.00 101.00 113.00 NOTE

Check Details

Version: 1.0
Check: S3 generic/method consistency
Result: NOTE Found the following apparent S3 methods exported but not registered: plot.fpp See section ‘Registering S3 methods’ in the ‘Writing R Extensions’ manual. Flavors: r-oldrel-macos-arm64, r-oldrel-windows-x86_64