CRAN Package Check Results for Package flair

Last updated on 2022-07-07 09:50:52 CEST.

Flavor Version Tinstall Tcheck Ttotal Status Flags
r-devel-linux-x86_64-debian-clang 0.0.2 4.16 40.02 44.18 NOTE
r-devel-linux-x86_64-debian-gcc 0.0.2 3.37 31.87 35.24 NOTE
r-devel-linux-x86_64-fedora-clang 0.0.2 64.67 NOTE
r-devel-linux-x86_64-fedora-gcc 0.0.2 63.91 NOTE
r-devel-windows-x86_64 0.0.2 19.00 73.00 92.00 NOTE
r-patched-linux-x86_64 0.0.2 4.48 38.93 43.41 NOTE
r-release-linux-x86_64 0.0.2 3.50 39.20 42.70 NOTE
r-release-macos-arm64 0.0.2 23.00 NOTE
r-release-macos-x86_64 0.0.2 40.00 NOTE
r-release-windows-x86_64 0.0.2 20.00 70.00 90.00 NOTE
r-oldrel-macos-arm64 0.0.2 24.00 NOTE
r-oldrel-macos-x86_64 0.0.2 38.00 NOTE
r-oldrel-windows-ix86+x86_64 0.0.2 10.00 60.00 70.00 NOTE

Check Details

Version: 0.0.2
Check: LazyData
Result: NOTE
     'LazyData' is specified without a 'data' directory
Flavors: r-devel-linux-x86_64-debian-clang, r-devel-linux-x86_64-debian-gcc, r-devel-linux-x86_64-fedora-clang, r-devel-linux-x86_64-fedora-gcc, r-devel-windows-x86_64, r-patched-linux-x86_64, r-release-linux-x86_64, r-release-macos-arm64, r-release-macos-x86_64, r-release-windows-x86_64, r-oldrel-macos-arm64, r-oldrel-macos-x86_64, r-oldrel-windows-ix86+x86_64

Version: 0.0.2
Check: dependencies in R code
Result: NOTE
    Namespaces in Imports field not imported from:
     ‘dplyr’ ‘evaluate’ ‘ggplot2’
     All declared Imports should be used.
Flavors: r-devel-linux-x86_64-fedora-clang, r-devel-linux-x86_64-fedora-gcc, r-release-macos-arm64, r-release-macos-x86_64, r-oldrel-macos-arm64, r-oldrel-macos-x86_64