CRAN Package Check Results for Package flam

Last updated on 2018-02-25 21:55:57 CET.

Flavor Version Tinstall Tcheck Ttotal Status Flags
r-devel-linux-x86_64-debian-clang 3.1 17.03 43.55 60.58 NOTE
r-devel-linux-x86_64-debian-gcc 3.1 12.38 32.36 44.74 NOTE
r-devel-linux-x86_64-fedora-clang 3.1 77.42 NOTE
r-devel-linux-x86_64-fedora-gcc 3.1 70.57 NOTE
r-devel-windows-ix86+x86_64 3.1 41.00 103.00 144.00 OK
r-patched-linux-x86_64 3.1 14.91 43.79 58.70 NOTE
r-patched-solaris-x86 3.1 82.60 OK
r-release-linux-x86_64 3.1 13.85 43.40 57.25 NOTE
r-release-windows-ix86+x86_64 3.1 30.00 106.00 136.00 OK
r-release-osx-x86_64 3.1 OK
r-oldrel-windows-ix86+x86_64 3.1 43.00 61.00 104.00 OK
r-oldrel-osx-x86_64 3.1 OK

Check Details

Version: 3.1
Check: compiled code
Result: NOTE
    File ‘flam/libs/flam.so’:
     Found no calls to: ‘R_registerRoutines’, ‘R_useDynamicSymbols’
    
    It is good practice to register native routines and to disable symbol
    search.
    
    See ‘Writing portable packages’ in the ‘Writing R Extensions’ manual.
Flavors: r-devel-linux-x86_64-debian-clang, r-devel-linux-x86_64-debian-gcc, r-devel-linux-x86_64-fedora-clang, r-devel-linux-x86_64-fedora-gcc, r-patched-linux-x86_64, r-release-linux-x86_64