CRAN Package Check Results for Package flam

Last updated on 2024-03-05 13:49:33 CET.

Flavor Version Tinstall Tcheck Ttotal Status Flags
r-devel-linux-x86_64-debian-clang 3.2 24.87 57.53 82.40 NOTE
r-devel-linux-x86_64-debian-gcc 3.2 18.61 43.46 62.07 NOTE
r-devel-linux-x86_64-fedora-clang 3.2 113.02 NOTE
r-devel-linux-x86_64-fedora-gcc 3.2 105.21 NOTE
r-devel-windows-x86_64 3.2 20.00 81.00 101.00 NOTE
r-patched-linux-x86_64 3.2 27.56 57.27 84.83 OK
r-release-linux-x86_64 3.2 26.92 57.31 84.23 OK
r-release-macos-arm64 3.2 32.00 OK
r-release-macos-x86_64 3.2 52.00 OK
r-release-windows-x86_64 3.2 19.00 92.00 111.00 OK
r-oldrel-macos-arm64 3.2 31.00 OK
r-oldrel-windows-x86_64 3.2 25.00 93.00 118.00 OK

Check Details

Version: 3.2
Check: Rd files
Result: NOTE checkRd: (-1) summary.flamcv.rd:8: Lost braces 8 | This function summarizes a call to code{\link{flamCV}} and identifies the tuning parameter chosen by cross-validation. | ^ Flavors: r-devel-linux-x86_64-debian-clang, r-devel-linux-x86_64-debian-gcc, r-devel-linux-x86_64-fedora-clang, r-devel-linux-x86_64-fedora-gcc, r-devel-windows-x86_64