CRAN Package Check Results for Package flam

Last updated on 2017-12-13 15:48:19 CET.

Flavor Version Tinstall Tcheck Ttotal Status Flags
r-devel-linux-x86_64-debian-clang 3.1 12.41 43.79 56.20 NOTE
r-devel-linux-x86_64-debian-gcc 3.1 11.39 34.46 45.85 NOTE
r-devel-linux-x86_64-fedora-clang 3.1 71.25 NOTE
r-devel-linux-x86_64-fedora-gcc 3.1 68.36 NOTE
r-devel-windows-ix86+x86_64 3.1 48.00 78.00 126.00 OK
r-patched-linux-x86_64 3.1 12.67 43.94 56.61 NOTE
r-patched-solaris-x86 3.1 82.50 OK
r-release-linux-x86_64 3.1 12.90 43.79 56.69 NOTE
r-release-windows-ix86+x86_64 3.1 33.00 115.00 148.00 OK
r-release-osx-x86_64 3.1 OK
r-oldrel-windows-ix86+x86_64 3.1 45.00 84.00 129.00 OK
r-oldrel-osx-x86_64 3.1 OK

Check Details

Version: 3.1
Check: compiled code
Result: NOTE
    File ‘flam/libs/flam.so’:
     Found no calls to: ‘R_registerRoutines’, ‘R_useDynamicSymbols’
    
    It is good practice to register native routines and to disable symbol
    search.
    
    See ‘Writing portable packages’ in the ‘Writing R Extensions’ manual.
Flavors: r-devel-linux-x86_64-debian-clang, r-devel-linux-x86_64-debian-gcc, r-devel-linux-x86_64-fedora-clang, r-devel-linux-x86_64-fedora-gcc, r-patched-linux-x86_64, r-release-linux-x86_64