CRAN Package Check Results for Package flam

Last updated on 2017-10-19 06:47:00.

Flavor Version Tinstall Tcheck Ttotal Status Flags
r-devel-linux-x86_64-debian-clang 3.1 9.78 28.44 38.22 NOTE
r-devel-linux-x86_64-debian-gcc 3.1 10.71 27.41 38.12 NOTE
r-devel-linux-x86_64-fedora-clang 3.1 73.97 NOTE
r-devel-linux-x86_64-fedora-gcc 3.1 71.14 NOTE
r-devel-windows-ix86+x86_64 3.1 28.00 78.00 106.00 OK
r-patched-linux-x86_64 3.1 10.28 27.54 37.82 NOTE
r-patched-solaris-x86 3.1 82.30 OK
r-release-linux-x86_64 3.1 9.86 28.07 37.92 NOTE
r-release-windows-ix86+x86_64 3.1 41.00 75.00 116.00 OK
r-release-osx-x86_64 3.1 OK
r-oldrel-windows-ix86+x86_64 3.1 43.00 83.00 126.00 OK
r-oldrel-osx-x86_64 3.1 OK

Check Details

Version: 3.1
Check: compiled code
Result: NOTE
    File ‘flam/libs/flam.so’:
     Found no calls to: ‘R_registerRoutines’, ‘R_useDynamicSymbols’
    
    It is good practice to register native routines and to disable symbol
    search.
    
    See ‘Writing portable packages’ in the ‘Writing R Extensions’ manual.
Flavors: r-devel-linux-x86_64-debian-clang, r-devel-linux-x86_64-debian-gcc, r-devel-linux-x86_64-fedora-clang, r-devel-linux-x86_64-fedora-gcc, r-patched-linux-x86_64, r-release-linux-x86_64